{"id":85414,"date":"2023-08-11T13:26:08","date_gmt":"2023-08-11T16:26:08","guid":{"rendered":"http:\/\/www.apucarana.pr.gov.br\/site\/?page_id=85414"},"modified":"2025-05-07T09:45:08","modified_gmt":"2025-05-07T12:45:08","slug":"mapa-do-site","status":"publish","type":"page","link":"https:\/\/www.apucarana.pr.gov.br\/site\/mapa-do-site\/","title":{"rendered":"Mapa do Site"},"content":{"rendered":"\t\t<div data-elementor-type=\"wp-page\" data-elementor-id=\"85414\" class=\"elementor elementor-85414\">\n\t\t\t\t\t\t\t\t\t<section class=\"elementor-section elementor-top-section elementor-element elementor-element-0694b6c elementor-section-boxed elementor-section-height-default elementor-section-height-default\" data-id=\"0694b6c\" data-element_type=\"section\" data-settings=\"{&quot;jet_parallax_layout_list&quot;:[]}\">\n\t\t\t\t\t\t<div class=\"elementor-container elementor-column-gap-default\">\n\t\t\t\t\t<div class=\"elementor-column elementor-col-100 elementor-top-column elementor-element elementor-element-125d880\" data-id=\"125d880\" data-element_type=\"column\">\n\t\t\t<div class=\"elementor-widget-wrap elementor-element-populated\">\n\t\t\t\t\t\t\t\t<div class=\"elementor-element elementor-element-a07381c carta-de-servicos-accordion elementor-widget elementor-widget-jet-accordion\" data-id=\"a07381c\" data-element_type=\"widget\" data-widget_type=\"jet-accordion.default\">\n\t\t\t\t<div class=\"elementor-widget-container\">\n\t\t\t\t\t<div class=\"jet-accordion\" data-settings=\"{&quot;collapsible&quot;:false,&quot;ajaxTemplate&quot;:false,&quot;switchScrolling&quot;:false,&quot;switchScrollingOffset&quot;:0}\" role=\"tablist\">\n\t\t\t<div class=\"jet-accordion__inner\">\n\t\t\t\t<div class=\"jet-accordion__item jet-toggle jet-toggle-fade-effect active-toggle\">\n\t\t\t\t\t\t\t<div id=\"jet-toggle-control-1681\" class=\"jet-toggle__control elementor-menu-anchor\" data-toggle=\"1\" role=\"tab\" tabindex=\"0\" aria-controls=\"jet-toggle-content-1681\" aria-expanded=\"true\" data-template-id=\"false\">\n\t\t\t\t\t\t\t\t<div class=\"jet-toggle__label-icon jet-toggle-icon-position-left\"><span class=\"jet-toggle__icon icon-normal jet-tabs-icon\"><i class=\"fas fa-folder-open\"><\/i><\/span><span class=\"jet-toggle__icon icon-active jet-tabs-icon\"><i class=\"fas fa-folder-open\"><\/i><\/span><\/div><div class=\"jet-toggle__label-text\">Apucarana<\/div>\t\t\t\t\t\t\t<\/div>\n\t\t\t\t\t\t\t<div id=\"jet-toggle-content-1681\" class=\"jet-toggle__content\" data-toggle=\"1\" role=\"tabpanel\" data-template-id=\"false\">\n\t\t\t\t\t\t\t\t<div class=\"jet-toggle__content-inner\"><ul><li><a href=\"https:\/\/apucarana.atende.net\/?pg=transparencia#!\/\" target=\"_blank\" rel=\"noopener\">Transpar\u00eancia<\/a><\/li><li><a href=\"\/site\/carta-de-servicos\/ouvidoria\/\">Ouvidoria<\/a><\/li><li><a href=\"\/site\/carta-de-servicos\/acesso-a-informacao\/\">Acesso \u00e0 Informa\u00e7\u00e3o<\/a><\/li><li><a href=\"https:\/\/radardatransparencia.atricon.org.br\/\" target=\"_blank\" rel=\"noopener\">Radar da Transpar\u00eancia P\u00fablica<\/a><\/li><li><a href=\"https:\/\/apucarana.atende.net\/diariooficial\/edicao\" target=\"_blank\" rel=\"noopener\">Di\u00e1rio Oficial<\/a><\/li><li><a href=\"https:\/\/www.visiteapucarana.com.br\/\" target=\"_blank\" rel=\"noopener\">Turismo<\/a><\/li><li><a href=\"https:\/\/www.apucarana.pr.gov.br\/saladoempreendedor\/\" target=\"_blank\" rel=\"noopener\">Sala do Empreendedor<\/a><\/li><li><a href=\"https:\/\/compra.apucarana.pr.gov.br\/\" target=\"_blank\" rel=\"noopener\">Compra Apucarana<\/a><\/li><li><a href=\"\/site\/fale-com-o-prefeito\/\">Fale com o Prefeito<\/a><\/li><li><a href=\"\/site\/telefones-uteis\/\">Telefone \u00dateis<\/a><\/li><\/ul><\/div>\n\t\t\t\t\t\t\t<\/div>\n\t\t\t\t\t\t<\/div><div class=\"jet-accordion__item jet-toggle jet-toggle-fade-effect active-toggle\">\n\t\t\t\t\t\t\t<div id=\"jet-toggle-control-1682\" class=\"jet-toggle__control elementor-menu-anchor\" data-toggle=\"2\" role=\"tab\" tabindex=\"0\" aria-controls=\"jet-toggle-content-1682\" aria-expanded=\"true\" data-template-id=\"false\">\n\t\t\t\t\t\t\t\t<div class=\"jet-toggle__label-icon jet-toggle-icon-position-left\"><span class=\"jet-toggle__icon icon-normal jet-tabs-icon\"><i class=\"fas fa-folder-open\"><\/i><\/span><span class=\"jet-toggle__icon icon-active jet-tabs-icon\"><i class=\"fas fa-folder-open\"><\/i><\/span><\/div><div class=\"jet-toggle__label-text\">Servi\u00e7os<\/div>\t\t\t\t\t\t\t<\/div>\n\t\t\t\t\t\t\t<div id=\"jet-toggle-content-1682\" class=\"jet-toggle__content\" data-toggle=\"2\" role=\"tabpanel\" data-template-id=\"false\">\n\t\t\t\t\t\t\t\t<div class=\"jet-toggle__content-inner\"><ul><li><a href=\"\/site\/protocolo\/\">Abertura de Protocolo<\/a><\/li><li><a href=\"https:\/\/apucarana.atende.net\/transparencia\/item\/agenda\" target=\"_blank\" rel=\"noopener\">Licita\u00e7\u00f5es<\/a><\/li><li><a href=\"https:\/\/apucarana.atende.net\/autoatendimento\/servicos\/guias-de-iptu\/detalhar\/1\" target=\"_blank\" rel=\"noopener\">IPTU<\/a><\/li><li><a href=\"\/site\/vagas-de-emprego\/\">Vagas de Emprego<\/a><\/li><li><a href=\"http:\/\/sys.apucarana.pr.gov.br\/apucarana-pr\/FWLocal\/editais_concursos\/?concurso=1prefeitura\" target=\"_blank\" rel=\"noopener\">Concursos<\/a><\/li><li><a href=\"\/site\/manual-de-integracao-nfs-e\/\">Nota Fiscal e Escrita Fiscal<\/a><\/li><li><a href=\"https:\/\/apucarana.atende.net\/autoatendimento\/servicos\/e-obituarios\/detalhar\/1\" target=\"_blank\" rel=\"noopener\">Falecimentos<\/a><\/li><li><a href=\"https:\/\/apucarana.atende.net\/autoatendimento\/servicos\/certidao-negativa-de-debitos\/detalhar\/1\" target=\"_blank\" rel=\"noopener\">Certid\u00e3o Negativa<\/a><\/li><li><a href=\"https:\/\/apucarana.atende.net\/autoatendimento\/servicos\/guias-de-issalvara\/detalhar\/1\" target=\"_blank\" rel=\"noopener\">Guia de ISS\/Alvar\u00e1<\/a><\/li><li><a href=\"https:\/\/apucarana.consultacidadao.com.br\/\" target=\"_blank\" rel=\"noopener\">Regulariza\u00e7\u00e3o Zona Azul<\/a><\/li><li><a href=\"\/site\/carta-de-servicos-cidadao\/\">Todos os Servi\u00e7os<\/a><\/li><\/ul><\/div>\n\t\t\t\t\t\t\t<\/div>\n\t\t\t\t\t\t<\/div><div class=\"jet-accordion__item jet-toggle jet-toggle-fade-effect active-toggle\">\n\t\t\t\t\t\t\t<div id=\"jet-toggle-control-1683\" class=\"jet-toggle__control elementor-menu-anchor\" data-toggle=\"3\" role=\"tab\" tabindex=\"0\" aria-controls=\"jet-toggle-content-1683\" aria-expanded=\"true\" data-template-id=\"false\">\n\t\t\t\t\t\t\t\t<div class=\"jet-toggle__label-icon jet-toggle-icon-position-left\"><span class=\"jet-toggle__icon icon-normal jet-tabs-icon\"><i class=\"fas fa-folder-open\"><\/i><\/span><span class=\"jet-toggle__icon icon-active jet-tabs-icon\"><i class=\"fas fa-folder-open\"><\/i><\/span><\/div><div class=\"jet-toggle__label-text\">Gabinete<\/div>\t\t\t\t\t\t\t<\/div>\n\t\t\t\t\t\t\t<div id=\"jet-toggle-content-1683\" class=\"jet-toggle__content\" data-toggle=\"3\" role=\"tabpanel\" data-template-id=\"false\">\n\t\t\t\t\t\t\t\t<div class=\"jet-toggle__content-inner\"><ul><li><a href=\"\/site\/orgaos-da-administracao\/gabinete\/\">Gabinete do Prefeito<\/a><\/li><\/ul><\/div>\n\t\t\t\t\t\t\t<\/div>\n\t\t\t\t\t\t<\/div><div class=\"jet-accordion__item jet-toggle jet-toggle-fade-effect active-toggle\">\n\t\t\t\t\t\t\t<div id=\"jet-toggle-control-1684\" class=\"jet-toggle__control elementor-menu-anchor\" data-toggle=\"4\" role=\"tab\" tabindex=\"0\" aria-controls=\"jet-toggle-content-1684\" aria-expanded=\"true\" data-template-id=\"false\">\n\t\t\t\t\t\t\t\t<div class=\"jet-toggle__label-icon jet-toggle-icon-position-left\"><span class=\"jet-toggle__icon icon-normal jet-tabs-icon\"><i class=\"fas fa-folder-open\"><\/i><\/span><span class=\"jet-toggle__icon icon-active jet-tabs-icon\"><i class=\"fas fa-folder-open\"><\/i><\/span><\/div><div class=\"jet-toggle__label-text\">Secretarias<\/div>\t\t\t\t\t\t\t<\/div>\n\t\t\t\t\t\t\t<div id=\"jet-toggle-content-1684\" class=\"jet-toggle__content\" data-toggle=\"4\" role=\"tabpanel\" data-template-id=\"false\">\n\t\t\t\t\t\t\t\t<div class=\"jet-toggle__content-inner\"><ul><li><a href=\"\/site\/orgaos-da-administracao\/agricultura\/\">Secretaria de Agricultura<\/a><\/li><li><a href=\"\/site\/orgaos-da-administracao\/assistencia-social\/\">Secretaria de Assist\u00eancia Social<\/a><\/li><li><a href=\"\/site\/orgaos-da-administracao\/controle-interno\/\">Controle Interno<\/a><\/li><li><a href=\"\/site\/orgaos-da-administracao\/esportes\/\">Secretaria de Esportes<\/a><\/li><li><a href=\"\/site\/orgaos-da-administracao\/fazenda\/\">Secretaria da Fazenda<\/a><\/li><li><a href=\"\/site\/orgaos-da-administracao\/gestao-publica\/\">Secretaria de Gest\u00e3o P\u00fablica<\/a><\/li><li><a href=\"\/site\/orgaos-da-administracao\/industria-comercio-e-emprego\/\">Secretaria de Ind\u00fastria, Com\u00e9rcio e Emprego<\/a><\/li><li><a href=\"\/site\/orgaos-da-administracao\/instituto-de-pesquisa-e-planejamento\/\">Instituto de Desenvolvimento, Pesquisa e Planejamento de Apucarana (IDEPPLAN)<\/a><\/li><li><a href=\"\/site\/orgaos-da-administracao\/meio-ambiente\/\">Secretaria do Meio Ambiente (SEMA)<\/a><\/li><li><a href=\"\/site\/orgaos-da-administracao\/mulher-e-assuntos-da-familia\/\">Secretaria da Mulher e Assuntos da Fam\u00edlia<\/a><\/li><li><a href=\"\/site\/orgaos-da-administracao\/obras\/\">Secretaria de Obras<\/a><\/li><li><a href=\"\/site\/orgaos-da-administracao\/promocao-artistica-cultural-e-turistica\/\">Secretaria de Promo\u00e7\u00e3o Art\u00edstica, Cultural e Tur\u00edstica<\/a><\/li><li><a href=\"\/site\/orgaos-da-administracao\/servicos-publicos\/\">Secretaria de Servi\u00e7os P\u00fablicos<\/a><\/li><\/ul><\/div>\n\t\t\t\t\t\t\t<\/div>\n\t\t\t\t\t\t<\/div><div class=\"jet-accordion__item jet-toggle jet-toggle-fade-effect active-toggle\">\n\t\t\t\t\t\t\t<div id=\"jet-toggle-control-1685\" class=\"jet-toggle__control elementor-menu-anchor\" data-toggle=\"5\" role=\"tab\" tabindex=\"0\" aria-controls=\"jet-toggle-content-1685\" aria-expanded=\"true\" data-template-id=\"false\">\n\t\t\t\t\t\t\t\t<div class=\"jet-toggle__label-icon jet-toggle-icon-position-left\"><span class=\"jet-toggle__icon icon-normal jet-tabs-icon\"><i class=\"fas fa-folder-open\"><\/i><\/span><span class=\"jet-toggle__icon icon-active jet-tabs-icon\"><i class=\"fas fa-folder-open\"><\/i><\/span><\/div><div class=\"jet-toggle__label-text\">Autarquias<\/div>\t\t\t\t\t\t\t<\/div>\n\t\t\t\t\t\t\t<div id=\"jet-toggle-content-1685\" class=\"jet-toggle__content\" data-toggle=\"5\" role=\"tabpanel\" data-template-id=\"false\">\n\t\t\t\t\t\t\t\t<div class=\"jet-toggle__content-inner\"><ul><li><a href=\"\/site\/orgaos-da-administracao\/autarquia-municipal-de-educacao\/\">Autarquia Municipal de Educa\u00e7\u00e3o<\/a><\/li><li><a href=\"\/site\/orgaos-da-administracao\/autarquia-municipal-de-saude\/\">Autarquia Municipal de Sa\u00fade<\/a><\/li><li><a href=\"\/site\/orgaos-da-administracao\/autarquia-de-servicos-funerarios\/\">Autarquia de Servi\u00e7os Funer\u00e1rios (ASERFA)<\/a><\/li><\/ul><\/div>\n\t\t\t\t\t\t\t<\/div>\n\t\t\t\t\t\t<\/div>\t\t\t\t\t\t\t\t<\/div>\n\t\t<\/div>\n\t\t\t\t<\/div>\n\t\t\t\t<\/div>\n\t\t\t\t\t<\/div>\n\t\t<\/div>\n\t\t\t\t\t\t\t<\/div>\n\t\t<\/section>\n\t\t\t\t\t\t\t<\/div>\n\t\t","protected":false},"excerpt":{"rendered":"<p>Apucarana Transpar&ecirc;ncia Ouvidoria Acesso &agrave; Informa&ccedil;&atilde;o Radar da Transpar&ecirc;ncia P&uacute;blica Di&aacute;rio Oficial Turismo Sala do Empreendedor Compra Apucarana Fale com o Prefeito Telefone &Uacute;teis Servi&ccedil;os Abertura de Protocolo Licita&ccedil;&otilde;es IPTU Vagas de Emprego Concursos Nota Fiscal e Escrita Fiscal Falecimentos Certid&atilde;o Negativa Guia de ISS\/Alvar&aacute; Regulariza&ccedil;&atilde;o Zona Azul Todos os Servi&ccedil;os Gabinete Gabinete do Prefeito [&hellip;]<\/p>\n","protected":false},"author":5,"featured_media":0,"parent":0,"menu_order":0,"comment_status":"closed","ping_status":"closed","template":"","meta":{"footnotes":""},"class_list":["post-85414","page","type-page","status-publish","hentry"],"acf":[],"_links":{"self":[{"href":"https:\/\/www.apucarana.pr.gov.br\/site\/wp-json\/wp\/v2\/pages\/85414","targetHints":{"allow":["GET"]}}],"collection":[{"href":"https:\/\/www.apucarana.pr.gov.br\/site\/wp-json\/wp\/v2\/pages"}],"about":[{"href":"https:\/\/www.apucarana.pr.gov.br\/site\/wp-json\/wp\/v2\/types\/page"}],"author":[{"embeddable":true,"href":"https:\/\/www.apucarana.pr.gov.br\/site\/wp-json\/wp\/v2\/users\/5"}],"replies":[{"embeddable":true,"href":"https:\/\/www.apucarana.pr.gov.br\/site\/wp-json\/wp\/v2\/comments?post=85414"}],"version-history":[{"count":5,"href":"https:\/\/www.apucarana.pr.gov.br\/site\/wp-json\/wp\/v2\/pages\/85414\/revisions"}],"predecessor-version":[{"id":112977,"href":"https:\/\/www.apucarana.pr.gov.br\/site\/wp-json\/wp\/v2\/pages\/85414\/revisions\/112977"}],"wp:attachment":[{"href":"https:\/\/www.apucarana.pr.gov.br\/site\/wp-json\/wp\/v2\/media?parent=85414"}],"curies":[{"name":"wp","href":"https:\/\/api.w.org\/{rel}","templated":true}]}}