{"id":83459,"date":"2023-07-07T10:54:54","date_gmt":"2023-07-07T13:54:54","guid":{"rendered":"http:\/\/www.apucarana.pr.gov.br\/site\/?page_id=83459"},"modified":"2025-01-08T10:37:51","modified_gmt":"2025-01-08T13:37:51","slug":"chamamentos-publicos-2023","status":"publish","type":"page","link":"https:\/\/www.apucarana.pr.gov.br\/site\/chamamentos-publicos-2023\/","title":{"rendered":"Chamamentos P\u00fablicos 2023"},"content":{"rendered":"\t\t<div data-elementor-type=\"wp-page\" data-elementor-id=\"83459\" class=\"elementor elementor-83459\">\n\t\t\t\t\t\t\t\t\t<section class=\"elementor-section elementor-top-section elementor-element elementor-element-8fc9875 elementor-section-boxed elementor-section-height-default elementor-section-height-default\" data-id=\"8fc9875\" data-element_type=\"section\" data-settings=\"{&quot;jet_parallax_layout_list&quot;:[{&quot;jet_parallax_layout_image&quot;:{&quot;url&quot;:&quot;&quot;,&quot;id&quot;:&quot;&quot;},&quot;_id&quot;:&quot;4dfac68&quot;,&quot;jet_parallax_layout_image_tablet&quot;:{&quot;url&quot;:&quot;&quot;,&quot;id&quot;:&quot;&quot;},&quot;jet_parallax_layout_image_mobile&quot;:{&quot;url&quot;:&quot;&quot;,&quot;id&quot;:&quot;&quot;},&quot;jet_parallax_layout_speed&quot;:{&quot;unit&quot;:&quot;%&quot;,&quot;size&quot;:50,&quot;sizes&quot;:[]},&quot;jet_parallax_layout_type&quot;:&quot;scroll&quot;,&quot;jet_parallax_layout_direction&quot;:null,&quot;jet_parallax_layout_fx_direction&quot;:null,&quot;jet_parallax_layout_z_index&quot;:&quot;&quot;,&quot;jet_parallax_layout_bg_x&quot;:50,&quot;jet_parallax_layout_bg_x_tablet&quot;:&quot;&quot;,&quot;jet_parallax_layout_bg_x_mobile&quot;:&quot;&quot;,&quot;jet_parallax_layout_bg_y&quot;:50,&quot;jet_parallax_layout_bg_y_tablet&quot;:&quot;&quot;,&quot;jet_parallax_layout_bg_y_mobile&quot;:&quot;&quot;,&quot;jet_parallax_layout_bg_size&quot;:&quot;auto&quot;,&quot;jet_parallax_layout_bg_size_tablet&quot;:&quot;&quot;,&quot;jet_parallax_layout_bg_size_mobile&quot;:&quot;&quot;,&quot;jet_parallax_layout_animation_prop&quot;:&quot;transform&quot;,&quot;jet_parallax_layout_on&quot;:[&quot;desktop&quot;,&quot;tablet&quot;]}]}\">\n\t\t\t\t\t\t<div class=\"elementor-container elementor-column-gap-default\">\n\t\t\t\t\t<div class=\"elementor-column elementor-col-50 elementor-top-column elementor-element elementor-element-4e5a678\" data-id=\"4e5a678\" data-element_type=\"column\">\n\t\t\t<div class=\"elementor-widget-wrap elementor-element-populated\">\n\t\t\t\t\t\t\t\t<div class=\"elementor-element elementor-element-ebafa29 elementor-widget elementor-widget-jet-custom-menu\" data-id=\"ebafa29\" data-element_type=\"widget\" data-widget_type=\"jet-custom-menu.default\">\n\t\t\t\t<div class=\"elementor-widget-container\">\n\t\t\t<div class=\"menu-chamamentos-publicos-container\"><div class=\"jet-custom-nav jet-custom-nav--dropdown-right-side jet-custom-nav--animation-fade\"><div class=\"menu-item menu-item-type-post_type menu-item-object-page jet-custom-nav__item jet-custom-nav__item-123348\"><a href=\"https:\/\/www.apucarana.pr.gov.br\/site\/chamamentos-publicos-2026\/\" class=\"jet-custom-nav__item-link\"><span class=\"jet-menu-link-text\"><span class=\"jet-custom-item-label top-level-label\">2026<\/span><\/span><\/a><\/div>\n<div class=\"menu-item menu-item-type-post_type menu-item-object-page jet-custom-nav__item jet-custom-nav__item-109485\"><a href=\"https:\/\/www.apucarana.pr.gov.br\/site\/chamamentos-publicos-2025\/\" class=\"jet-custom-nav__item-link\"><span class=\"jet-menu-link-text\"><span class=\"jet-custom-item-label top-level-label\">2025<\/span><\/span><\/a><\/div>\n<div class=\"menu-item menu-item-type-post_type menu-item-object-page jet-custom-nav__item jet-custom-nav__item-91711\"><a href=\"https:\/\/www.apucarana.pr.gov.br\/site\/chamamentos-publicos-2024\/\" class=\"jet-custom-nav__item-link\"><span class=\"jet-menu-link-text\"><span class=\"jet-custom-item-label top-level-label\">2024<\/span><\/span><\/a><\/div>\n<div class=\"menu-item menu-item-type-post_type menu-item-object-page jet-custom-nav__item jet-custom-nav__item-83461\"><a href=\"https:\/\/www.apucarana.pr.gov.br\/site\/chamamentos-publicos-2023\/\" class=\"jet-custom-nav__item-link\"><span class=\"jet-menu-link-text\"><span class=\"jet-custom-item-label top-level-label\">2023<\/span><\/span><\/a><\/div>\n<div class=\"menu-item menu-item-type-post_type menu-item-object-page jet-custom-nav__item jet-custom-nav__item-83462\"><a href=\"https:\/\/www.apucarana.pr.gov.br\/site\/chamamentos-publicos-2022\/\" class=\"jet-custom-nav__item-link\"><span class=\"jet-menu-link-text\"><span class=\"jet-custom-item-label top-level-label\">2022<\/span><\/span><\/a><\/div>\n<div class=\"menu-item menu-item-type-post_type menu-item-object-page jet-custom-nav__item jet-custom-nav__item-83463\"><a href=\"https:\/\/www.apucarana.pr.gov.br\/site\/chamamentos-publicos-2021\/\" class=\"jet-custom-nav__item-link\"><span class=\"jet-menu-link-text\"><span class=\"jet-custom-item-label top-level-label\">2021<\/span><\/span><\/a><\/div>\n<div class=\"menu-item menu-item-type-post_type menu-item-object-page jet-custom-nav__item jet-custom-nav__item-83464\"><a href=\"https:\/\/www.apucarana.pr.gov.br\/site\/chamamentos-publicos-2020\/\" class=\"jet-custom-nav__item-link\"><span class=\"jet-menu-link-text\"><span class=\"jet-custom-item-label top-level-label\">2020<\/span><\/span><\/a><\/div>\n<div class=\"menu-item menu-item-type-post_type menu-item-object-page jet-custom-nav__item jet-custom-nav__item-83465\"><a href=\"https:\/\/www.apucarana.pr.gov.br\/site\/chamamentos-publicos-2019\/\" class=\"jet-custom-nav__item-link\"><span class=\"jet-menu-link-text\"><span class=\"jet-custom-item-label top-level-label\">2019<\/span><\/span><\/a><\/div>\n<div class=\"menu-item menu-item-type-post_type menu-item-object-page jet-custom-nav__item jet-custom-nav__item-83466\"><a href=\"https:\/\/www.apucarana.pr.gov.br\/site\/chamamentos-publicos-2018\/\" class=\"jet-custom-nav__item-link\"><span class=\"jet-menu-link-text\"><span class=\"jet-custom-item-label top-level-label\">2018<\/span><\/span><\/a><\/div>\n<div class=\"menu-item menu-item-type-post_type menu-item-object-page jet-custom-nav__item jet-custom-nav__item-83467\"><a href=\"https:\/\/www.apucarana.pr.gov.br\/site\/chamamentos-publicos-2017\/\" class=\"jet-custom-nav__item-link\"><span class=\"jet-menu-link-text\"><span class=\"jet-custom-item-label top-level-label\">2017<\/span><\/span><\/a><\/div>\n<div class=\"menu-item menu-item-type-post_type menu-item-object-page jet-custom-nav__item jet-custom-nav__item-83468\"><a href=\"https:\/\/www.apucarana.pr.gov.br\/site\/chamamentos-publicos-2016\/\" class=\"jet-custom-nav__item-link\"><span class=\"jet-menu-link-text\"><span class=\"jet-custom-item-label top-level-label\">2016<\/span><\/span><\/a><\/div>\n<div class=\"menu-item menu-item-type-post_type menu-item-object-page jet-custom-nav__item jet-custom-nav__item-83469\"><a href=\"https:\/\/www.apucarana.pr.gov.br\/site\/chamamentos-publicos-2015\/\" class=\"jet-custom-nav__item-link\"><span class=\"jet-menu-link-text\"><span class=\"jet-custom-item-label top-level-label\">2015<\/span><\/span><\/a><\/div>\n<\/div><\/div>\t\t<\/div>\n\t\t\t\t<\/div>\n\t\t\t\t\t<\/div>\n\t\t<\/div>\n\t\t\t\t<div class=\"elementor-column elementor-col-50 elementor-top-column elementor-element elementor-element-a9bf7f6\" data-id=\"a9bf7f6\" data-element_type=\"column\">\n\t\t\t<div class=\"elementor-widget-wrap elementor-element-populated\">\n\t\t\t\t\t\t\t\t<div class=\"elementor-element elementor-element-cea8752 elementor-align-left elementor-widget elementor-widget-raven-heading\" data-id=\"cea8752\" data-element_type=\"widget\" data-widget_type=\"raven-heading.default\">\n\t\t\t\t<div class=\"elementor-widget-container\">\n\t\t\t\t\t<div class=\"raven-widget-wrapper\"><h2 class=\"raven-heading raven-heading-h2\"><span class=\"raven-heading-title\">Secretarias<\/span><\/h2><\/div>\n\t\t\t\t<\/div>\n\t\t\t\t<\/div>\n\t\t\t\t<div class=\"elementor-element elementor-element-4fb5ec5 carta-de-servicos-accordion elementor-widget elementor-widget-jet-accordion\" data-id=\"4fb5ec5\" data-element_type=\"widget\" data-widget_type=\"jet-accordion.default\">\n\t\t\t\t<div class=\"elementor-widget-container\">\n\t\t\t\t\t<div class=\"jet-accordion\" data-settings=\"{&quot;collapsible&quot;:false,&quot;ajaxTemplate&quot;:false,&quot;switchScrolling&quot;:false,&quot;switchScrollingOffset&quot;:0}\" role=\"tablist\">\n\t\t\t<div class=\"jet-accordion__inner\">\n\t\t\t\t<div class=\"jet-accordion__item jet-toggle jet-toggle-fade-effect \">\n\t\t\t\t\t\t\t<div id=\"jet-toggle-control-8351\" class=\"jet-toggle__control elementor-menu-anchor\" data-toggle=\"1\" role=\"tab\" tabindex=\"0\" aria-controls=\"jet-toggle-content-8351\" aria-expanded=\"false\" data-template-id=\"false\">\n\t\t\t\t\t\t\t\t<div class=\"jet-toggle__label-icon jet-toggle-icon-position-left\"><span class=\"jet-toggle__icon icon-normal jet-tabs-icon\"><i class=\"fas fa-briefcase-medical\"><\/i><\/span><span class=\"jet-toggle__icon icon-active jet-tabs-icon\"><i class=\"fas fa-briefcase-medical\"><\/i><\/span><\/div><div class=\"jet-toggle__label-text\">Autarquia Municipal de Sa\u00fade<\/div>\t\t\t\t\t\t\t<\/div>\n\t\t\t\t\t\t\t<div id=\"jet-toggle-content-8351\" class=\"jet-toggle__content\" data-toggle=\"1\" role=\"tabpanel\" data-template-id=\"false\">\n\t\t\t\t\t\t\t\t<div class=\"jet-toggle__content-inner\"><ul>\n \t<li><a href=\"\/site\/chamamentos-publicos-2024\/revogados\/\">REVOGADOS<\/a><\/li>\n<\/ul><\/div>\n\t\t\t\t\t\t\t<\/div>\n\t\t\t\t\t\t<\/div><div class=\"jet-accordion__item jet-toggle jet-toggle-fade-effect \">\n\t\t\t\t\t\t\t<div id=\"jet-toggle-control-8352\" class=\"jet-toggle__control elementor-menu-anchor\" data-toggle=\"2\" role=\"tab\" tabindex=\"0\" aria-controls=\"jet-toggle-content-8352\" aria-expanded=\"false\" data-template-id=\"false\">\n\t\t\t\t\t\t\t\t<div class=\"jet-toggle__label-icon jet-toggle-icon-position-left\"><span class=\"jet-toggle__icon icon-normal jet-tabs-icon\"><i class=\"fas fa-cross\"><\/i><\/span><span class=\"jet-toggle__icon icon-active jet-tabs-icon\"><i class=\"fas fa-cross\"><\/i><\/span><\/div><div class=\"jet-toggle__label-text\">Autarquia Municipal de Servi\u00e7os Funer\u00e1rios (ASERFA)<\/div>\t\t\t\t\t\t\t<\/div>\n\t\t\t\t\t\t\t<div id=\"jet-toggle-content-8352\" class=\"jet-toggle__content\" data-toggle=\"2\" role=\"tabpanel\" data-template-id=\"false\">\n\t\t\t\t\t\t\t\t<div class=\"jet-toggle__content-inner\"><ul><li><a href=\"\/site\/wp-content\/uploads\/2023\/08\/PLANILHA-CLASSIFICACAO-21-08.pdf\" target=\"_blank\" rel=\"noopener\">PLANILHA &#8211; CLASSIFICACAO &#8211; 21-08<\/a><\/li><li><a href=\"\/site\/wp-content\/uploads\/2023\/07\/CH-01-23.pdf\" target=\"_blank\" rel=\"noopener\">CH 01-23<\/a><\/li><li><a href=\"\/site\/wp-content\/uploads\/2023\/07\/CH-01-23-RESUMO.pdf\" target=\"_blank\" rel=\"noopener\">CH 01-23 &#8211; RESUMO<\/a><\/li><\/ul><\/div>\n\t\t\t\t\t\t\t<\/div>\n\t\t\t\t\t\t<\/div><div class=\"jet-accordion__item jet-toggle jet-toggle-fade-effect \">\n\t\t\t\t\t\t\t<div id=\"jet-toggle-control-8353\" class=\"jet-toggle__control elementor-menu-anchor\" data-toggle=\"3\" role=\"tab\" tabindex=\"0\" aria-controls=\"jet-toggle-content-8353\" aria-expanded=\"false\" data-template-id=\"false\">\n\t\t\t\t\t\t\t\t<div class=\"jet-toggle__label-icon jet-toggle-icon-position-left\"><span class=\"jet-toggle__icon icon-normal jet-tabs-icon\"><i class=\"fas fa-drafting-compass\"><\/i><\/span><span class=\"jet-toggle__icon icon-active jet-tabs-icon\"><i class=\"fas fa-drafting-compass\"><\/i><\/span><\/div><div class=\"jet-toggle__label-text\">IDEPPLAN<\/div>\t\t\t\t\t\t\t<\/div>\n\t\t\t\t\t\t\t<div id=\"jet-toggle-content-8353\" class=\"jet-toggle__content\" data-toggle=\"3\" role=\"tabpanel\" data-template-id=\"false\">\n\t\t\t\t\t\t\t\t<div class=\"jet-toggle__content-inner\"><ul><li><a href=\"\/site\/wp-content\/uploads\/2023\/10\/Ch-01-23-Idepplan.pdf\" target=\"_blank\" rel=\"noopener\">Ch 01-23 &#8211; Idepplan<\/a><\/li><\/ul><\/div>\n\t\t\t\t\t\t\t<\/div>\n\t\t\t\t\t\t<\/div><div class=\"jet-accordion__item jet-toggle jet-toggle-fade-effect \">\n\t\t\t\t\t\t\t<div id=\"jet-toggle-control-8354\" class=\"jet-toggle__control elementor-menu-anchor\" data-toggle=\"4\" role=\"tab\" tabindex=\"0\" aria-controls=\"jet-toggle-content-8354\" aria-expanded=\"false\" data-template-id=\"false\">\n\t\t\t\t\t\t\t\t<div class=\"jet-toggle__label-icon jet-toggle-icon-position-left\"><span class=\"jet-toggle__icon icon-normal jet-tabs-icon\"><i class=\"fas fa-address-card\"><\/i><\/span><span class=\"jet-toggle__icon icon-active jet-tabs-icon\"><i class=\"fas fa-address-card\"><\/i><\/span><\/div><div class=\"jet-toggle__label-text\">Secretaria de Assist\u00eancia Social<\/div>\t\t\t\t\t\t\t<\/div>\n\t\t\t\t\t\t\t<div id=\"jet-toggle-content-8354\" class=\"jet-toggle__content\" data-toggle=\"4\" role=\"tabpanel\" data-template-id=\"false\">\n\t\t\t\t\t\t\t\t<div class=\"jet-toggle__content-inner\"><ul><li><a href=\"\/site\/wp-content\/uploads\/2024\/04\/Chamamento-Publico-no-005-23-Credenciamento-Educador-Social.pdf\" target=\"_blank\" rel=\"noopener\">Chamamento P\u00fablico N\u00ba 005\/2023 &#8211; Credenciamento &#8211; Educador Social<\/a><\/li><li><a href=\"\/site\/wp-content\/uploads\/2023\/08\/CHAMAMENTO-003-2023.pdf\" target=\"_blank\" rel=\"noopener\">CHAMAMENTO 003-2023<\/a><\/li><\/ul><\/div>\n\t\t\t\t\t\t\t<\/div>\n\t\t\t\t\t\t<\/div><div class=\"jet-accordion__item jet-toggle jet-toggle-fade-effect \">\n\t\t\t\t\t\t\t<div id=\"jet-toggle-control-8355\" class=\"jet-toggle__control elementor-menu-anchor\" data-toggle=\"5\" role=\"tab\" tabindex=\"0\" aria-controls=\"jet-toggle-content-8355\" aria-expanded=\"false\" data-template-id=\"false\">\n\t\t\t\t\t\t\t\t<div class=\"jet-toggle__label-icon jet-toggle-icon-position-left\"><span class=\"jet-toggle__icon icon-normal jet-tabs-icon\"><i class=\"fas fa-photo-video\"><\/i><\/span><span class=\"jet-toggle__icon icon-active jet-tabs-icon\"><i class=\"fas fa-photo-video\"><\/i><\/span><\/div><div class=\"jet-toggle__label-text\">Secretaria de Promo\u00e7\u00e3o Art\u00edstica, Cultural e Tur\u00edstica<\/div>\t\t\t\t\t\t\t<\/div>\n\t\t\t\t\t\t\t<div id=\"jet-toggle-content-8355\" class=\"jet-toggle__content\" data-toggle=\"5\" role=\"tabpanel\" data-template-id=\"false\">\n\t\t\t\t\t\t\t\t<div class=\"jet-toggle__content-inner\"><ul><li><a href=\"\/site\/wp-content\/uploads\/2024\/04\/Edital-Resultado-Final.pdf\" target=\"_blank\" rel=\"noopener\">Edital &#8211; Resultado Final<\/a><\/li><li><a href=\"\/site\/wp-content\/uploads\/2024\/04\/Edital-Resultado-de-Recurso.pdf\" target=\"_blank\" rel=\"noopener\">Edital &#8211; Resultado de Recurso<\/a><\/li><li><a href=\"\/site\/wp-content\/uploads\/2024\/04\/4.-PARECER-305-2024-RECURSO.pdf\" target=\"_blank\" rel=\"noopener\">Parecer Jur\u00eddico N\u00ba 305\/2024<\/a><\/li><li><a href=\"\/site\/wp-content\/uploads\/2024\/04\/3.-RESULTADO-FINAL-PARECERISTAS-COMISSAO-DE-ANALISE-TECNICA.pdf\" target=\"_blank\" rel=\"noopener\">Resultado Final &#8211; Pareceristas &#8211; Comiss\u00e3o de An\u00e1lise T\u00e9cnica<\/a><\/li><li><a href=\"\/site\/wp-content\/uploads\/2024\/04\/2.-ATA-DE-SESSAO-ANALISE-TECNICA.pdf\" target=\"_blank\" rel=\"noopener\">Ata de Sess\u00e3o &#8211; An\u00e1lise T\u00e9cnica<\/a><\/li><li><a href=\"\/site\/wp-content\/uploads\/2024\/04\/1.-ATA-DE-SESSAO-HABILITACAO.pdf\" target=\"_blank\" rel=\"noopener\">Ata de Sess\u00e3o &#8211; Habilita\u00e7\u00e3o<\/a><\/li><li><a href=\"\/site\/wp-content\/uploads\/2024\/03\/Comunicado-Sessao.pdf\" target=\"_blank\" rel=\"noopener\">Comunicado &#8211; Sess\u00e3o<\/a><\/li><li><a href=\"\/site\/wp-content\/uploads\/2023\/12\/REABERTURA-EDITAL-CHAMAMENTO-004-23.pdf\" target=\"_blank\" rel=\"noopener\">Reabertura &#8211; Edital Chamamento P\u00fablico n\u00ba 004-23<\/a><\/li><li><a href=\"\/site\/wp-content\/uploads\/2023\/12\/REABERTURA-CHAMAMENTO-004-23.pdf\" target=\"_blank\" rel=\"noopener\">Reabertura &#8211; Chamamento P\u00fablico n\u00ba 004-23<\/a><\/li><li><a href=\"\/site\/wp-content\/uploads\/2023\/12\/Formulario-de-Inscricao-Chamamento-Publico-04-2022.docx\" target=\"_blank\" rel=\"noopener\">Formul\u00e1rio de Inscri\u00e7\u00e3o &#8211; Chamamento P\u00fablico n\u00ba 004-23<\/a><\/li><li><a href=\"\/site\/wp-content\/uploads\/2023\/11\/1.-Aviso-de-Suspensao_004_2023_cultura.pdf\" target=\"_blank\" rel=\"noopener\">Suspens\u00e3o &#8211; Chamamento P\u00fablico n\u00ba 004-23<\/a><\/li><li><a href=\"\/site\/wp-content\/uploads\/2023\/11\/Edital-Chamamento-Publico-no-004-23.pdf\" target=\"_blank\" rel=\"noopener\">Edital &#8211; Chamamento P\u00fablico n\u00ba 004-23<\/a><\/li><\/ul><\/div>\n\t\t\t\t\t\t\t<\/div>\n\t\t\t\t\t\t<\/div>\t\t\t\t\t\t\t\t<\/div>\n\t\t<\/div>\n\t\t\t\t<\/div>\n\t\t\t\t<\/div>\n\t\t\t\t<div class=\"elementor-element elementor-element-8a87870 elementor-hidden-desktop elementor-hidden-tablet elementor-hidden-mobile elementor-align-left elementor-widget elementor-widget-raven-heading\" data-id=\"8a87870\" data-element_type=\"widget\" data-widget_type=\"raven-heading.default\">\n\t\t\t\t<div class=\"elementor-widget-container\">\n\t\t\t\t\t<div class=\"raven-widget-wrapper\"><h2 class=\"raven-heading raven-heading-h2\"><span class=\"raven-heading-title\">Mais Informa\u00e7\u00f5es<\/span><\/h2><\/div>\n\t\t\t\t<\/div>\n\t\t\t\t<\/div>\n\t\t\t\t<div class=\"elementor-element elementor-element-5caf02f carta-de-servicos-accordion elementor-hidden-desktop elementor-hidden-tablet elementor-hidden-mobile elementor-widget elementor-widget-jet-accordion\" data-id=\"5caf02f\" data-element_type=\"widget\" data-widget_type=\"jet-accordion.default\">\n\t\t\t\t<div class=\"elementor-widget-container\">\n\t\t\t\t\t<div class=\"jet-accordion\" data-settings=\"{&quot;collapsible&quot;:false,&quot;ajaxTemplate&quot;:false,&quot;switchScrolling&quot;:false,&quot;switchScrollingOffset&quot;:0}\" role=\"tablist\">\n\t\t\t<div class=\"jet-accordion__inner\">\n\t\t\t\t<div class=\"jet-accordion__item jet-toggle jet-toggle-fade-effect \">\n\t\t\t\t\t\t\t<div id=\"jet-toggle-control-9711\" class=\"jet-toggle__control elementor-menu-anchor\" data-toggle=\"1\" role=\"tab\" tabindex=\"0\" aria-controls=\"jet-toggle-content-9711\" aria-expanded=\"false\" data-template-id=\"false\">\n\t\t\t\t\t\t\t\t<div class=\"jet-toggle__label-icon jet-toggle-icon-position-left\"><span class=\"jet-toggle__icon icon-normal jet-tabs-icon\"><i class=\"fas fa-arrow-alt-circle-right\"><\/i><\/span><span class=\"jet-toggle__icon icon-active jet-tabs-icon\"><i class=\"fas fa-arrow-alt-circle-right\"><\/i><\/span><\/div><div class=\"jet-toggle__label-text\">Documenta\u00e7\u00e3o<\/div>\t\t\t\t\t\t\t<\/div>\n\t\t\t\t\t\t\t<div id=\"jet-toggle-content-9711\" class=\"jet-toggle__content\" data-toggle=\"1\" role=\"tabpanel\" data-template-id=\"false\">\n\t\t\t\t\t\t\t\t<div class=\"jet-toggle__content-inner\"><ul><li><a href=\"\/site\/wp-content\/uploads\/2022\/07\/2022_jups_programa_horario_atletismo.pdf\" target=\"_blank\" rel=\"noopener\">Edital<\/a><\/li><\/ul><\/div>\n\t\t\t\t\t\t\t<\/div>\n\t\t\t\t\t\t<\/div>\t\t\t\t\t\t\t\t<\/div>\n\t\t<\/div>\n\t\t\t\t<\/div>\n\t\t\t\t<\/div>\n\t\t\t\t\t<\/div>\n\t\t<\/div>\n\t\t\t\t\t\t\t<\/div>\n\t\t<\/section>\n\t\t\t\t\t\t\t<\/div>\n\t\t","protected":false},"excerpt":{"rendered":"<p>2024 2023 2022 2021 2020 2019 2018 2017 2016 2015 Secretarias Autarquia Municipal de Sa&uacute;de REVOGADOS Autarquia Municipal de Servi&ccedil;os Funer&aacute;rios (ASERFA) PLANILHA &ndash; CLASSIFICACAO &ndash; 21-08 CH 01-23 CH 01-23 &ndash; RESUMO IDEPPLAN Ch 01-23 &ndash; Idepplan Secretaria de Assist&ecirc;ncia Social Chamamento P&uacute;blico N&ordm; 005\/2023 &ndash; Credenciamento &ndash; Educador Social CHAMAMENTO 003-2023 Secretaria de [&hellip;]<\/p>\n","protected":false},"author":2,"featured_media":0,"parent":0,"menu_order":0,"comment_status":"closed","ping_status":"closed","template":"","meta":{"footnotes":""},"class_list":["post-83459","page","type-page","status-publish","hentry"],"acf":[],"_links":{"self":[{"href":"https:\/\/www.apucarana.pr.gov.br\/site\/wp-json\/wp\/v2\/pages\/83459","targetHints":{"allow":["GET"]}}],"collection":[{"href":"https:\/\/www.apucarana.pr.gov.br\/site\/wp-json\/wp\/v2\/pages"}],"about":[{"href":"https:\/\/www.apucarana.pr.gov.br\/site\/wp-json\/wp\/v2\/types\/page"}],"author":[{"embeddable":true,"href":"https:\/\/www.apucarana.pr.gov.br\/site\/wp-json\/wp\/v2\/users\/2"}],"replies":[{"embeddable":true,"href":"https:\/\/www.apucarana.pr.gov.br\/site\/wp-json\/wp\/v2\/comments?post=83459"}],"version-history":[{"count":5,"href":"https:\/\/www.apucarana.pr.gov.br\/site\/wp-json\/wp\/v2\/pages\/83459\/revisions"}],"predecessor-version":[{"id":109023,"href":"https:\/\/www.apucarana.pr.gov.br\/site\/wp-json\/wp\/v2\/pages\/83459\/revisions\/109023"}],"wp:attachment":[{"href":"https:\/\/www.apucarana.pr.gov.br\/site\/wp-json\/wp\/v2\/media?parent=83459"}],"curies":[{"name":"wp","href":"https:\/\/api.w.org\/{rel}","templated":true}]}}