{"id":117590,"date":"2025-09-15T13:28:05","date_gmt":"2025-09-15T16:28:05","guid":{"rendered":"https:\/\/www.apucarana.pr.gov.br\/site\/?page_id=117590"},"modified":"2025-10-10T08:28:14","modified_gmt":"2025-10-10T11:28:14","slug":"chamamento-publico-no-007-2025-autorizacao-para-a-exploracao-comercial-de-espacos-publicos-durante-o-periodo-alusivo-ao-feriado-de-finados","status":"publish","type":"page","link":"https:\/\/www.apucarana.pr.gov.br\/site\/chamamentos-publicos-2025\/chamamento-publico-no-007-2025-autorizacao-para-a-exploracao-comercial-de-espacos-publicos-durante-o-periodo-alusivo-ao-feriado-de-finados\/","title":{"rendered":"Chamamento P\u00fablico N\u00ba 007\/2025 &#8211; Autoriza\u00e7\u00e3o Para a Explora\u00e7\u00e3o Comercial de Espa\u00e7os P\u00fablicos Durante o Per\u00edodo Alusivo ao Feriado de Finados"},"content":{"rendered":"\t\t<div data-elementor-type=\"wp-page\" data-elementor-id=\"117590\" class=\"elementor elementor-117590\">\n\t\t\t\t\t\t\t\t\t<section class=\"elementor-section elementor-top-section elementor-element elementor-element-fb14cfd elementor-section-boxed elementor-section-height-default elementor-section-height-default\" data-id=\"fb14cfd\" data-element_type=\"section\" data-settings=\"{&quot;jet_parallax_layout_list&quot;:[]}\">\n\t\t\t\t\t\t<div class=\"elementor-container elementor-column-gap-default\">\n\t\t\t\t\t<div class=\"elementor-column elementor-col-100 elementor-top-column elementor-element elementor-element-c00a6b3\" data-id=\"c00a6b3\" data-element_type=\"column\">\n\t\t\t<div class=\"elementor-widget-wrap elementor-element-populated\">\n\t\t\t\t\t\t\t\t<div class=\"elementor-element elementor-element-55a4d8d elementor-align-left elementor-widget elementor-widget-raven-heading\" data-id=\"55a4d8d\" data-element_type=\"widget\" data-widget_type=\"raven-heading.default\">\n\t\t\t\t<div class=\"elementor-widget-container\">\n\t\t\t\t\t<div class=\"raven-widget-wrapper\"><h2 class=\"raven-heading raven-heading-h2\"><span class=\"raven-heading-title\">Documentos e Editais<\/span><\/h2><\/div>\n\t\t\t\t<\/div>\n\t\t\t\t<\/div>\n\t\t\t\t<div class=\"elementor-element elementor-element-346636f default-icon-list elementor-icon-list--layout-traditional elementor-list-item-link-full_width elementor-widget elementor-widget-icon-list\" data-id=\"346636f\" data-element_type=\"widget\" data-widget_type=\"icon-list.default\">\n\t\t\t\t<div class=\"elementor-widget-container\">\n\t\t\t\t\t<ul class=\"elementor-icon-list-items\">\n\t\t\t\t\t\t\t<li class=\"elementor-icon-list-item\">\n\t\t\t\t\t\t\t\t\t\t\t<a href=\"\/site\/wp-content\/uploads\/2025\/10\/Sorteio-credenciamento-Resultado-final.pdf\" target=\"_blank\" rel=\"nofollow\">\n\n\t\t\t\t\t\t\t\t\t\t\t\t<span class=\"elementor-icon-list-icon\">\n\t\t\t\t\t\t\t<i aria-hidden=\"true\" class=\"far fa-file-pdf\"><\/i>\t\t\t\t\t\t<\/span>\n\t\t\t\t\t\t\t\t\t\t<span class=\"elementor-icon-list-text\">Sorteio Credenciamento - Resultado Final<\/span>\n\t\t\t\t\t\t\t\t\t\t\t<\/a>\n\t\t\t\t\t\t\t\t\t<\/li>\n\t\t\t\t\t\t\t\t<li class=\"elementor-icon-list-item\">\n\t\t\t\t\t\t\t\t\t\t\t<a href=\"\/site\/wp-content\/uploads\/2025\/10\/Sorteio-credenciamento-vagas-remanescentes.pdf\" target=\"_blank\" rel=\"nofollow\">\n\n\t\t\t\t\t\t\t\t\t\t\t\t<span class=\"elementor-icon-list-icon\">\n\t\t\t\t\t\t\t<i aria-hidden=\"true\" class=\"far fa-file-pdf\"><\/i>\t\t\t\t\t\t<\/span>\n\t\t\t\t\t\t\t\t\t\t<span class=\"elementor-icon-list-text\">Sorteio Credenciamento - Vagas Remanescentes<\/span>\n\t\t\t\t\t\t\t\t\t\t\t<\/a>\n\t\t\t\t\t\t\t\t\t<\/li>\n\t\t\t\t\t\t\t\t<li class=\"elementor-icon-list-item\">\n\t\t\t\t\t\t\t\t\t\t\t<a href=\"\/site\/wp-content\/uploads\/2025\/09\/Sorteio-credenciamento.pdf\" target=\"_blank\" rel=\"nofollow\">\n\n\t\t\t\t\t\t\t\t\t\t\t\t<span class=\"elementor-icon-list-icon\">\n\t\t\t\t\t\t\t<i aria-hidden=\"true\" class=\"far fa-file-pdf\"><\/i>\t\t\t\t\t\t<\/span>\n\t\t\t\t\t\t\t\t\t\t<span class=\"elementor-icon-list-text\">Sorteio Credenciamento<\/span>\n\t\t\t\t\t\t\t\t\t\t\t<\/a>\n\t\t\t\t\t\t\t\t\t<\/li>\n\t\t\t\t\t\t\t\t<li class=\"elementor-icon-list-item\">\n\t\t\t\t\t\t\t\t\t\t\t<a href=\"\/site\/wp-content\/uploads\/2025\/09\/2.TR_Credenciamento.pdf\" target=\"_blank\" rel=\"nofollow\">\n\n\t\t\t\t\t\t\t\t\t\t\t\t<span class=\"elementor-icon-list-icon\">\n\t\t\t\t\t\t\t<i aria-hidden=\"true\" class=\"far fa-file-pdf\"><\/i>\t\t\t\t\t\t<\/span>\n\t\t\t\t\t\t\t\t\t\t<span class=\"elementor-icon-list-text\">Termo de Refer\u00eancia<\/span>\n\t\t\t\t\t\t\t\t\t\t\t<\/a>\n\t\t\t\t\t\t\t\t\t<\/li>\n\t\t\t\t\t\t\t\t<li class=\"elementor-icon-list-item\">\n\t\t\t\t\t\t\t\t\t\t\t<a href=\"\/site\/wp-content\/uploads\/2025\/09\/Edital-Chamamento-007-Autorizacao-para-exploracao-comercial-de-espacos-publicos-durante-o-feriado-de-Finados-1.pdf\" target=\"_blank\" rel=\"nofollow\">\n\n\t\t\t\t\t\t\t\t\t\t\t\t<span class=\"elementor-icon-list-icon\">\n\t\t\t\t\t\t\t<i aria-hidden=\"true\" class=\"far fa-file-pdf\"><\/i>\t\t\t\t\t\t<\/span>\n\t\t\t\t\t\t\t\t\t\t<span class=\"elementor-icon-list-text\">Edital de Abertura<\/span>\n\t\t\t\t\t\t\t\t\t\t\t<\/a>\n\t\t\t\t\t\t\t\t\t<\/li>\n\t\t\t\t\t\t<\/ul>\n\t\t\t\t<\/div>\n\t\t\t\t<\/div>\n\t\t\t\t\t<\/div>\n\t\t<\/div>\n\t\t\t\t\t\t\t<\/div>\n\t\t<\/section>\n\t\t\t\t\t\t\t<\/div>\n\t\t","protected":false},"excerpt":{"rendered":"<p>Documentos e Editais Sorteio Credenciamento &ndash; Resultado Final Sorteio Credenciamento &ndash; Vagas Remanescentes Sorteio Credenciamento Termo de Refer&ecirc;ncia Edital de Abertura<\/p>\n","protected":false},"author":2,"featured_media":0,"parent":109481,"menu_order":0,"comment_status":"closed","ping_status":"closed","template":"","meta":{"footnotes":""},"class_list":["post-117590","page","type-page","status-publish","hentry"],"acf":[],"_links":{"self":[{"href":"https:\/\/www.apucarana.pr.gov.br\/site\/wp-json\/wp\/v2\/pages\/117590","targetHints":{"allow":["GET"]}}],"collection":[{"href":"https:\/\/www.apucarana.pr.gov.br\/site\/wp-json\/wp\/v2\/pages"}],"about":[{"href":"https:\/\/www.apucarana.pr.gov.br\/site\/wp-json\/wp\/v2\/types\/page"}],"author":[{"embeddable":true,"href":"https:\/\/www.apucarana.pr.gov.br\/site\/wp-json\/wp\/v2\/users\/2"}],"replies":[{"embeddable":true,"href":"https:\/\/www.apucarana.pr.gov.br\/site\/wp-json\/wp\/v2\/comments?post=117590"}],"version-history":[{"count":5,"href":"https:\/\/www.apucarana.pr.gov.br\/site\/wp-json\/wp\/v2\/pages\/117590\/revisions"}],"predecessor-version":[{"id":118655,"href":"https:\/\/www.apucarana.pr.gov.br\/site\/wp-json\/wp\/v2\/pages\/117590\/revisions\/118655"}],"up":[{"embeddable":true,"href":"https:\/\/www.apucarana.pr.gov.br\/site\/wp-json\/wp\/v2\/pages\/109481"}],"wp:attachment":[{"href":"https:\/\/www.apucarana.pr.gov.br\/site\/wp-json\/wp\/v2\/media?parent=117590"}],"curies":[{"name":"wp","href":"https:\/\/api.w.org\/{rel}","templated":true}]}}

Chamamento Público Nº 007/2025 &#8211; Autorização Para a Exploração Comercial de Espaços Públicos Durante o Período Alusivo ao Feriado de Finados

<div data-elementor-type="wp-page" data-elementor-id="117590" class="elementor elementor-117590">
									<section class="elementor-section elementor-top-section elementor-element elementor-element-fb14cfd elementor-section-boxed elementor-section-height-default elementor-section-height-default" data-id="fb14cfd" data-element_type="section" data-settings="{&quot;jet_parallax_layout_list&quot;:[]}">
						<div class="elementor-container elementor-column-gap-default">
					<div class="elementor-column elementor-col-100 elementor-top-column elementor-element elementor-element-c00a6b3" data-id="c00a6b3" data-element_type="column">
			<div class="elementor-widget-wrap elementor-element-populated">
								<div class="elementor-element elementor-element-55a4d8d elementor-align-left elementor-widget elementor-widget-raven-heading" data-id="55a4d8d" data-element_type="widget" data-widget_type="raven-heading.default">
				<div class="elementor-widget-container">
					<div class="raven-widget-wrapper"><h2 class="raven-heading raven-heading-h2"><span class="raven-heading-title">Documentos e Editais</span></h2></div>
				</div>
				</div>
				<div class="elementor-element elementor-element-346636f default-icon-list elementor-icon-list--layout-traditional elementor-list-item-link-full_width elementor-widget elementor-widget-icon-list" data-id="346636f" data-element_type="widget" data-widget_type="icon-list.default">
				<div class="elementor-widget-container">
					<ul class="elementor-icon-list-items">
							<li class="elementor-icon-list-item">
											<a href="/site/wp-content/uploads/2025/10/Sorteio-credenciamento-Resultado-final.pdf" target="_blank" rel="nofollow">

												<span class="elementor-icon-list-icon">
							<i aria-hidden="true" class="far fa-file-pdf"></i>						</span>
										<span class="elementor-icon-list-text">Sorteio Credenciamento - Resultado Final</span>
											</a>
									</li>
								<li class="elementor-icon-list-item">
											<a href="/site/wp-content/uploads/2025/10/Sorteio-credenciamento-vagas-remanescentes.pdf" target="_blank" rel="nofollow">

												<span class="elementor-icon-list-icon">
							<i aria-hidden="true" class="far fa-file-pdf"></i>						</span>
										<span class="elementor-icon-list-text">Sorteio Credenciamento - Vagas Remanescentes</span>
											</a>
									</li>
								<li class="elementor-icon-list-item">
											<a href="/site/wp-content/uploads/2025/09/Sorteio-credenciamento.pdf" target="_blank" rel="nofollow">

												<span class="elementor-icon-list-icon">
							<i aria-hidden="true" class="far fa-file-pdf"></i>						</span>
										<span class="elementor-icon-list-text">Sorteio Credenciamento</span>
											</a>
									</li>
								<li class="elementor-icon-list-item">
											<a href="/site/wp-content/uploads/2025/09/2.TR_Credenciamento.pdf" target="_blank" rel="nofollow">

												<span class="elementor-icon-list-icon">
							<i aria-hidden="true" class="far fa-file-pdf"></i>						</span>
										<span class="elementor-icon-list-text">Termo de Referência</span>
											</a>
									</li>
								<li class="elementor-icon-list-item">
											<a href="/site/wp-content/uploads/2025/09/Edital-Chamamento-007-Autorizacao-para-exploracao-comercial-de-espacos-publicos-durante-o-feriado-de-Finados-1.pdf" target="_blank" rel="nofollow">

												<span class="elementor-icon-list-icon">
							<i aria-hidden="true" class="far fa-file-pdf"></i>						</span>
										<span class="elementor-icon-list-text">Edital de Abertura</span>
											</a>
									</li>
						</ul>
				</div>
				</div>
					</div>
		</div>
							</div>
		</section>
							</div>
