{"id":110026,"date":"2025-02-03T08:10:36","date_gmt":"2025-02-03T11:10:36","guid":{"rendered":"https:\/\/www.apucarana.pr.gov.br\/site\/?page_id=110026"},"modified":"2025-02-03T08:29:19","modified_gmt":"2025-02-03T11:29:19","slug":"regulamento-de-apoio-a-projetos-culturais-fundo-municipal-de-cultura","status":"publish","type":"page","link":"https:\/\/www.apucarana.pr.gov.br\/site\/regulamento-de-apoio-a-projetos-culturais-fundo-municipal-de-cultura\/","title":{"rendered":"Regulamento de Apoio a Projetos Culturais &#8211; Fundo Municipal de Cultura"},"content":{"rendered":"\t\t<div data-elementor-type=\"wp-page\" data-elementor-id=\"110026\" class=\"elementor elementor-110026\">\n\t\t\t\t\t\t\t\t\t<section class=\"elementor-section elementor-top-section elementor-element elementor-element-ae39a04 elementor-section-boxed elementor-section-height-default elementor-section-height-default\" data-id=\"ae39a04\" data-element_type=\"section\" data-settings=\"{&quot;jet_parallax_layout_list&quot;:[]}\">\n\t\t\t\t\t\t<div class=\"elementor-container elementor-column-gap-default\">\n\t\t\t\t\t<div class=\"elementor-column elementor-col-100 elementor-top-column elementor-element elementor-element-a427446\" data-id=\"a427446\" data-element_type=\"column\">\n\t\t\t<div class=\"elementor-widget-wrap elementor-element-populated\">\n\t\t\t\t\t\t\t\t<div class=\"elementor-element elementor-element-0e8ed0f elementor-align-left elementor-widget elementor-widget-raven-heading\" data-id=\"0e8ed0f\" data-element_type=\"widget\" data-widget_type=\"raven-heading.default\">\n\t\t\t\t<div class=\"elementor-widget-container\">\n\t\t\t\t\t<div class=\"raven-widget-wrapper\"><h2 class=\"raven-heading raven-heading-h2\"><span class=\"raven-heading-title\">Documentos e Editais<\/span><\/h2><\/div>\n\t\t\t\t<\/div>\n\t\t\t\t<\/div>\n\t\t\t\t<div class=\"elementor-element elementor-element-39b17cf default-icon-list elementor-icon-list--layout-traditional elementor-list-item-link-full_width elementor-widget elementor-widget-icon-list\" data-id=\"39b17cf\" data-element_type=\"widget\" data-widget_type=\"icon-list.default\">\n\t\t\t\t<div class=\"elementor-widget-container\">\n\t\t\t\t\t<ul class=\"elementor-icon-list-items\">\n\t\t\t\t\t\t\t<li class=\"elementor-icon-list-item\">\n\t\t\t\t\t\t\t\t\t\t\t<a href=\"\/site\/wp-content\/uploads\/2025\/02\/ANEXO-V-DECLARACAO-DE-REPRESENTACAO-DE-GRUPO-OU-COLETIVO.docx\" target=\"_blank\" rel=\"nofollow\">\n\n\t\t\t\t\t\t\t\t\t\t\t\t<span class=\"elementor-icon-list-icon\">\n\t\t\t\t\t\t\t<i aria-hidden=\"true\" class=\"far fa-file-word\"><\/i>\t\t\t\t\t\t<\/span>\n\t\t\t\t\t\t\t\t\t\t<span class=\"elementor-icon-list-text\">Anexo V - Declara\u00e7\u00e3o de Representa\u00e7\u00e3o de Grupo ou Coletivo<\/span>\n\t\t\t\t\t\t\t\t\t\t\t<\/a>\n\t\t\t\t\t\t\t\t\t<\/li>\n\t\t\t\t\t\t\t\t<li class=\"elementor-icon-list-item\">\n\t\t\t\t\t\t\t\t\t\t\t<a href=\"\/site\/wp-content\/uploads\/2025\/02\/ANEXO-IV-Modelo-de-termo-de-permissao-de-uso-de-imagem.docx\" target=\"_blank\" rel=\"nofollow\">\n\n\t\t\t\t\t\t\t\t\t\t\t\t<span class=\"elementor-icon-list-icon\">\n\t\t\t\t\t\t\t<i aria-hidden=\"true\" class=\"far fa-file-word\"><\/i>\t\t\t\t\t\t<\/span>\n\t\t\t\t\t\t\t\t\t\t<span class=\"elementor-icon-list-text\">Anexo IV - Modelo de Termo de Permiss\u00e3o de Uso de Imagem<\/span>\n\t\t\t\t\t\t\t\t\t\t\t<\/a>\n\t\t\t\t\t\t\t\t\t<\/li>\n\t\t\t\t\t\t\t\t<li class=\"elementor-icon-list-item\">\n\t\t\t\t\t\t\t\t\t\t\t<a href=\"\/site\/wp-content\/uploads\/2025\/02\/ANEXO-III-Modelo-de-declaracao-de-residencia.docx\" target=\"_blank\" rel=\"nofollow\">\n\n\t\t\t\t\t\t\t\t\t\t\t\t<span class=\"elementor-icon-list-icon\">\n\t\t\t\t\t\t\t<i aria-hidden=\"true\" class=\"far fa-file-word\"><\/i>\t\t\t\t\t\t<\/span>\n\t\t\t\t\t\t\t\t\t\t<span class=\"elementor-icon-list-text\">Anexo III - Modelo de Declara\u00e7\u00e3o de Resid\u00eancia<\/span>\n\t\t\t\t\t\t\t\t\t\t\t<\/a>\n\t\t\t\t\t\t\t\t\t<\/li>\n\t\t\t\t\t\t\t\t<li class=\"elementor-icon-list-item\">\n\t\t\t\t\t\t\t\t\t\t\t<a href=\"\/site\/wp-content\/uploads\/2025\/02\/ANEXO-II-declaracao-de-outras-fontes-de-financiamento.docx\" target=\"_blank\" rel=\"nofollow\">\n\n\t\t\t\t\t\t\t\t\t\t\t\t<span class=\"elementor-icon-list-icon\">\n\t\t\t\t\t\t\t<i aria-hidden=\"true\" class=\"far fa-file-word\"><\/i>\t\t\t\t\t\t<\/span>\n\t\t\t\t\t\t\t\t\t\t<span class=\"elementor-icon-list-text\">Anexo II - Declara\u00e7\u00e3o de Outras Fontes Financeiras<\/span>\n\t\t\t\t\t\t\t\t\t\t\t<\/a>\n\t\t\t\t\t\t\t\t\t<\/li>\n\t\t\t\t\t\t\t\t<li class=\"elementor-icon-list-item\">\n\t\t\t\t\t\t\t\t\t\t\t<a href=\"\/site\/wp-content\/uploads\/2025\/02\/ANEXO-I-FORMULARIO-DE-INSCRICAO.docx\" target=\"_blank\" rel=\"nofollow\">\n\n\t\t\t\t\t\t\t\t\t\t\t\t<span class=\"elementor-icon-list-icon\">\n\t\t\t\t\t\t\t<i aria-hidden=\"true\" class=\"far fa-file-word\"><\/i>\t\t\t\t\t\t<\/span>\n\t\t\t\t\t\t\t\t\t\t<span class=\"elementor-icon-list-text\">Anexo I - Formul\u00e1rio de Inscri\u00e7\u00e3o<\/span>\n\t\t\t\t\t\t\t\t\t\t\t<\/a>\n\t\t\t\t\t\t\t\t\t<\/li>\n\t\t\t\t\t\t\t\t<li class=\"elementor-icon-list-item\">\n\t\t\t\t\t\t\t\t\t\t\t<a href=\"\/site\/wp-content\/uploads\/2025\/02\/REGULAMENTACAO-USO-DO-FUNDO-CONSELHO-DE-CULTURA_com-alteracoes-10.10-PUBLICADO.pdf\" target=\"_blank\" rel=\"nofollow\">\n\n\t\t\t\t\t\t\t\t\t\t\t\t<span class=\"elementor-icon-list-icon\">\n\t\t\t\t\t\t\t<i aria-hidden=\"true\" class=\"far fa-file-pdf\"><\/i>\t\t\t\t\t\t<\/span>\n\t\t\t\t\t\t\t\t\t\t<span class=\"elementor-icon-list-text\">Regulamento de Apoio a Projetos Culturais<\/span>\n\t\t\t\t\t\t\t\t\t\t\t<\/a>\n\t\t\t\t\t\t\t\t\t<\/li>\n\t\t\t\t\t\t<\/ul>\n\t\t\t\t<\/div>\n\t\t\t\t<\/div>\n\t\t\t\t\t<\/div>\n\t\t<\/div>\n\t\t\t\t\t\t\t<\/div>\n\t\t<\/section>\n\t\t\t\t\t\t\t<\/div>\n\t\t","protected":false},"excerpt":{"rendered":"<p>Documentos e Editais Anexo V &ndash; Declara&ccedil;&atilde;o de Representa&ccedil;&atilde;o de Grupo ou Coletivo Anexo IV &ndash; Modelo de Termo de Permiss&atilde;o de Uso de Imagem Anexo III &ndash; Modelo de Declara&ccedil;&atilde;o de Resid&ecirc;ncia Anexo II &ndash; Declara&ccedil;&atilde;o de Outras Fontes Financeiras Anexo I &ndash; Formul&aacute;rio de Inscri&ccedil;&atilde;o Regulamento de Apoio a Projetos Culturais<\/p>\n","protected":false},"author":2,"featured_media":0,"parent":0,"menu_order":0,"comment_status":"closed","ping_status":"closed","template":"","meta":{"footnotes":""},"class_list":["post-110026","page","type-page","status-publish","hentry"],"acf":[],"_links":{"self":[{"href":"https:\/\/www.apucarana.pr.gov.br\/site\/wp-json\/wp\/v2\/pages\/110026","targetHints":{"allow":["GET"]}}],"collection":[{"href":"https:\/\/www.apucarana.pr.gov.br\/site\/wp-json\/wp\/v2\/pages"}],"about":[{"href":"https:\/\/www.apucarana.pr.gov.br\/site\/wp-json\/wp\/v2\/types\/page"}],"author":[{"embeddable":true,"href":"https:\/\/www.apucarana.pr.gov.br\/site\/wp-json\/wp\/v2\/users\/2"}],"replies":[{"embeddable":true,"href":"https:\/\/www.apucarana.pr.gov.br\/site\/wp-json\/wp\/v2\/comments?post=110026"}],"version-history":[{"count":5,"href":"https:\/\/www.apucarana.pr.gov.br\/site\/wp-json\/wp\/v2\/pages\/110026\/revisions"}],"predecessor-version":[{"id":110043,"href":"https:\/\/www.apucarana.pr.gov.br\/site\/wp-json\/wp\/v2\/pages\/110026\/revisions\/110043"}],"wp:attachment":[{"href":"https:\/\/www.apucarana.pr.gov.br\/site\/wp-json\/wp\/v2\/media?parent=110026"}],"curies":[{"name":"wp","href":"https:\/\/api.w.org\/{rel}","templated":true}]}}

<div data-elementor-type="wp-page" data-elementor-id="110026" class="elementor elementor-110026">
									<section class="elementor-section elementor-top-section elementor-element elementor-element-ae39a04 elementor-section-boxed elementor-section-height-default elementor-section-height-default" data-id="ae39a04" data-element_type="section" data-settings="{&quot;jet_parallax_layout_list&quot;:[]}">
						<div class="elementor-container elementor-column-gap-default">
					<div class="elementor-column elementor-col-100 elementor-top-column elementor-element elementor-element-a427446" data-id="a427446" data-element_type="column">
			<div class="elementor-widget-wrap elementor-element-populated">
								<div class="elementor-element elementor-element-0e8ed0f elementor-align-left elementor-widget elementor-widget-raven-heading" data-id="0e8ed0f" data-element_type="widget" data-widget_type="raven-heading.default">
				<div class="elementor-widget-container">
					<div class="raven-widget-wrapper"><h2 class="raven-heading raven-heading-h2"><span class="raven-heading-title">Documentos e Editais</span></h2></div>
				</div>
				</div>
				<div class="elementor-element elementor-element-39b17cf default-icon-list elementor-icon-list--layout-traditional elementor-list-item-link-full_width elementor-widget elementor-widget-icon-list" data-id="39b17cf" data-element_type="widget" data-widget_type="icon-list.default">
				<div class="elementor-widget-container">
					<ul class="elementor-icon-list-items">
							<li class="elementor-icon-list-item">
											<a href="/site/wp-content/uploads/2025/02/ANEXO-V-DECLARACAO-DE-REPRESENTACAO-DE-GRUPO-OU-COLETIVO.docx" target="_blank" rel="nofollow">

												<span class="elementor-icon-list-icon">
							<i aria-hidden="true" class="far fa-file-word"></i>						</span>
										<span class="elementor-icon-list-text">Anexo V - Declaração de Representação de Grupo ou Coletivo</span>
											</a>
									</li>
								<li class="elementor-icon-list-item">
											<a href="/site/wp-content/uploads/2025/02/ANEXO-IV-Modelo-de-termo-de-permissao-de-uso-de-imagem.docx" target="_blank" rel="nofollow">

												<span class="elementor-icon-list-icon">
							<i aria-hidden="true" class="far fa-file-word"></i>						</span>
										<span class="elementor-icon-list-text">Anexo IV - Modelo de Termo de Permissão de Uso de Imagem</span>
											</a>
									</li>
								<li class="elementor-icon-list-item">
											<a href="/site/wp-content/uploads/2025/02/ANEXO-III-Modelo-de-declaracao-de-residencia.docx" target="_blank" rel="nofollow">

												<span class="elementor-icon-list-icon">
							<i aria-hidden="true" class="far fa-file-word"></i>						</span>
										<span class="elementor-icon-list-text">Anexo III - Modelo de Declaração de Residência</span>
											</a>
									</li>
								<li class="elementor-icon-list-item">
											<a href="/site/wp-content/uploads/2025/02/ANEXO-II-declaracao-de-outras-fontes-de-financiamento.docx" target="_blank" rel="nofollow">

												<span class="elementor-icon-list-icon">
							<i aria-hidden="true" class="far fa-file-word"></i>						</span>
										<span class="elementor-icon-list-text">Anexo II - Declaração de Outras Fontes Financeiras</span>
											</a>
									</li>
								<li class="elementor-icon-list-item">
											<a href="/site/wp-content/uploads/2025/02/ANEXO-I-FORMULARIO-DE-INSCRICAO.docx" target="_blank" rel="nofollow">

												<span class="elementor-icon-list-icon">
							<i aria-hidden="true" class="far fa-file-word"></i>						</span>
										<span class="elementor-icon-list-text">Anexo I - Formulário de Inscrição</span>
											</a>
									</li>
								<li class="elementor-icon-list-item">
											<a href="/site/wp-content/uploads/2025/02/REGULAMENTACAO-USO-DO-FUNDO-CONSELHO-DE-CULTURA_com-alteracoes-10.10-PUBLICADO.pdf" target="_blank" rel="nofollow">

												<span class="elementor-icon-list-icon">
							<i aria-hidden="true" class="far fa-file-pdf"></i>						</span>
										<span class="elementor-icon-list-text">Regulamento de Apoio a Projetos Culturais</span>
											</a>
									</li>
						</ul>
				</div>
				</div>
					</div>
		</div>
							</div>
		</section>
							</div>
