{"id":59915,"date":"2022-02-02T13:46:46","date_gmt":"2022-02-02T16:46:46","guid":{"rendered":"http:\/\/www.apucarana.pr.gov.br\/site\/?post_type=carta-de-servicos&#038;p=59915"},"modified":"2022-02-02T13:51:32","modified_gmt":"2022-02-02T16:51:32","slug":"servico-de-atendimento-movel-de-urgencia-samu","status":"publish","type":"carta-de-servicos","link":"https:\/\/www.apucarana.pr.gov.br\/site\/carta-de-servicos\/servico-de-atendimento-movel-de-urgencia-samu\/","title":{"rendered":"Servi\u00e7o de Atendimento M\u00f3vel de Urg\u00eancia (SAMU)"},"content":{"rendered":"<p>Servi\u00e7o de atendimento de urg\u00eancia e emerg\u00eancia, atendimentos cl\u00ednicos, traum\u00e1ticos e obst\u00e9tricos em situa\u00e7\u00f5es de gravidades, com risco iminente<\/p>\n","protected":false},"template":"","meta":[],"class_list":["post-59915","carta-de-servicos","type-carta-de-servicos","status-publish","hentry"],"acf":[],"_links":{"self":[{"href":"https:\/\/www.apucarana.pr.gov.br\/site\/wp-json\/wp\/v2\/carta-de-servicos\/59915","targetHints":{"allow":["GET"]}}],"collection":[{"href":"https:\/\/www.apucarana.pr.gov.br\/site\/wp-json\/wp\/v2\/carta-de-servicos"}],"about":[{"href":"https:\/\/www.apucarana.pr.gov.br\/site\/wp-json\/wp\/v2\/types\/carta-de-servicos"}],"wp:attachment":[{"href":"https:\/\/www.apucarana.pr.gov.br\/site\/wp-json\/wp\/v2\/media?parent=59915"}],"curies":[{"name":"wp","href":"https:\/\/api.w.org\/{rel}","templated":true}]}}

Serviço de Atendimento Móvel de Urgência (SAMU)

<p>Serviço de atendimento de urgência e emergência, atendimentos clínicos, traumáticos e obstétricos em situações de gravidades, com risco iminente</p>
