{"id":56161,"date":"2022-01-04T14:23:15","date_gmt":"2022-01-04T17:23:15","guid":{"rendered":"http:\/\/www.apucarana.pr.gov.br\/site\/?post_type=carta-de-servicos&#038;p=56161"},"modified":"2025-08-12T15:15:19","modified_gmt":"2025-08-12T18:15:19","slug":"inclusao-do-simples-nacional","status":"publish","type":"carta-de-servicos","link":"https:\/\/www.apucarana.pr.gov.br\/site\/carta-de-servicos\/inclusao-do-simples-nacional\/","title":{"rendered":"Inclus\u00e3o do Simples Nacional"},"content":{"rendered":"<p><span id=\"page1R_mcid13\" class=\"markedContent\"><span dir=\"ltr\" role=\"presentation\">Solicita\u00e7\u00e3o para inclus\u00e3o no Simples Nacional pela op\u00e7\u00e3o anual, somente no m\u00eas de janeiro, para empresas que possuem <\/span><span dir=\"ltr\" role=\"presentation\">parcelamento ativo na Receita Federal.<\/span><\/span><\/p>\n<p>A empresa poder\u00e1 requerer sua inclus\u00e3o no Simples Nacional, observando que essa op\u00e7\u00e3o \u00e9 anual e deve ser realizada exclusivamente no m\u00eas de janeiro, desde que esteja em situa\u00e7\u00e3o fiscal regular e com o cadastro econ\u00f4mico ativo no Munic\u00edpio de Apucarana.<\/p>\n","protected":false},"template":"","meta":[],"class_list":["post-56161","carta-de-servicos","type-carta-de-servicos","status-publish","hentry"],"acf":[],"_links":{"self":[{"href":"https:\/\/www.apucarana.pr.gov.br\/site\/wp-json\/wp\/v2\/carta-de-servicos\/56161","targetHints":{"allow":["GET"]}}],"collection":[{"href":"https:\/\/www.apucarana.pr.gov.br\/site\/wp-json\/wp\/v2\/carta-de-servicos"}],"about":[{"href":"https:\/\/www.apucarana.pr.gov.br\/site\/wp-json\/wp\/v2\/types\/carta-de-servicos"}],"wp:attachment":[{"href":"https:\/\/www.apucarana.pr.gov.br\/site\/wp-json\/wp\/v2\/media?parent=56161"}],"curies":[{"name":"wp","href":"https:\/\/api.w.org\/{rel}","templated":true}]}}

Inclusão do Simples Nacional

<p><span id="page1R_mcid13" class="markedContent"><span dir="ltr" role="presentation">Solicitação para inclusão no Simples Nacional pela opção anual, somente no mês de janeiro, para empresas que possuem </span><span dir="ltr" role="presentation">parcelamento ativo na Receita Federal.</span></span></p>
<p>A empresa poderá requerer sua inclusão no Simples Nacional, observando que essa opção é anual e deve ser realizada exclusivamente no mês de janeiro, desde que esteja em situação fiscal regular e com o cadastro econômico ativo no Município de Apucarana.</p>
