{"id":56025,"date":"2022-01-03T15:28:02","date_gmt":"2022-01-03T18:28:02","guid":{"rendered":"http:\/\/www.apucarana.pr.gov.br\/site\/?post_type=carta-de-servicos&#038;p=56025"},"modified":"2022-05-02T15:35:42","modified_gmt":"2022-05-02T18:35:42","slug":"servico-de-protecao-social-a-adolescentes-em-cumprimento-de-medida-socioeducativa","status":"publish","type":"carta-de-servicos","link":"https:\/\/www.apucarana.pr.gov.br\/site\/carta-de-servicos\/servico-de-protecao-social-a-adolescentes-em-cumprimento-de-medida-socioeducativa\/","title":{"rendered":"Servi\u00e7o de Prote\u00e7\u00e3o Social a Adolescentes em Cumprimento de Medida Socioeducativa"},"content":{"rendered":"<p>O Servi\u00e7o de Prote\u00e7\u00e3o Social a Adolescentes \u00e9 uma medida socioeducativa de liberdade assistida (LA) e de presta\u00e7\u00e3o de servi\u00e7os \u00e0 comunidade (PSC). O objetivo do servi\u00e7o \u00e9 prover a aten\u00e7\u00e3o s\u00f3cio assistencial e acompanhamento, contribuindo para o acesso aos direitos e para ressignifica\u00e7\u00e3o de valores na vida pessoal e social dos adolescentes e jovens<\/p>\n","protected":false},"template":"","meta":[],"class_list":["post-56025","carta-de-servicos","type-carta-de-servicos","status-publish","hentry"],"acf":[],"_links":{"self":[{"href":"https:\/\/www.apucarana.pr.gov.br\/site\/wp-json\/wp\/v2\/carta-de-servicos\/56025","targetHints":{"allow":["GET"]}}],"collection":[{"href":"https:\/\/www.apucarana.pr.gov.br\/site\/wp-json\/wp\/v2\/carta-de-servicos"}],"about":[{"href":"https:\/\/www.apucarana.pr.gov.br\/site\/wp-json\/wp\/v2\/types\/carta-de-servicos"}],"wp:attachment":[{"href":"https:\/\/www.apucarana.pr.gov.br\/site\/wp-json\/wp\/v2\/media?parent=56025"}],"curies":[{"name":"wp","href":"https:\/\/api.w.org\/{rel}","templated":true}]}}

Serviço de Proteção Social a Adolescentes em Cumprimento de Medida Socioeducativa

<p>O Serviço de Proteção Social a Adolescentes é uma medida socioeducativa de liberdade assistida (LA) e de prestação de serviços à comunidade (PSC). O objetivo do serviço é prover a atenção sócio assistencial e acompanhamento, contribuindo para o acesso aos direitos e para ressignificação de valores na vida pessoal e social dos adolescentes e jovens</p>
