{"id":55988,"date":"2022-01-03T13:23:09","date_gmt":"2022-01-03T16:23:09","guid":{"rendered":"http:\/\/www.apucarana.pr.gov.br\/site\/?post_type=carta-de-servicos&#038;p=55988"},"modified":"2022-03-03T13:37:25","modified_gmt":"2022-03-03T16:37:25","slug":"alteracoes-cadastrais-sem-emissao-de-alvara","status":"publish","type":"carta-de-servicos","link":"https:\/\/www.apucarana.pr.gov.br\/site\/carta-de-servicos\/alteracoes-cadastrais-sem-emissao-de-alvara\/","title":{"rendered":"Altera\u00e7\u00f5es Cadastrais (Sem Emiss\u00e3o de Alvar\u00e1)"},"content":{"rendered":"<p><span dir=\"ltr\" role=\"presentation\">Altera\u00e7\u00f5es cadastrais que<\/span> <strong><span dir=\"ltr\" role=\"presentation\">n\u00e3o<\/span><\/strong> <span dir=\"ltr\" role=\"presentation\">geram emiss\u00e3o de novo alvar\u00e1 de localiza\u00e7\u00e3o e funcionamento<\/span><\/p>\n","protected":false},"template":"","meta":[],"class_list":["post-55988","carta-de-servicos","type-carta-de-servicos","status-publish","hentry"],"acf":[],"_links":{"self":[{"href":"https:\/\/www.apucarana.pr.gov.br\/site\/wp-json\/wp\/v2\/carta-de-servicos\/55988","targetHints":{"allow":["GET"]}}],"collection":[{"href":"https:\/\/www.apucarana.pr.gov.br\/site\/wp-json\/wp\/v2\/carta-de-servicos"}],"about":[{"href":"https:\/\/www.apucarana.pr.gov.br\/site\/wp-json\/wp\/v2\/types\/carta-de-servicos"}],"wp:attachment":[{"href":"https:\/\/www.apucarana.pr.gov.br\/site\/wp-json\/wp\/v2\/media?parent=55988"}],"curies":[{"name":"wp","href":"https:\/\/api.w.org\/{rel}","templated":true}]}}

Alterações Cadastrais (Sem Emissão de Alvará)

<p><span dir="ltr" role="presentation">Alterações cadastrais que</span> <strong><span dir="ltr" role="presentation">não</span></strong> <span dir="ltr" role="presentation">geram emissão de novo alvará de localização e funcionamento</span></p>
