{"id":496,"date":"2022-02-21T16:10:56","date_gmt":"2022-02-21T19:10:56","guid":{"rendered":"http:\/\/www.apucarana.pr.gov.br\/saladoempreendedor\/?page_id=496"},"modified":"2022-05-19T16:02:15","modified_gmt":"2022-05-19T19:02:15","slug":"incentivos","status":"publish","type":"page","link":"https:\/\/www.apucarana.pr.gov.br\/saladoempreendedor\/incentivos\/","title":{"rendered":"Incentivos"},"content":{"rendered":"\t\t<div data-elementor-type=\"wp-page\" data-elementor-id=\"496\" class=\"elementor elementor-496\" data-elementor-settings=\"[]\">\n\t\t\t\t\t\t\t<div class=\"elementor-section-wrap\">\n\t\t\t\t\t\t\t<section class=\"elementor-section elementor-top-section elementor-element elementor-element-caa3a17 elementor-section-boxed elementor-section-height-default elementor-section-height-default\" data-id=\"caa3a17\" data-element_type=\"section\" data-settings=\"{&quot;jet_parallax_layout_list&quot;:[]}\">\n\t\t\t\t\t\t<div class=\"elementor-container elementor-column-gap-default\">\n\t\t\t\t\t<div class=\"elementor-column elementor-col-100 elementor-top-column elementor-element elementor-element-2519662\" data-id=\"2519662\" data-element_type=\"column\">\n\t\t\t<div class=\"elementor-widget-wrap elementor-element-populated\">\n\t\t\t\t\t\t\t\t<div class=\"elementor-element elementor-element-f1621a5 elementor-align-left elementor-widget elementor-widget-raven-breadcrumbs\" data-id=\"f1621a5\" data-element_type=\"widget\" data-widget_type=\"raven-breadcrumbs.default\">\n\t\t\t\t<div class=\"elementor-widget-container\">\n\t\t\t<div class=\"raven-breadcrumbs raven-breadcrumbs-default\"><ol class=\"breadcrumb\">\t\t\t\t<li class=\"breadcrumb-item active\" aria-current=\"page\"><span>Home<\/span><\/li>\n\n\t\t\t\t<\/ol><\/div>\t\t<\/div>\n\t\t\t\t<\/div>\n\t\t\t\t\t<\/div>\n\t\t<\/div>\n\t\t\t\t\t\t\t<\/div>\n\t\t<\/section>\n\t\t\t\t<section class=\"elementor-section elementor-top-section elementor-element elementor-element-8cd9358 elementor-section-boxed elementor-section-height-default elementor-section-height-default\" data-id=\"8cd9358\" data-element_type=\"section\" data-settings=\"{&quot;jet_parallax_layout_list&quot;:[]}\">\n\t\t\t\t\t\t<div class=\"elementor-container elementor-column-gap-default\">\n\t\t\t\t\t<div class=\"elementor-column elementor-col-100 elementor-top-column elementor-element elementor-element-594adc6\" data-id=\"594adc6\" data-element_type=\"column\">\n\t\t\t<div class=\"elementor-widget-wrap elementor-element-populated\">\n\t\t\t\t\t\t\t\t<div class=\"elementor-element elementor-element-0d52c37 elementor-widget elementor-widget-heading\" data-id=\"0d52c37\" data-element_type=\"widget\" data-widget_type=\"heading.default\">\n\t\t\t\t<div class=\"elementor-widget-container\">\n\t\t\t<style>\/*! elementor - v3.5.6 - 28-02-2022 *\/\n.elementor-heading-title{padding:0;margin:0;line-height:1}.elementor-widget-heading .elementor-heading-title[class*=elementor-size-]>a{color:inherit;font-size:inherit;line-height:inherit}.elementor-widget-heading .elementor-heading-title.elementor-size-small{font-size:15px}.elementor-widget-heading .elementor-heading-title.elementor-size-medium{font-size:19px}.elementor-widget-heading .elementor-heading-title.elementor-size-large{font-size:29px}.elementor-widget-heading .elementor-heading-title.elementor-size-xl{font-size:39px}.elementor-widget-heading .elementor-heading-title.elementor-size-xxl{font-size:59px}<\/style><h2 class=\"elementor-heading-title elementor-size-xl\">Incentivos<\/h2>\t\t<\/div>\n\t\t\t\t<\/div>\n\t\t\t\t<div class=\"elementor-element elementor-element-d1e25c0 elementor-widget elementor-widget-text-editor\" data-id=\"d1e25c0\" data-element_type=\"widget\" data-widget_type=\"text-editor.default\">\n\t\t\t\t<div class=\"elementor-widget-container\">\n\t\t\t<style>\/*! elementor - v3.5.6 - 28-02-2022 *\/\n.elementor-widget-text-editor.elementor-drop-cap-view-stacked .elementor-drop-cap{background-color:#818a91;color:#fff}.elementor-widget-text-editor.elementor-drop-cap-view-framed .elementor-drop-cap{color:#818a91;border:3px solid;background-color:transparent}.elementor-widget-text-editor:not(.elementor-drop-cap-view-default) .elementor-drop-cap{margin-top:8px}.elementor-widget-text-editor:not(.elementor-drop-cap-view-default) .elementor-drop-cap-letter{width:1em;height:1em}.elementor-widget-text-editor .elementor-drop-cap{float:left;text-align:center;line-height:1;font-size:50px}.elementor-widget-text-editor .elementor-drop-cap-letter{display:inline-block}<\/style>\t\t\t\t<p>Visando fortalecer a economia do munic\u00edpio atrav\u00e9s da gera\u00e7\u00e3o de emprego e renda, a Prefeitura Municipal de Apucarana oferece alguns incentivos aos empres\u00e1rios apucaranenses. Conhe\u00e7a alguns dos programas dispon\u00edveis para empresas da nossa cidade.<\/p>\t\t\t\t\t\t<\/div>\n\t\t\t\t<\/div>\n\t\t\t\t<div class=\"elementor-element elementor-element-00537a8 elementor-widget elementor-widget-heading\" data-id=\"00537a8\" data-element_type=\"widget\" data-widget_type=\"heading.default\">\n\t\t\t\t<div class=\"elementor-widget-container\">\n\t\t\t<h3 class=\"elementor-heading-title elementor-size-default\">PRODEA<\/h3>\t\t<\/div>\n\t\t\t\t<\/div>\n\t\t\t\t<div class=\"elementor-element elementor-element-b10ddd2 elementor-widget elementor-widget-text-editor\" data-id=\"b10ddd2\" data-element_type=\"widget\" data-widget_type=\"text-editor.default\">\n\t\t\t\t<div class=\"elementor-widget-container\">\n\t\t\t\t\t\t\t<p>Programa de Desenvolvimento Econ\u00f4mico de Apucarana (PRODEA) incentiva a cria\u00e7\u00e3o ou amplia\u00e7\u00e3o de empresas comerciais, industriais e tur\u00edsticas. Neste programa as empresas poder\u00e3o ser contempladas com os seguintes benef\u00edcios:<\/p><ul><li>Aquisi\u00e7\u00e3o de im\u00f3veis necess\u00e1rios \u00e0 empresa, mediante parcelamento de longo prazo;<\/li><li>Infraestrutura, correspondente \u00e0 instala\u00e7\u00e3o de \u00e1gua, energia el\u00e9trica, ilumina\u00e7\u00e3o p\u00fablica, telefone e acesso;<\/li><li>Isen\u00e7\u00e3o de tributos municipais, ou aplica\u00e7\u00e3o de al\u00edquotas diferenciadas e progressivas, com base na Legisla\u00e7\u00e3o em vigor;<\/li><li>Escritura\u00e7\u00e3o do im\u00f3vel, mediante contrato de compra e venda.<\/li><\/ul><p>Para saber mais sobre este programa <a href=\"\/site\/carta-de-servicos\/alienacao-de-lotes-de-terras-prodea\/\" target=\"_blank\" rel=\"noopener\">clique aqui<\/a>.<\/p>\t\t\t\t\t\t<\/div>\n\t\t\t\t<\/div>\n\t\t\t\t<div class=\"elementor-element elementor-element-676a5c6 elementor-widget elementor-widget-heading\" data-id=\"676a5c6\" data-element_type=\"widget\" data-widget_type=\"heading.default\">\n\t\t\t\t<div class=\"elementor-widget-container\">\n\t\t\t<h3 class=\"elementor-heading-title elementor-size-default\">Microcr\u00e9dito F\u00e1cil (Fomento Paran\u00e1)<\/h3>\t\t<\/div>\n\t\t\t\t<\/div>\n\t\t\t\t<div class=\"elementor-element elementor-element-b9dc724 elementor-widget elementor-widget-text-editor\" data-id=\"b9dc724\" data-element_type=\"widget\" data-widget_type=\"text-editor.default\">\n\t\t\t\t<div class=\"elementor-widget-container\">\n\t\t\t\t\t\t\t<p>O Microcr\u00e9dito F\u00e1cil \u00e9 uma linha de cr\u00e9dito da Fomento Paran\u00e1 destinado ao empreendedor informal, MEI ou microempresa, com faturamento de at\u00e9 R$ 360.000,00 ao ano, para obter capital de giro ou para investir na implanta\u00e7\u00e3o, manuten\u00e7\u00e3o ou amplia\u00e7\u00e3o do seu neg\u00f3cio.<\/p><p>Para saber mais sobre este programa <a href=\"\/site\/carta-de-servicos\/microcredito-facil-fomento-parana\/\" target=\"_blank\" rel=\"noopener\">clique aqui<\/a>.<\/p>\t\t\t\t\t\t<\/div>\n\t\t\t\t<\/div>\n\t\t\t\t<div class=\"elementor-element elementor-element-160c0d2 elementor-widget elementor-widget-heading\" data-id=\"160c0d2\" data-element_type=\"widget\" data-widget_type=\"heading.default\">\n\t\t\t\t<div class=\"elementor-widget-container\">\n\t\t\t<h3 class=\"elementor-heading-title elementor-size-default\">Banco da Mulher Paranaense<\/h3>\t\t<\/div>\n\t\t\t\t<\/div>\n\t\t\t\t<div class=\"elementor-element elementor-element-aeebb03 elementor-widget elementor-widget-text-editor\" data-id=\"aeebb03\" data-element_type=\"widget\" data-widget_type=\"text-editor.default\">\n\t\t\t\t<div class=\"elementor-widget-container\">\n\t\t\t\t\t\t\t<p>\u00c9 uma linha de financiamento para apoiar pequenos neg\u00f3cios que tenham mulheres como propriet\u00e1rias ou s\u00f3cias, a fim de estimular o empreendedorismo feminino.<\/p><p>Para saber mais sobre este programa <a href=\"\/site\/carta-de-servicos\/banco-da-mulher-paranaense\/\" target=\"_blank\" rel=\"noopener\">clique aqui<\/a>.<\/p>\t\t\t\t\t\t<\/div>\n\t\t\t\t<\/div>\n\t\t\t\t<div class=\"elementor-element elementor-element-f0a652a elementor-widget elementor-widget-heading\" data-id=\"f0a652a\" data-element_type=\"widget\" data-widget_type=\"heading.default\">\n\t\t\t\t<div class=\"elementor-widget-container\">\n\t\t\t<h3 class=\"elementor-heading-title elementor-size-default\">Espa\u00e7o das Feiras<\/h3>\t\t<\/div>\n\t\t\t\t<\/div>\n\t\t\t\t<div class=\"elementor-element elementor-element-88b80ab elementor-widget elementor-widget-text-editor\" data-id=\"88b80ab\" data-element_type=\"widget\" data-widget_type=\"text-editor.default\">\n\t\t\t\t<div class=\"elementor-widget-container\">\n\t\t\t\t\t\t\t<p>Espa\u00e7o das Feiras, \u00e9 um local apropriado para a realiza\u00e7\u00e3o de diversos eventos. Localizado na Rua Talita Bresolin, ao lado do Cemit\u00e9rio da Saudade, o local conta com um pavilh\u00e3o coberto de 1,3 mil m\u00b2. Com uma completa infraestrutura, permite aos empres\u00e1rios, associa\u00e7\u00f5es, grupos de servi\u00e7os e entidades, a usufruir do espa\u00e7o para a realiza\u00e7\u00e3o de exposi\u00e7\u00f5es, feiras e qualquer outro tipo de evento.<\/p><p>Para saber como utilizar o Espa\u00e7o das Feiras <a href=\"\/site\/carta-de-servicos\/espaco-das-feiras\/\" target=\"_blank\" rel=\"noopener\">clique aqui<\/a>.<\/p>\t\t\t\t\t\t<\/div>\n\t\t\t\t<\/div>\n\t\t\t\t<div class=\"elementor-element elementor-element-9b513d1 elementor-widget elementor-widget-heading\" data-id=\"9b513d1\" data-element_type=\"widget\" data-widget_type=\"heading.default\">\n\t\t\t\t<div class=\"elementor-widget-container\">\n\t\t\t<h3 class=\"elementor-heading-title elementor-size-default\">Programa Portas Abertas - Brasil Mais<\/h3>\t\t<\/div>\n\t\t\t\t<\/div>\n\t\t\t\t<div class=\"elementor-element elementor-element-b32740d elementor-widget elementor-widget-text-editor\" data-id=\"b32740d\" data-element_type=\"widget\" data-widget_type=\"text-editor.default\">\n\t\t\t\t<div class=\"elementor-widget-container\">\n\t\t\t\t\t\t\t<p>O Programa \u201cPortas Abertas \u2013 Brasil Mais\u201d visa capacitar, orientar e acompanhar empresas e colaboradores na filosofia Lean Manufacturing com foco em implementar a\u00e7\u00f5es de melhorias dos processos das empresas, identificar e reduzir principais desperd\u00edcios e gargalos produtivos com finalidade de economia e de melhoria cont\u00ednua. \u00c9 uma iniciativa do Servi\u00e7o Nacional de Aprendizagem Industrial do Estado do Paran\u00e1 (Senai-PR) e governo federal.\u00a0 Em Apucarana, o programa est\u00e1 dispon\u00edvel para\u00a0250 empresas da \u00e1rea da ind\u00fastria. A iniciativa disponibiliza cursos destinados a funcion\u00e1rios visando melhorar a produtividade das empresas participantes.<\/p><p>Para saber mais sobre este programa <a href=\"\/site\/carta-de-servicos\/programa-portas-abertas-brasil-mais\/\" target=\"_blank\" rel=\"noopener\">clique aqui<\/a>.<\/p>\t\t\t\t\t\t<\/div>\n\t\t\t\t<\/div>\n\t\t\t\t<div class=\"elementor-element elementor-element-9bb59d4 elementor-widget elementor-widget-heading\" data-id=\"9bb59d4\" data-element_type=\"widget\" data-widget_type=\"heading.default\">\n\t\t\t\t<div class=\"elementor-widget-container\">\n\t\t\t<h3 class=\"elementor-heading-title elementor-size-default\">Programa Compras Apucarana<\/h3>\t\t<\/div>\n\t\t\t\t<\/div>\n\t\t\t\t<div class=\"elementor-element elementor-element-ab8eeb0 elementor-widget elementor-widget-text-editor\" data-id=\"ab8eeb0\" data-element_type=\"widget\" data-widget_type=\"text-editor.default\">\n\t\t\t\t<div class=\"elementor-widget-container\">\n\t\t\t\t\t\t\t<p>A Prefeitura de Apucarana, em parceria com o Sebrae, a Acia, e outras entidades representativas, incentiva a participa\u00e7\u00e3o de empresas locais nos processos de licita\u00e7\u00e3o do munic\u00edpio atrav\u00e9s da capacita\u00e7\u00e3o de fornecedores e da Lei n\u00ba 101\/2019. \u00a0<\/p><p>Para saber mais sobre este programa <a href=\"\/saladoempreendedor\/wp-content\/uploads\/2022\/05\/lei_101_19.pdf\" target=\"_blank\" rel=\"noopener\">clique aqui<\/a>.<\/p>\t\t\t\t\t\t<\/div>\n\t\t\t\t<\/div>\n\t\t\t\t<div class=\"elementor-element elementor-element-dabff7f elementor-widget elementor-widget-heading\" data-id=\"dabff7f\" data-element_type=\"widget\" data-widget_type=\"heading.default\">\n\t\t\t\t<div class=\"elementor-widget-container\">\n\t\t\t<h3 class=\"elementor-heading-title elementor-size-default\">Conecta Apucarana<\/h3>\t\t<\/div>\n\t\t\t\t<\/div>\n\t\t\t\t<div class=\"elementor-element elementor-element-22120cc elementor-widget elementor-widget-text-editor\" data-id=\"22120cc\" data-element_type=\"widget\" data-widget_type=\"text-editor.default\">\n\t\t\t\t<div class=\"elementor-widget-container\">\n\t\t\t\t\t\t\t<p>Um programa para fomentar a inova\u00e7\u00e3o em Apucarana, estimulando a cria\u00e7\u00e3o de \u201cstartups\u201d e novos neg\u00f3cios, cria\u00e7\u00e3o de incubadoras e o fortalecimento das conex\u00f5es que contribuem para o desenvolvimento social e econ\u00f4mico da cidade.<\/p><p>Para saber mais sobre este programa <a href=\"http:\/\/www.conectaapucarana.com.br\" target=\"_blank\" rel=\"noopener\">clique aqui<\/a>.<\/p>\t\t\t\t\t\t<\/div>\n\t\t\t\t<\/div>\n\t\t\t\t\t<\/div>\n\t\t<\/div>\n\t\t\t\t\t\t\t<\/div>\n\t\t<\/section>\n\t\t\t\t\t\t<\/div>\n\t\t\t\t\t<\/div>\n\t\t","protected":false},"excerpt":{"rendered":"<p>Home Incentivos Visando fortalecer a economia do munic\u00edpio atrav\u00e9s da gera\u00e7\u00e3o de emprego e renda, a Prefeitura Municipal de Apucarana oferece alguns incentivos aos empres\u00e1rios apucaranenses. Conhe\u00e7a alguns dos programas [&hellip;]<\/p>\n","protected":false},"author":4,"featured_media":0,"parent":0,"menu_order":0,"comment_status":"closed","ping_status":"closed","template":"","meta":[],"acf":[],"_links":{"self":[{"href":"https:\/\/www.apucarana.pr.gov.br\/saladoempreendedor\/wp-json\/wp\/v2\/pages\/496"}],"collection":[{"href":"https:\/\/www.apucarana.pr.gov.br\/saladoempreendedor\/wp-json\/wp\/v2\/pages"}],"about":[{"href":"https:\/\/www.apucarana.pr.gov.br\/saladoempreendedor\/wp-json\/wp\/v2\/types\/page"}],"author":[{"embeddable":true,"href":"https:\/\/www.apucarana.pr.gov.br\/saladoempreendedor\/wp-json\/wp\/v2\/users\/4"}],"replies":[{"embeddable":true,"href":"https:\/\/www.apucarana.pr.gov.br\/saladoempreendedor\/wp-json\/wp\/v2\/comments?post=496"}],"version-history":[{"count":5,"href":"https:\/\/www.apucarana.pr.gov.br\/saladoempreendedor\/wp-json\/wp\/v2\/pages\/496\/revisions"}],"predecessor-version":[{"id":3859,"href":"https:\/\/www.apucarana.pr.gov.br\/saladoempreendedor\/wp-json\/wp\/v2\/pages\/496\/revisions\/3859"}],"wp:attachment":[{"href":"https:\/\/www.apucarana.pr.gov.br\/saladoempreendedor\/wp-json\/wp\/v2\/media?parent=496"}],"curies":[{"name":"wp","href":"https:\/\/api.w.org\/{rel}","templated":true}]}}