{"id":65,"date":"2016-11-24T17:55:28","date_gmt":"2016-11-24T19:55:28","guid":{"rendered":"http:\/\/www.apucarana.pr.gov.br\/corrida28\/?page_id=65"},"modified":"2021-01-14T14:25:55","modified_gmt":"2021-01-14T17:25:55","slug":"historia","status":"publish","type":"page","link":"https:\/\/www.apucarana.pr.gov.br\/corrida28\/historia\/","title":{"rendered":"Hist\u00f3ria"},"content":{"rendered":"<p>A Prova Pedestre XXVIII de Janeiro, uma das grandes atra\u00e7\u00f5es do anivers\u00e1rio de Apucarana e do pedestrianismo brasileiro foi criada pelo Engenheiro Osvaldo Ot\u00e1vio Pereira em 1961. A primeira competi\u00e7\u00e3o foi realizada um ano depois em 1962, com a vit\u00f3ria do goiano Benedito Firmino do Amaral. Naquela \u00e9poca a corrida era realizada apenas pelo naipe masculino. A competi\u00e7\u00e3o \u00e9 uma das mais tradicionais do Brasil. Inicialmente, era disputada todos os anos no dia 01 de maio, posteriormente passou a ser realizada no dia do anivers\u00e1rio de Apucarana, sendo denominada Prova Pedestre XXVIII de Janeiro. Em 1968 a competi\u00e7\u00e3o foi oficializada pela Federa\u00e7\u00e3o Desportiva Paranaense, 10 anos mais tarde teve in\u00edcio a participa\u00e7\u00e3o das mulheres nas competi\u00e7\u00f5es, a primeira atleta campe\u00e3 foi a paranaense Eva Batista Dias em 1978. No ano de 2004 a Prova foi oficializada pela Confedera\u00e7\u00e3o Brasileira de Atletismo &#8211; CBAT. Grandes atletas internacionais j\u00e1 participaram da Prova Pedestre, entre os quais: Quenianos, Franceses, Uruguaios, Argentinos, Et\u00edopes, Angolanos, Paraguaios, Tanzanianos. A Prova Pedestre esta entre as dez mais antigas do Pa\u00eds.<\/p>\n<p><!--\n[flickr_set id=\"72157662475554874\" max_num_photos=\"10\" lightbox=\"swipebox\"]\n--><\/p>\n","protected":false},"excerpt":{"rendered":"<p>A Prova Pedestre XXVIII de Janeiro, uma das grandes atra\u00e7\u00f5es do anivers\u00e1rio de Apucarana e do pedestrianismo brasileiro foi criada pelo Engenheiro Osvaldo Ot\u00e1vio Pereira em 1961. A primeira competi\u00e7\u00e3o foi realizada um ano depois em 1962, com a vit\u00f3ria do goiano Benedito Firmino do Amaral. Naquela \u00e9poca a corrida era realizada apenas pelo naipe [&hellip;]<\/p>\n","protected":false},"author":1,"featured_media":0,"parent":0,"menu_order":0,"comment_status":"closed","ping_status":"closed","template":"","meta":[],"_links":{"self":[{"href":"https:\/\/www.apucarana.pr.gov.br\/corrida28\/wp-json\/wp\/v2\/pages\/65"}],"collection":[{"href":"https:\/\/www.apucarana.pr.gov.br\/corrida28\/wp-json\/wp\/v2\/pages"}],"about":[{"href":"https:\/\/www.apucarana.pr.gov.br\/corrida28\/wp-json\/wp\/v2\/types\/page"}],"author":[{"embeddable":true,"href":"https:\/\/www.apucarana.pr.gov.br\/corrida28\/wp-json\/wp\/v2\/users\/1"}],"replies":[{"embeddable":true,"href":"https:\/\/www.apucarana.pr.gov.br\/corrida28\/wp-json\/wp\/v2\/comments?post=65"}],"version-history":[{"count":4,"href":"https:\/\/www.apucarana.pr.gov.br\/corrida28\/wp-json\/wp\/v2\/pages\/65\/revisions"}],"predecessor-version":[{"id":349,"href":"https:\/\/www.apucarana.pr.gov.br\/corrida28\/wp-json\/wp\/v2\/pages\/65\/revisions\/349"}],"wp:attachment":[{"href":"https:\/\/www.apucarana.pr.gov.br\/corrida28\/wp-json\/wp\/v2\/media?parent=65"}],"curies":[{"name":"wp","href":"https:\/\/api.w.org\/{rel}","templated":true}]}}