{"id":5443,"date":"2016-04-14T16:07:46","date_gmt":"2016-04-14T19:07:46","guid":{"rendered":"http:\/\/www.apucarana.pr.gov.br\/ame\/?page_id=5443"},"modified":"2025-12-22T09:39:48","modified_gmt":"2025-12-22T12:39:48","slug":"calendarios","status":"publish","type":"page","link":"https:\/\/www.apucarana.pr.gov.br\/ame\/calendarios\/","title":{"rendered":"Calend\u00e1rios"},"content":{"rendered":"<div class=\"links\">\n<div class=\"div-nova\">\n<h2>Escolas<\/h2>\n<div class=\"div-padrao\">\n         <a href=\"\/ame\/wp-content\/uploads\/2025\/12\/EMs-Calendario-Escolar-2026-Vertical.pdf\" target=\"_blank\" rel=\"noopener\"><br \/>\n            <img src=\"\/ame\/wp-content\/uploads\/img\/pdf.png\"\/>Calend\u00e1rio Pedag\u00f3gico 2026 &#8211; Escolas<br \/>\n         <\/a>\n      <\/div>\n<\/p><\/div>\n<div class=\"div-nova\">\n<h2>CMEIs<\/h2>\n<div class=\"div-padrao\">\n         <a href=\"\/ame\/wp-content\/uploads\/2025\/12\/CMEIs-Calendario-Escolar-2026-Vertical.pdf\" target=\"_blank\" rel=\"noopener\"><br \/>\n            <img src=\"\/ame\/wp-content\/uploads\/img\/pdf.png\"\/>Calend\u00e1rio Pedag\u00f3gico 2026 &#8211; CMEIs<br \/>\n         <\/a>\n      <\/div>\n<\/p><\/div>\n<\/div>\n<div class = 'socialMediaOnEveryPost'>Compartilhe<div id=\"sgmbShare1-1\" class=\"sgmbShare jssocials-theme-classic sgmbWidget1-1\"><\/div><div class=\"dropdownWrapper dropdownWrapper1 dropdownWrapper-for-widget \" id=\"dropdownWrapper-for-widget\">\r\n\t\t\t\t\t\t<div class=\"dropdownLabel\" id=\"dropdownLabel-share-list\"><span class=\"sgmbButtonListLabel1\">Share List<\/span><\/div>\r\n\t\t\t\t\t\t<div class=\"dropdownPanel dropdownPanel1-1\">\r\n\t\t\t\t\t\t<\/div>\r\n\t\t\t\t\t<\/div><script>  SGMB_URL = \"https:\/\/www.apucarana.pr.gov.br\/ame\/wp-content\/plugins\/social-media-builder\/\"; jQuery(\".dropdownWrapper\").hide(); SGMB_GOOGLE_ACOUNT = \"\"; <\/script><script type=\"text\/javascript\">\r\n\t\tjQuery(document).ready(function($){var widget = new SGMBWidget();widget.show({\"id\":\"1\",\"title\":\"Face\\\/Twitter\",\"options\":{\"currentUrl\":\"1\",\"url\":\"\",\"shareText\":\"\",\"fontSize\":\"14\",\"betweenButtons\":\"1px\",\"theme\":\"classic\",\"sgmbButtonsPosition\":\"bottomLeft\",\"socialTheme\":\"\",\"icon\":\"default\",\"buttonsPanelEffect\":\"No Effect\",\"buttonsEffect\":\"No Effect\",\"iconsEffect\":\"No Effect\",\"buttons\":\"{\\\"facebook\\\":{\\\"label\\\":\\\"Share\\\",\\\"icon\\\":\\\"default-facebook\\\"},\\\"twitter\\\":{\\\"label\\\":\\\"Tweet\\\",\\\"icon\\\":\\\"default-twitter\\\",\\\"via\\\":\\\"\\\",\\\"hashtags\\\":\\\"\\\"}}\",\"roundButton\":\"\",\"showLabels\":\"\",\"showCounts\":\"\",\"showCenter\":\"\",\"showButtonsAsList\":\"\",\"sgmbDropdownColor\":\"\",\"sgmbDropdownLabelFontSize\":\"14\",\"sgmbDropdownLabelColor\":\"\",\"showButtonsOnEveryPost\":\"on\",\"selectedOrExcluded\":\"\",\"showButtonsOnEveryPage\":\"\",\"textOnEveryPost\":\"Compartilhe\",\"showButtonsOnCustomPost\":\"\",\"textOnCustomPost\":\"\",\"showButtonsOnMobileDirect\":\"on\",\"showButtonsOnDesktopDirect\":\"on\",\"sgmbSelectedPages\":[\"\"],\"sgmbExcludedPosts\":[\"\"],\"sgmbSelectedCustomPosts\":[],\"showButtonsInPopup\":\"\",\"titleOfPopup\":\"\",\"descriptionOfPopup\":\"\",\"showPopupOnLoad\":\"\",\"showPopupOnScroll\":\"\",\"showPopupOnExit\":\"\",\"openSecondsOfPopup\":\"\",\"googleAnaliticsAccount\":\"\"},\"buttonOptions\":{\"facebook\":{\"label\":\"Share\",\"icon\":\"default-facebook\"},\"twitter\":{\"label\":\"Tweet\",\"icon\":\"default-twitter\",\"via\":\"\",\"hashtags\":\"\"}},\"button\":[\"facebook\",\"twitter\"]}, 1, '', '\/ame\/wp-content\/uploads\/img\/pdf.png', '', 'https:\/\/www.apucarana.pr.gov.br\/ame\/calendarios\/'); });<\/script><\/div><script> jQuery(\".socialMediaOnEveryPost\").addClass(\"sgmb-left\") <\/script>","protected":false},"excerpt":{"rendered":"<p>Escolas Calend\u00e1rio Pedag\u00f3gico 2026 &#8211; Escolas CMEIs Calend\u00e1rio Pedag\u00f3gico 2026 &#8211; CMEIs Compartilhe Share List<\/p>\n","protected":false},"author":1,"featured_media":0,"parent":0,"menu_order":0,"comment_status":"closed","ping_status":"closed","template":"","meta":[],"_links":{"self":[{"href":"https:\/\/www.apucarana.pr.gov.br\/ame\/wp-json\/wp\/v2\/pages\/5443"}],"collection":[{"href":"https:\/\/www.apucarana.pr.gov.br\/ame\/wp-json\/wp\/v2\/pages"}],"about":[{"href":"https:\/\/www.apucarana.pr.gov.br\/ame\/wp-json\/wp\/v2\/types\/page"}],"author":[{"embeddable":true,"href":"https:\/\/www.apucarana.pr.gov.br\/ame\/wp-json\/wp\/v2\/users\/1"}],"replies":[{"embeddable":true,"href":"https:\/\/www.apucarana.pr.gov.br\/ame\/wp-json\/wp\/v2\/comments?post=5443"}],"version-history":[{"count":31,"href":"https:\/\/www.apucarana.pr.gov.br\/ame\/wp-json\/wp\/v2\/pages\/5443\/revisions"}],"predecessor-version":[{"id":15030,"href":"https:\/\/www.apucarana.pr.gov.br\/ame\/wp-json\/wp\/v2\/pages\/5443\/revisions\/15030"}],"wp:attachment":[{"href":"https:\/\/www.apucarana.pr.gov.br\/ame\/wp-json\/wp\/v2\/media?parent=5443"}],"curies":[{"name":"wp","href":"https:\/\/api.w.org\/{rel}","templated":true}]}}