{"id":77572,"date":"2023-02-24T13:59:37","date_gmt":"2023-02-24T16:59:37","guid":{"rendered":"http:\/\/www.apucarana.pr.gov.br\/site\/?page_id=77572"},"modified":"2023-03-01T12:04:06","modified_gmt":"2023-03-01T15:04:06","slug":"12a-conferencia-municipal-de-saude-de-apucarana","status":"publish","type":"page","link":"http:\/\/www.apucarana.pr.gov.br\/site\/12a-conferencia-municipal-de-saude-de-apucarana\/","title":{"rendered":"12\u00aa Confer\u00eancia Municipal de Sa\u00fade de Apucarana"},"content":{"rendered":"\t\t<div data-elementor-type=\"wp-page\" data-elementor-id=\"77572\" class=\"elementor elementor-77572\">\n\t\t\t\t\t\t\t\t\t<section class=\"elementor-section elementor-top-section elementor-element elementor-element-b19721f elementor-section-boxed elementor-section-height-default elementor-section-height-default\" data-id=\"b19721f\" data-element_type=\"section\" data-settings=\"{&quot;jet_parallax_layout_list&quot;:[{&quot;jet_parallax_layout_image&quot;:{&quot;url&quot;:&quot;&quot;,&quot;id&quot;:&quot;&quot;},&quot;_id&quot;:&quot;0493ed9&quot;,&quot;jet_parallax_layout_image_tablet&quot;:{&quot;url&quot;:&quot;&quot;,&quot;id&quot;:&quot;&quot;},&quot;jet_parallax_layout_image_mobile&quot;:{&quot;url&quot;:&quot;&quot;,&quot;id&quot;:&quot;&quot;},&quot;jet_parallax_layout_speed&quot;:{&quot;unit&quot;:&quot;%&quot;,&quot;size&quot;:50,&quot;sizes&quot;:[]},&quot;jet_parallax_layout_type&quot;:&quot;scroll&quot;,&quot;jet_parallax_layout_direction&quot;:null,&quot;jet_parallax_layout_fx_direction&quot;:null,&quot;jet_parallax_layout_z_index&quot;:&quot;&quot;,&quot;jet_parallax_layout_bg_x&quot;:50,&quot;jet_parallax_layout_bg_x_tablet&quot;:&quot;&quot;,&quot;jet_parallax_layout_bg_x_mobile&quot;:&quot;&quot;,&quot;jet_parallax_layout_bg_y&quot;:50,&quot;jet_parallax_layout_bg_y_tablet&quot;:&quot;&quot;,&quot;jet_parallax_layout_bg_y_mobile&quot;:&quot;&quot;,&quot;jet_parallax_layout_bg_size&quot;:&quot;auto&quot;,&quot;jet_parallax_layout_bg_size_tablet&quot;:&quot;&quot;,&quot;jet_parallax_layout_bg_size_mobile&quot;:&quot;&quot;,&quot;jet_parallax_layout_animation_prop&quot;:&quot;transform&quot;,&quot;jet_parallax_layout_on&quot;:[&quot;desktop&quot;,&quot;tablet&quot;]}]}\">\n\t\t\t\t\t\t<div class=\"elementor-container elementor-column-gap-default\">\n\t\t\t\t\t<div class=\"elementor-column elementor-col-100 elementor-top-column elementor-element elementor-element-e1423c4\" data-id=\"e1423c4\" data-element_type=\"column\">\n\t\t\t<div class=\"elementor-widget-wrap elementor-element-populated\">\n\t\t\t\t\t\t\t\t<div class=\"elementor-element elementor-element-301e4f4 elementor-align-left elementor-widget elementor-widget-raven-heading\" data-id=\"301e4f4\" data-element_type=\"widget\" data-widget_type=\"raven-heading.default\">\n\t\t\t\t<div class=\"elementor-widget-container\">\n\t\t\t\t\t<div class=\"raven-widget-wrapper\"><h4 class=\"raven-heading raven-heading-h4\"><span class=\"raven-heading-title\">12\u00aa Confer\u00eancia Municipal de Sa\u00fade de Apucarana<\/span><\/h4><\/div>\n\t\t\t\t<\/div>\n\t\t\t\t<\/div>\n\t\t\t\t<div class=\"elementor-element elementor-element-098cd18 elementor-align-center elementor-widget elementor-widget-button\" data-id=\"098cd18\" data-element_type=\"widget\" data-widget_type=\"button.default\">\n\t\t\t\t<div class=\"elementor-widget-container\">\n\t\t\t\t\t<div class=\"elementor-button-wrapper\">\n\t\t\t<a href=\"https:\/\/forms.gle\/LTtWwmqZDYLh3TXDA\" target=\"_blank\" rel=\"nofollow\" class=\"elementor-button-link elementor-button elementor-size-md\" role=\"button\">\n\t\t\t\t\t\t<span class=\"elementor-button-content-wrapper\">\n\t\t\t\t\t\t<span class=\"elementor-button-text\">Fa\u00e7a sua pr\u00e9-inscri\u00e7\u00e3o (Clique aqui)<\/span>\n\t\t<\/span>\n\t\t\t\t\t<\/a>\n\t\t<\/div>\n\t\t\t\t<\/div>\n\t\t\t\t<\/div>\n\t\t\t\t<div class=\"elementor-element elementor-element-156a667 elementor-widget elementor-widget-text-editor\" data-id=\"156a667\" data-element_type=\"widget\" data-widget_type=\"text-editor.default\">\n\t\t\t\t<div class=\"elementor-widget-container\">\n\t\t\t\t\t\t\t<p>Ap\u00f3s preencher a pr\u00e9-inscri\u00e7\u00e3o, a entidade dever\u00e1 providenciar a documenta\u00e7\u00e3o necess\u00e1ria para sua inscri\u00e7\u00e3o e enviar no e-mail do Conselho (<strong>conselhodesaudeapucarana@gmail.com<\/strong>) at\u00e9 as 16h do dia 01 de mar\u00e7o de 2023. O e-mail deve conter: c\u00f3pia do estatuto social, CNPJ, ata da \u00faltima reuni\u00e3o e\/ou relat\u00f3rio de atividade.<\/p>\n<p>As entidades que atenderem aos requisitos acima ter\u00e3o suas inscri\u00e7\u00f5es devidamente formalizadas por meio de Resolu\u00e7\u00e3o do Conselho, homologada por Decreto do Executivo, devidamente publicados no di\u00e1rio oficial do Munic\u00edpio, antes da data de realiza\u00e7\u00e3o da pr\u00e9-confer\u00eancia.<\/p>\t\t\t\t\t\t<\/div>\n\t\t\t\t<\/div>\n\t\t\t\t\t<\/div>\n\t\t<\/div>\n\t\t\t\t\t\t\t<\/div>\n\t\t<\/section>\n\t\t\t\t\t\t\t<\/div>\n\t\t","protected":false},"excerpt":{"rendered":"<p>12&ordf; Confer&ecirc;ncia Municipal de Sa&uacute;de de Apucarana Fa&ccedil;a sua pr&eacute;-inscri&ccedil;&atilde;o (Clique aqui) Ap&oacute;s preencher a pr&eacute;-inscri&ccedil;&atilde;o, a entidade dever&aacute; providenciar a documenta&ccedil;&atilde;o necess&aacute;ria para sua inscri&ccedil;&atilde;o e enviar no e-mail do Conselho (conselhodesaudeapucarana@gmail.com) at&eacute; as 16h do dia 01 de mar&ccedil;o de 2023. O e-mail deve conter: c&oacute;pia do estatuto social, CNPJ, ata da &uacute;ltima [&hellip;]<\/p>\n","protected":false},"author":2,"featured_media":0,"parent":0,"menu_order":0,"comment_status":"closed","ping_status":"closed","template":"","meta":{"footnotes":""},"class_list":["post-77572","page","type-page","status-publish","hentry"],"acf":[],"_links":{"self":[{"href":"http:\/\/www.apucarana.pr.gov.br\/site\/wp-json\/wp\/v2\/pages\/77572","targetHints":{"allow":["GET"]}}],"collection":[{"href":"http:\/\/www.apucarana.pr.gov.br\/site\/wp-json\/wp\/v2\/pages"}],"about":[{"href":"http:\/\/www.apucarana.pr.gov.br\/site\/wp-json\/wp\/v2\/types\/page"}],"author":[{"embeddable":true,"href":"http:\/\/www.apucarana.pr.gov.br\/site\/wp-json\/wp\/v2\/users\/2"}],"replies":[{"embeddable":true,"href":"http:\/\/www.apucarana.pr.gov.br\/site\/wp-json\/wp\/v2\/comments?post=77572"}],"version-history":[{"count":6,"href":"http:\/\/www.apucarana.pr.gov.br\/site\/wp-json\/wp\/v2\/pages\/77572\/revisions"}],"predecessor-version":[{"id":113494,"href":"http:\/\/www.apucarana.pr.gov.br\/site\/wp-json\/wp\/v2\/pages\/77572\/revisions\/113494"}],"wp:attachment":[{"href":"http:\/\/www.apucarana.pr.gov.br\/site\/wp-json\/wp\/v2\/media?parent=77572"}],"curies":[{"name":"wp","href":"https:\/\/api.w.org\/{rel}","templated":true}]}}