{"id":72390,"date":"2022-09-30T10:35:30","date_gmt":"2022-09-30T13:35:30","guid":{"rendered":"http:\/\/www.apucarana.pr.gov.br\/site\/?page_id=72390"},"modified":"2024-06-20T14:00:37","modified_gmt":"2024-06-20T17:00:37","slug":"chamamento-publico-promatur-04-2022","status":"publish","type":"page","link":"http:\/\/www.apucarana.pr.gov.br\/site\/chamamento-publico-promatur-04-2022\/","title":{"rendered":"Chamamento P\u00fablico PROMATUR 04\/2022"},"content":{"rendered":"\t\t<div data-elementor-type=\"wp-page\" data-elementor-id=\"72390\" class=\"elementor elementor-72390\">\n\t\t\t\t\t\t\t\t\t<section class=\"elementor-section elementor-top-section elementor-element elementor-element-8e2be4a elementor-section-boxed elementor-section-height-default elementor-section-height-default\" data-id=\"8e2be4a\" data-element_type=\"section\" data-settings=\"{&quot;jet_parallax_layout_list&quot;:[{&quot;jet_parallax_layout_image&quot;:{&quot;url&quot;:&quot;&quot;,&quot;id&quot;:&quot;&quot;},&quot;_id&quot;:&quot;0493ed9&quot;,&quot;jet_parallax_layout_image_tablet&quot;:{&quot;url&quot;:&quot;&quot;,&quot;id&quot;:&quot;&quot;},&quot;jet_parallax_layout_image_mobile&quot;:{&quot;url&quot;:&quot;&quot;,&quot;id&quot;:&quot;&quot;},&quot;jet_parallax_layout_speed&quot;:{&quot;unit&quot;:&quot;%&quot;,&quot;size&quot;:50,&quot;sizes&quot;:[]},&quot;jet_parallax_layout_type&quot;:&quot;scroll&quot;,&quot;jet_parallax_layout_direction&quot;:null,&quot;jet_parallax_layout_fx_direction&quot;:null,&quot;jet_parallax_layout_z_index&quot;:&quot;&quot;,&quot;jet_parallax_layout_bg_x&quot;:50,&quot;jet_parallax_layout_bg_x_tablet&quot;:&quot;&quot;,&quot;jet_parallax_layout_bg_x_mobile&quot;:&quot;&quot;,&quot;jet_parallax_layout_bg_y&quot;:50,&quot;jet_parallax_layout_bg_y_tablet&quot;:&quot;&quot;,&quot;jet_parallax_layout_bg_y_mobile&quot;:&quot;&quot;,&quot;jet_parallax_layout_bg_size&quot;:&quot;auto&quot;,&quot;jet_parallax_layout_bg_size_tablet&quot;:&quot;&quot;,&quot;jet_parallax_layout_bg_size_mobile&quot;:&quot;&quot;,&quot;jet_parallax_layout_animation_prop&quot;:&quot;transform&quot;,&quot;jet_parallax_layout_on&quot;:[&quot;desktop&quot;,&quot;tablet&quot;]}]}\">\n\t\t\t\t\t\t<div class=\"elementor-container elementor-column-gap-default\">\n\t\t\t\t\t<div class=\"elementor-column elementor-col-100 elementor-top-column elementor-element elementor-element-043a2ba\" data-id=\"043a2ba\" data-element_type=\"column\">\n\t\t\t<div class=\"elementor-widget-wrap elementor-element-populated\">\n\t\t\t\t\t\t\t\t<div class=\"elementor-element elementor-element-4cdf529 elementor-align-left elementor-widget elementor-widget-raven-heading\" data-id=\"4cdf529\" data-element_type=\"widget\" data-widget_type=\"raven-heading.default\">\n\t\t\t\t<div class=\"elementor-widget-container\">\n\t\t\t\t\t<div class=\"raven-widget-wrapper\"><h4 class=\"raven-heading raven-heading-h4\"><span class=\"raven-heading-title\">Apresenta\u00e7\u00f5es Musicais no Espa\u00e7o das Feiras e Eventos Realizados pela Secretaria da Promo\u00e7\u00e3o Art\u00edstica, Cultural e Tur\u00edstica (PROMATUR)<\/span><\/h4><\/div>\n\t\t\t\t<\/div>\n\t\t\t\t<\/div>\n\t\t\t\t<div class=\"elementor-element elementor-element-0e13db8 elementor-align-center elementor-widget elementor-widget-button\" data-id=\"0e13db8\" data-element_type=\"widget\" data-widget_type=\"button.default\">\n\t\t\t\t<div class=\"elementor-widget-container\">\n\t\t\t\t\t<div class=\"elementor-button-wrapper\">\n\t\t\t<a href=\"\/site\/wp-content\/uploads\/2022\/09\/Formulario-de-Inscricao-Chamamento-Publico-04-2022.pdf\" target=\"_blank\" rel=\"nofollow\" class=\"elementor-button-link elementor-button elementor-size-md\" role=\"button\">\n\t\t\t\t\t\t<span class=\"elementor-button-content-wrapper\">\n\t\t\t\t\t\t<span class=\"elementor-button-text\">Formul\u00e1rio de Inscri\u00e7\u00e3o<\/span>\n\t\t<\/span>\n\t\t\t\t\t<\/a>\n\t\t<\/div>\n\t\t\t\t<\/div>\n\t\t\t\t<\/div>\n\t\t\t\t<div class=\"elementor-element elementor-element-923f928 elementor-align-left elementor-widget elementor-widget-raven-heading\" data-id=\"923f928\" data-element_type=\"widget\" data-widget_type=\"raven-heading.default\">\n\t\t\t\t<div class=\"elementor-widget-container\">\n\t\t\t\t\t<div class=\"raven-widget-wrapper\"><h2 class=\"raven-heading raven-heading-h2\"><span class=\"raven-heading-title\">Documentos e Editais<\/span><\/h2><\/div>\n\t\t\t\t<\/div>\n\t\t\t\t<\/div>\n\t\t\t\t<div class=\"elementor-element elementor-element-de71ac5 default-icon-list elementor-icon-list--layout-traditional elementor-list-item-link-full_width elementor-widget elementor-widget-icon-list\" data-id=\"de71ac5\" data-element_type=\"widget\" data-widget_type=\"icon-list.default\">\n\t\t\t\t<div class=\"elementor-widget-container\">\n\t\t\t\t\t<ul class=\"elementor-icon-list-items\">\n\t\t\t\t\t\t\t<li class=\"elementor-icon-list-item\">\n\t\t\t\t\t\t\t\t\t\t\t<a href=\"\/site\/wp-content\/uploads\/2024\/06\/LISTA-CHAMAMENTO-ATUALIZADA-EM-14-06-24.pdf\" target=\"_blank\">\n\n\t\t\t\t\t\t\t\t\t\t\t\t<span class=\"elementor-icon-list-icon\">\n\t\t\t\t\t\t\t<i aria-hidden=\"true\" class=\"far fa-file-pdf\"><\/i>\t\t\t\t\t\t<\/span>\n\t\t\t\t\t\t\t\t\t\t<span class=\"elementor-icon-list-text\">Rela\u00e7\u00e3o de Inscritos - Chamamento P\u00fablico PROMATUR N\u00ba 04\/2022 - Habilitados (14\/06\/2024)<\/span>\n\t\t\t\t\t\t\t\t\t\t\t<\/a>\n\t\t\t\t\t\t\t\t\t<\/li>\n\t\t\t\t\t\t\t\t<li class=\"elementor-icon-list-item\">\n\t\t\t\t\t\t\t\t\t\t\t<a href=\"\/site\/wp-content\/uploads\/2023\/06\/RELACAO-DE-INSCRITOS-HABILITADOS-publicacao-no-site-25.05.2023-PDF.pdf\" target=\"_blank\">\n\n\t\t\t\t\t\t\t\t\t\t\t\t<span class=\"elementor-icon-list-icon\">\n\t\t\t\t\t\t\t<i aria-hidden=\"true\" class=\"far fa-file-pdf\"><\/i>\t\t\t\t\t\t<\/span>\n\t\t\t\t\t\t\t\t\t\t<span class=\"elementor-icon-list-text\">Rela\u00e7\u00e3o de Inscritos - Chamamento P\u00fablico PROMATUR N\u00ba 04\/2022 - Habilitados (25\/05\/2023)<\/span>\n\t\t\t\t\t\t\t\t\t\t\t<\/a>\n\t\t\t\t\t\t\t\t\t<\/li>\n\t\t\t\t\t\t\t\t<li class=\"elementor-icon-list-item\">\n\t\t\t\t\t\t\t\t\t\t\t<a href=\"\/site\/wp-content\/uploads\/2023\/04\/RELACAO-DE-INSCRITOS-HABILITADOS-publicacao-no-site-11.04-PDF.pdf\" target=\"_blank\">\n\n\t\t\t\t\t\t\t\t\t\t\t\t<span class=\"elementor-icon-list-icon\">\n\t\t\t\t\t\t\t<i aria-hidden=\"true\" class=\"far fa-file-pdf\"><\/i>\t\t\t\t\t\t<\/span>\n\t\t\t\t\t\t\t\t\t\t<span class=\"elementor-icon-list-text\">Rela\u00e7\u00e3o de Inscritos - Chamamento P\u00fablico PROMATUR N\u00ba 04\/2022 - Habilitados (11\/04\/2023)<\/span>\n\t\t\t\t\t\t\t\t\t\t\t<\/a>\n\t\t\t\t\t\t\t\t\t<\/li>\n\t\t\t\t\t\t\t\t<li class=\"elementor-icon-list-item\">\n\t\t\t\t\t\t\t\t\t\t\t<a href=\"\/site\/wp-content\/uploads\/2022\/12\/RELACAO-DE-INSCRITOS-HABILITADOS-publicacao-no-site-14.12-pdf.pdf\" target=\"_blank\">\n\n\t\t\t\t\t\t\t\t\t\t\t\t<span class=\"elementor-icon-list-icon\">\n\t\t\t\t\t\t\t<i aria-hidden=\"true\" class=\"far fa-file-pdf\"><\/i>\t\t\t\t\t\t<\/span>\n\t\t\t\t\t\t\t\t\t\t<span class=\"elementor-icon-list-text\">Rela\u00e7\u00e3o de Inscritos - Chamamento P\u00fablico PROMATUR N\u00ba 04\/2022 - Habilitados (14\/12\/2022)<\/span>\n\t\t\t\t\t\t\t\t\t\t\t<\/a>\n\t\t\t\t\t\t\t\t\t<\/li>\n\t\t\t\t\t\t\t\t<li class=\"elementor-icon-list-item\">\n\t\t\t\t\t\t\t\t\t\t\t<a href=\"\/site\/wp-content\/uploads\/2022\/09\/Editla-de-Chamamento-Publico-004-2022.pdf\" target=\"_blank\">\n\n\t\t\t\t\t\t\t\t\t\t\t\t<span class=\"elementor-icon-list-icon\">\n\t\t\t\t\t\t\t<i aria-hidden=\"true\" class=\"far fa-file-pdf\"><\/i>\t\t\t\t\t\t<\/span>\n\t\t\t\t\t\t\t\t\t\t<span class=\"elementor-icon-list-text\">Edital de Chamamento P\u00fablico PROMATUR N\u00ba 04\/2022<\/span>\n\t\t\t\t\t\t\t\t\t\t\t<\/a>\n\t\t\t\t\t\t\t\t\t<\/li>\n\t\t\t\t\t\t<\/ul>\n\t\t\t\t<\/div>\n\t\t\t\t<\/div>\n\t\t\t\t\t<\/div>\n\t\t<\/div>\n\t\t\t\t\t\t\t<\/div>\n\t\t<\/section>\n\t\t\t\t\t\t\t<\/div>\n\t\t","protected":false},"excerpt":{"rendered":"<p>Apresenta&ccedil;&otilde;es Musicais no Espa&ccedil;o das Feiras e Eventos Realizados pela Secretaria da Promo&ccedil;&atilde;o Art&iacute;stica, Cultural e Tur&iacute;stica (PROMATUR) Formul&aacute;rio de Inscri&ccedil;&atilde;o Documentos e Editais Rela&ccedil;&atilde;o de Inscritos &ndash; Chamamento P&uacute;blico PROMATUR N&ordm; 04\/2022 &ndash; Habilitados (14\/06\/2024) Rela&ccedil;&atilde;o de Inscritos &ndash; Chamamento P&uacute;blico PROMATUR N&ordm; 04\/2022 &ndash; Habilitados (25\/05\/2023) Rela&ccedil;&atilde;o de Inscritos &ndash; Chamamento P&uacute;blico PROMATUR [&hellip;]<\/p>\n","protected":false},"author":2,"featured_media":0,"parent":0,"menu_order":0,"comment_status":"closed","ping_status":"closed","template":"","meta":{"footnotes":""},"class_list":["post-72390","page","type-page","status-publish","hentry"],"acf":[],"_links":{"self":[{"href":"http:\/\/www.apucarana.pr.gov.br\/site\/wp-json\/wp\/v2\/pages\/72390","targetHints":{"allow":["GET"]}}],"collection":[{"href":"http:\/\/www.apucarana.pr.gov.br\/site\/wp-json\/wp\/v2\/pages"}],"about":[{"href":"http:\/\/www.apucarana.pr.gov.br\/site\/wp-json\/wp\/v2\/types\/page"}],"author":[{"embeddable":true,"href":"http:\/\/www.apucarana.pr.gov.br\/site\/wp-json\/wp\/v2\/users\/2"}],"replies":[{"embeddable":true,"href":"http:\/\/www.apucarana.pr.gov.br\/site\/wp-json\/wp\/v2\/comments?post=72390"}],"version-history":[{"count":5,"href":"http:\/\/www.apucarana.pr.gov.br\/site\/wp-json\/wp\/v2\/pages\/72390\/revisions"}],"predecessor-version":[{"id":98070,"href":"http:\/\/www.apucarana.pr.gov.br\/site\/wp-json\/wp\/v2\/pages\/72390\/revisions\/98070"}],"wp:attachment":[{"href":"http:\/\/www.apucarana.pr.gov.br\/site\/wp-json\/wp\/v2\/media?parent=72390"}],"curies":[{"name":"wp","href":"https:\/\/api.w.org\/{rel}","templated":true}]}}

Chamamento Público PROMATUR 04/2022

<div data-elementor-type="wp-page" data-elementor-id="72390" class="elementor elementor-72390">
									<section class="elementor-section elementor-top-section elementor-element elementor-element-8e2be4a elementor-section-boxed elementor-section-height-default elementor-section-height-default" data-id="8e2be4a" data-element_type="section" data-settings="{&quot;jet_parallax_layout_list&quot;:[{&quot;jet_parallax_layout_image&quot;:{&quot;url&quot;:&quot;&quot;,&quot;id&quot;:&quot;&quot;},&quot;_id&quot;:&quot;0493ed9&quot;,&quot;jet_parallax_layout_image_tablet&quot;:{&quot;url&quot;:&quot;&quot;,&quot;id&quot;:&quot;&quot;},&quot;jet_parallax_layout_image_mobile&quot;:{&quot;url&quot;:&quot;&quot;,&quot;id&quot;:&quot;&quot;},&quot;jet_parallax_layout_speed&quot;:{&quot;unit&quot;:&quot;%&quot;,&quot;size&quot;:50,&quot;sizes&quot;:[]},&quot;jet_parallax_layout_type&quot;:&quot;scroll&quot;,&quot;jet_parallax_layout_direction&quot;:null,&quot;jet_parallax_layout_fx_direction&quot;:null,&quot;jet_parallax_layout_z_index&quot;:&quot;&quot;,&quot;jet_parallax_layout_bg_x&quot;:50,&quot;jet_parallax_layout_bg_x_tablet&quot;:&quot;&quot;,&quot;jet_parallax_layout_bg_x_mobile&quot;:&quot;&quot;,&quot;jet_parallax_layout_bg_y&quot;:50,&quot;jet_parallax_layout_bg_y_tablet&quot;:&quot;&quot;,&quot;jet_parallax_layout_bg_y_mobile&quot;:&quot;&quot;,&quot;jet_parallax_layout_bg_size&quot;:&quot;auto&quot;,&quot;jet_parallax_layout_bg_size_tablet&quot;:&quot;&quot;,&quot;jet_parallax_layout_bg_size_mobile&quot;:&quot;&quot;,&quot;jet_parallax_layout_animation_prop&quot;:&quot;transform&quot;,&quot;jet_parallax_layout_on&quot;:[&quot;desktop&quot;,&quot;tablet&quot;]}]}">
						<div class="elementor-container elementor-column-gap-default">
					<div class="elementor-column elementor-col-100 elementor-top-column elementor-element elementor-element-043a2ba" data-id="043a2ba" data-element_type="column">
			<div class="elementor-widget-wrap elementor-element-populated">
								<div class="elementor-element elementor-element-4cdf529 elementor-align-left elementor-widget elementor-widget-raven-heading" data-id="4cdf529" data-element_type="widget" data-widget_type="raven-heading.default">
				<div class="elementor-widget-container">
					<div class="raven-widget-wrapper"><h4 class="raven-heading raven-heading-h4"><span class="raven-heading-title">Apresentações Musicais no Espaço das Feiras e Eventos Realizados pela Secretaria da Promoção Artística, Cultural e Turística (PROMATUR)</span></h4></div>
				</div>
				</div>
				<div class="elementor-element elementor-element-0e13db8 elementor-align-center elementor-widget elementor-widget-button" data-id="0e13db8" data-element_type="widget" data-widget_type="button.default">
				<div class="elementor-widget-container">
					<div class="elementor-button-wrapper">
			<a href="/site/wp-content/uploads/2022/09/Formulario-de-Inscricao-Chamamento-Publico-04-2022.pdf" target="_blank" rel="nofollow" class="elementor-button-link elementor-button elementor-size-md" role="button">
						<span class="elementor-button-content-wrapper">
						<span class="elementor-button-text">Formulário de Inscrição</span>
		</span>
					</a>
		</div>
				</div>
				</div>
				<div class="elementor-element elementor-element-923f928 elementor-align-left elementor-widget elementor-widget-raven-heading" data-id="923f928" data-element_type="widget" data-widget_type="raven-heading.default">
				<div class="elementor-widget-container">
					<div class="raven-widget-wrapper"><h2 class="raven-heading raven-heading-h2"><span class="raven-heading-title">Documentos e Editais</span></h2></div>
				</div>
				</div>
				<div class="elementor-element elementor-element-de71ac5 default-icon-list elementor-icon-list--layout-traditional elementor-list-item-link-full_width elementor-widget elementor-widget-icon-list" data-id="de71ac5" data-element_type="widget" data-widget_type="icon-list.default">
				<div class="elementor-widget-container">
					<ul class="elementor-icon-list-items">
							<li class="elementor-icon-list-item">
											<a href="/site/wp-content/uploads/2024/06/LISTA-CHAMAMENTO-ATUALIZADA-EM-14-06-24.pdf" target="_blank">

												<span class="elementor-icon-list-icon">
							<i aria-hidden="true" class="far fa-file-pdf"></i>						</span>
										<span class="elementor-icon-list-text">Relação de Inscritos - Chamamento Público PROMATUR Nº 04/2022 - Habilitados (14/06/2024)</span>
											</a>
									</li>
								<li class="elementor-icon-list-item">
											<a href="/site/wp-content/uploads/2023/06/RELACAO-DE-INSCRITOS-HABILITADOS-publicacao-no-site-25.05.2023-PDF.pdf" target="_blank">

												<span class="elementor-icon-list-icon">
							<i aria-hidden="true" class="far fa-file-pdf"></i>						</span>
										<span class="elementor-icon-list-text">Relação de Inscritos - Chamamento Público PROMATUR Nº 04/2022 - Habilitados (25/05/2023)</span>
											</a>
									</li>
								<li class="elementor-icon-list-item">
											<a href="/site/wp-content/uploads/2023/04/RELACAO-DE-INSCRITOS-HABILITADOS-publicacao-no-site-11.04-PDF.pdf" target="_blank">

												<span class="elementor-icon-list-icon">
							<i aria-hidden="true" class="far fa-file-pdf"></i>						</span>
										<span class="elementor-icon-list-text">Relação de Inscritos - Chamamento Público PROMATUR Nº 04/2022 - Habilitados (11/04/2023)</span>
											</a>
									</li>
								<li class="elementor-icon-list-item">
											<a href="/site/wp-content/uploads/2022/12/RELACAO-DE-INSCRITOS-HABILITADOS-publicacao-no-site-14.12-pdf.pdf" target="_blank">

												<span class="elementor-icon-list-icon">
							<i aria-hidden="true" class="far fa-file-pdf"></i>						</span>
										<span class="elementor-icon-list-text">Relação de Inscritos - Chamamento Público PROMATUR Nº 04/2022 - Habilitados (14/12/2022)</span>
											</a>
									</li>
								<li class="elementor-icon-list-item">
											<a href="/site/wp-content/uploads/2022/09/Editla-de-Chamamento-Publico-004-2022.pdf" target="_blank">

												<span class="elementor-icon-list-icon">
							<i aria-hidden="true" class="far fa-file-pdf"></i>						</span>
										<span class="elementor-icon-list-text">Edital de Chamamento Público PROMATUR Nº 04/2022</span>
											</a>
									</li>
						</ul>
				</div>
				</div>
					</div>
		</div>
							</div>
		</section>
							</div>
