{"id":64221,"date":"2022-04-25T13:50:10","date_gmt":"2022-04-25T16:50:10","guid":{"rendered":"http:\/\/www.apucarana.pr.gov.br\/site\/?page_id=64221"},"modified":"2022-04-25T14:04:05","modified_gmt":"2022-04-25T17:04:05","slug":"chamamento-publico-ams-04-2019","status":"publish","type":"page","link":"http:\/\/www.apucarana.pr.gov.br\/site\/chamamentos-publicos\/chamamento-publico-ams-04-2019\/","title":{"rendered":"Chamamento P\u00fablico AMS 04\/2019"},"content":{"rendered":"\t\t<div data-elementor-type=\"wp-page\" data-elementor-id=\"64221\" class=\"elementor elementor-64221\">\n\t\t\t\t\t\t\t\t\t<section class=\"elementor-section elementor-top-section elementor-element elementor-element-59ca477 elementor-section-boxed elementor-section-height-default elementor-section-height-default\" data-id=\"59ca477\" data-element_type=\"section\" data-settings=\"{&quot;jet_parallax_layout_list&quot;:[{&quot;jet_parallax_layout_image&quot;:{&quot;url&quot;:&quot;&quot;,&quot;id&quot;:&quot;&quot;},&quot;_id&quot;:&quot;0493ed9&quot;,&quot;jet_parallax_layout_image_tablet&quot;:{&quot;url&quot;:&quot;&quot;,&quot;id&quot;:&quot;&quot;},&quot;jet_parallax_layout_image_mobile&quot;:{&quot;url&quot;:&quot;&quot;,&quot;id&quot;:&quot;&quot;},&quot;jet_parallax_layout_speed&quot;:{&quot;unit&quot;:&quot;%&quot;,&quot;size&quot;:50,&quot;sizes&quot;:[]},&quot;jet_parallax_layout_type&quot;:&quot;scroll&quot;,&quot;jet_parallax_layout_direction&quot;:null,&quot;jet_parallax_layout_fx_direction&quot;:null,&quot;jet_parallax_layout_z_index&quot;:&quot;&quot;,&quot;jet_parallax_layout_bg_x&quot;:50,&quot;jet_parallax_layout_bg_x_tablet&quot;:&quot;&quot;,&quot;jet_parallax_layout_bg_x_mobile&quot;:&quot;&quot;,&quot;jet_parallax_layout_bg_y&quot;:50,&quot;jet_parallax_layout_bg_y_tablet&quot;:&quot;&quot;,&quot;jet_parallax_layout_bg_y_mobile&quot;:&quot;&quot;,&quot;jet_parallax_layout_bg_size&quot;:&quot;auto&quot;,&quot;jet_parallax_layout_bg_size_tablet&quot;:&quot;&quot;,&quot;jet_parallax_layout_bg_size_mobile&quot;:&quot;&quot;,&quot;jet_parallax_layout_animation_prop&quot;:&quot;transform&quot;,&quot;jet_parallax_layout_on&quot;:[&quot;desktop&quot;,&quot;tablet&quot;]}]}\">\n\t\t\t\t\t\t<div class=\"elementor-container elementor-column-gap-default\">\n\t\t\t\t\t<div class=\"elementor-column elementor-col-100 elementor-top-column elementor-element elementor-element-1867bb6\" data-id=\"1867bb6\" data-element_type=\"column\">\n\t\t\t<div class=\"elementor-widget-wrap elementor-element-populated\">\n\t\t\t\t\t\t\t\t<div class=\"elementor-element elementor-element-040f4e5 elementor-align-left elementor-widget elementor-widget-raven-heading\" data-id=\"040f4e5\" data-element_type=\"widget\" data-widget_type=\"raven-heading.default\">\n\t\t\t\t<div class=\"elementor-widget-container\">\n\t\t\t\t\t<div class=\"raven-widget-wrapper\"><h4 class=\"raven-heading raven-heading-h4\"><span class=\"raven-heading-title\">Credenciamento de Empresa da \u00c1rea M\u00e9dica e Pedi\u00e1trica para Presta\u00e7\u00e3o de Servi\u00e7os de Atendimento em Pediatria e Especialidades Pedi\u00e1tricas, no Centro Infantil e Unidade de Pronto Atendimento de Apucarana (UPA)<\/span><\/h4><\/div>\n\t\t\t\t<\/div>\n\t\t\t\t<\/div>\n\t\t\t\t<div class=\"elementor-element elementor-element-0722c80 elementor-align-center elementor-widget elementor-widget-button\" data-id=\"0722c80\" data-element_type=\"widget\" data-widget_type=\"button.default\">\n\t\t\t\t<div class=\"elementor-widget-container\">\n\t\t\t\t\t<div class=\"elementor-button-wrapper\">\n\t\t\t<a class=\"elementor-button elementor-size-md\" role=\"button\">\n\t\t\t\t\t\t<span class=\"elementor-button-content-wrapper\">\n\t\t\t\t\t\t<span class=\"elementor-button-text\">Mais Informa\u00e7\u00f5es pelo Telefone (43) 3422-5888<\/span>\n\t\t<\/span>\n\t\t\t\t\t<\/a>\n\t\t<\/div>\n\t\t\t\t<\/div>\n\t\t\t\t<\/div>\n\t\t\t\t<div class=\"elementor-element elementor-element-9ea7e5b elementor-align-left elementor-widget elementor-widget-raven-heading\" data-id=\"9ea7e5b\" data-element_type=\"widget\" data-widget_type=\"raven-heading.default\">\n\t\t\t\t<div class=\"elementor-widget-container\">\n\t\t\t\t\t<div class=\"raven-widget-wrapper\"><h2 class=\"raven-heading raven-heading-h2\"><span class=\"raven-heading-title\">Documentos e Editais<\/span><\/h2><\/div>\n\t\t\t\t<\/div>\n\t\t\t\t<\/div>\n\t\t\t\t<div class=\"elementor-element elementor-element-a84f40c default-icon-list elementor-icon-list--layout-traditional elementor-list-item-link-full_width elementor-widget elementor-widget-icon-list\" data-id=\"a84f40c\" data-element_type=\"widget\" data-widget_type=\"icon-list.default\">\n\t\t\t\t<div class=\"elementor-widget-container\">\n\t\t\t\t\t<ul class=\"elementor-icon-list-items\">\n\t\t\t\t\t\t\t<li class=\"elementor-icon-list-item\">\n\t\t\t\t\t\t\t\t\t\t\t<a href=\"\/site\/wp-content\/uploads\/2022\/04\/chProcesso-87-19-CHP-04-19-PEDIATRIA-CENTRO-INFANTIL-CREDENCIAMENTO.pdf\" target=\"_blank\">\n\n\t\t\t\t\t\t\t\t\t\t\t\t<span class=\"elementor-icon-list-icon\">\n\t\t\t\t\t\t\t<i aria-hidden=\"true\" class=\"far fa-file-pdf\"><\/i>\t\t\t\t\t\t<\/span>\n\t\t\t\t\t\t\t\t\t\t<span class=\"elementor-icon-list-text\">Edital de Chamamento P\u00fablico AMS N\u00ba 04\/2019<\/span>\n\t\t\t\t\t\t\t\t\t\t\t<\/a>\n\t\t\t\t\t\t\t\t\t<\/li>\n\t\t\t\t\t\t<\/ul>\n\t\t\t\t<\/div>\n\t\t\t\t<\/div>\n\t\t\t\t\t<\/div>\n\t\t<\/div>\n\t\t\t\t\t\t\t<\/div>\n\t\t<\/section>\n\t\t\t\t\t\t\t<\/div>\n\t\t","protected":false},"excerpt":{"rendered":"<p>Credenciamento de Empresa da &Aacute;rea M&eacute;dica e Pedi&aacute;trica para Presta&ccedil;&atilde;o de Servi&ccedil;os de Atendimento em Pediatria e Especialidades Pedi&aacute;tricas, no Centro Infantil e Unidade de Pronto Atendimento de Apucarana (UPA) Mais Informa&ccedil;&otilde;es pelo Telefone (43) 3422-5888 Documentos e Editais Edital de Chamamento P&uacute;blico AMS N&ordm; 04\/2019<\/p>\n","protected":false},"author":2,"featured_media":0,"parent":64189,"menu_order":0,"comment_status":"closed","ping_status":"closed","template":"","meta":{"footnotes":""},"class_list":["post-64221","page","type-page","status-publish","hentry"],"acf":[],"_links":{"self":[{"href":"http:\/\/www.apucarana.pr.gov.br\/site\/wp-json\/wp\/v2\/pages\/64221","targetHints":{"allow":["GET"]}}],"collection":[{"href":"http:\/\/www.apucarana.pr.gov.br\/site\/wp-json\/wp\/v2\/pages"}],"about":[{"href":"http:\/\/www.apucarana.pr.gov.br\/site\/wp-json\/wp\/v2\/types\/page"}],"author":[{"embeddable":true,"href":"http:\/\/www.apucarana.pr.gov.br\/site\/wp-json\/wp\/v2\/users\/2"}],"replies":[{"embeddable":true,"href":"http:\/\/www.apucarana.pr.gov.br\/site\/wp-json\/wp\/v2\/comments?post=64221"}],"version-history":[{"count":5,"href":"http:\/\/www.apucarana.pr.gov.br\/site\/wp-json\/wp\/v2\/pages\/64221\/revisions"}],"predecessor-version":[{"id":64254,"href":"http:\/\/www.apucarana.pr.gov.br\/site\/wp-json\/wp\/v2\/pages\/64221\/revisions\/64254"}],"up":[{"embeddable":true,"href":"http:\/\/www.apucarana.pr.gov.br\/site\/wp-json\/wp\/v2\/pages\/64189"}],"wp:attachment":[{"href":"http:\/\/www.apucarana.pr.gov.br\/site\/wp-json\/wp\/v2\/media?parent=64221"}],"curies":[{"name":"wp","href":"https:\/\/api.w.org\/{rel}","templated":true}]}}

Chamamento Público AMS 04/2019

<div data-elementor-type="wp-page" data-elementor-id="64221" class="elementor elementor-64221">
									<section class="elementor-section elementor-top-section elementor-element elementor-element-59ca477 elementor-section-boxed elementor-section-height-default elementor-section-height-default" data-id="59ca477" data-element_type="section" data-settings="{&quot;jet_parallax_layout_list&quot;:[{&quot;jet_parallax_layout_image&quot;:{&quot;url&quot;:&quot;&quot;,&quot;id&quot;:&quot;&quot;},&quot;_id&quot;:&quot;0493ed9&quot;,&quot;jet_parallax_layout_image_tablet&quot;:{&quot;url&quot;:&quot;&quot;,&quot;id&quot;:&quot;&quot;},&quot;jet_parallax_layout_image_mobile&quot;:{&quot;url&quot;:&quot;&quot;,&quot;id&quot;:&quot;&quot;},&quot;jet_parallax_layout_speed&quot;:{&quot;unit&quot;:&quot;%&quot;,&quot;size&quot;:50,&quot;sizes&quot;:[]},&quot;jet_parallax_layout_type&quot;:&quot;scroll&quot;,&quot;jet_parallax_layout_direction&quot;:null,&quot;jet_parallax_layout_fx_direction&quot;:null,&quot;jet_parallax_layout_z_index&quot;:&quot;&quot;,&quot;jet_parallax_layout_bg_x&quot;:50,&quot;jet_parallax_layout_bg_x_tablet&quot;:&quot;&quot;,&quot;jet_parallax_layout_bg_x_mobile&quot;:&quot;&quot;,&quot;jet_parallax_layout_bg_y&quot;:50,&quot;jet_parallax_layout_bg_y_tablet&quot;:&quot;&quot;,&quot;jet_parallax_layout_bg_y_mobile&quot;:&quot;&quot;,&quot;jet_parallax_layout_bg_size&quot;:&quot;auto&quot;,&quot;jet_parallax_layout_bg_size_tablet&quot;:&quot;&quot;,&quot;jet_parallax_layout_bg_size_mobile&quot;:&quot;&quot;,&quot;jet_parallax_layout_animation_prop&quot;:&quot;transform&quot;,&quot;jet_parallax_layout_on&quot;:[&quot;desktop&quot;,&quot;tablet&quot;]}]}">
						<div class="elementor-container elementor-column-gap-default">
					<div class="elementor-column elementor-col-100 elementor-top-column elementor-element elementor-element-1867bb6" data-id="1867bb6" data-element_type="column">
			<div class="elementor-widget-wrap elementor-element-populated">
								<div class="elementor-element elementor-element-040f4e5 elementor-align-left elementor-widget elementor-widget-raven-heading" data-id="040f4e5" data-element_type="widget" data-widget_type="raven-heading.default">
				<div class="elementor-widget-container">
					<div class="raven-widget-wrapper"><h4 class="raven-heading raven-heading-h4"><span class="raven-heading-title">Credenciamento de Empresa da Área Médica e Pediátrica para Prestação de Serviços de Atendimento em Pediatria e Especialidades Pediátricas, no Centro Infantil e Unidade de Pronto Atendimento de Apucarana (UPA)</span></h4></div>
				</div>
				</div>
				<div class="elementor-element elementor-element-0722c80 elementor-align-center elementor-widget elementor-widget-button" data-id="0722c80" data-element_type="widget" data-widget_type="button.default">
				<div class="elementor-widget-container">
					<div class="elementor-button-wrapper">
			<a class="elementor-button elementor-size-md" role="button">
						<span class="elementor-button-content-wrapper">
						<span class="elementor-button-text">Mais Informações pelo Telefone (43) 3422-5888</span>
		</span>
					</a>
		</div>
				</div>
				</div>
				<div class="elementor-element elementor-element-9ea7e5b elementor-align-left elementor-widget elementor-widget-raven-heading" data-id="9ea7e5b" data-element_type="widget" data-widget_type="raven-heading.default">
				<div class="elementor-widget-container">
					<div class="raven-widget-wrapper"><h2 class="raven-heading raven-heading-h2"><span class="raven-heading-title">Documentos e Editais</span></h2></div>
				</div>
				</div>
				<div class="elementor-element elementor-element-a84f40c default-icon-list elementor-icon-list--layout-traditional elementor-list-item-link-full_width elementor-widget elementor-widget-icon-list" data-id="a84f40c" data-element_type="widget" data-widget_type="icon-list.default">
				<div class="elementor-widget-container">
					<ul class="elementor-icon-list-items">
							<li class="elementor-icon-list-item">
											<a href="/site/wp-content/uploads/2022/04/chProcesso-87-19-CHP-04-19-PEDIATRIA-CENTRO-INFANTIL-CREDENCIAMENTO.pdf" target="_blank">

												<span class="elementor-icon-list-icon">
							<i aria-hidden="true" class="far fa-file-pdf"></i>						</span>
										<span class="elementor-icon-list-text">Edital de Chamamento Público AMS Nº 04/2019</span>
											</a>
									</li>
						</ul>
				</div>
				</div>
					</div>
		</div>
							</div>
		</section>
							</div>
