{"id":59910,"date":"2022-02-02T11:58:48","date_gmt":"2022-02-02T14:58:48","guid":{"rendered":"http:\/\/www.apucarana.pr.gov.br\/site\/?page_id=59910"},"modified":"2022-02-02T13:00:53","modified_gmt":"2022-02-02T16:00:53","slug":"centros-de-atencao-psicossocial-caps","status":"publish","type":"page","link":"http:\/\/www.apucarana.pr.gov.br\/site\/centros-de-atencao-psicossocial-caps\/","title":{"rendered":"Centros de Aten\u00e7\u00e3o Psicossocial (CAPS)"},"content":{"rendered":"\t\t<div data-elementor-type=\"wp-page\" data-elementor-id=\"59910\" class=\"elementor elementor-59910\">\n\t\t\t\t\t\t\t\t\t<section class=\"elementor-section elementor-top-section elementor-element elementor-element-251082f elementor-section-boxed elementor-section-height-default elementor-section-height-default\" data-id=\"251082f\" data-element_type=\"section\" data-settings=\"{&quot;jet_parallax_layout_list&quot;:[{&quot;jet_parallax_layout_image&quot;:{&quot;url&quot;:&quot;&quot;,&quot;id&quot;:&quot;&quot;},&quot;_id&quot;:&quot;beaa81c&quot;,&quot;jet_parallax_layout_image_tablet&quot;:{&quot;url&quot;:&quot;&quot;,&quot;id&quot;:&quot;&quot;},&quot;jet_parallax_layout_image_mobile&quot;:{&quot;url&quot;:&quot;&quot;,&quot;id&quot;:&quot;&quot;},&quot;jet_parallax_layout_speed&quot;:{&quot;unit&quot;:&quot;%&quot;,&quot;size&quot;:50,&quot;sizes&quot;:[]},&quot;jet_parallax_layout_type&quot;:&quot;scroll&quot;,&quot;jet_parallax_layout_direction&quot;:null,&quot;jet_parallax_layout_fx_direction&quot;:null,&quot;jet_parallax_layout_z_index&quot;:&quot;&quot;,&quot;jet_parallax_layout_bg_x&quot;:50,&quot;jet_parallax_layout_bg_x_tablet&quot;:&quot;&quot;,&quot;jet_parallax_layout_bg_x_mobile&quot;:&quot;&quot;,&quot;jet_parallax_layout_bg_y&quot;:50,&quot;jet_parallax_layout_bg_y_tablet&quot;:&quot;&quot;,&quot;jet_parallax_layout_bg_y_mobile&quot;:&quot;&quot;,&quot;jet_parallax_layout_bg_size&quot;:&quot;auto&quot;,&quot;jet_parallax_layout_bg_size_tablet&quot;:&quot;&quot;,&quot;jet_parallax_layout_bg_size_mobile&quot;:&quot;&quot;,&quot;jet_parallax_layout_animation_prop&quot;:&quot;transform&quot;,&quot;jet_parallax_layout_on&quot;:[&quot;desktop&quot;,&quot;tablet&quot;]}]}\">\n\t\t\t\t\t\t<div class=\"elementor-container elementor-column-gap-default\">\n\t\t\t\t\t<div class=\"elementor-column elementor-col-100 elementor-top-column elementor-element elementor-element-190d6d0\" data-id=\"190d6d0\" data-element_type=\"column\">\n\t\t\t<div class=\"elementor-widget-wrap elementor-element-populated\">\n\t\t\t\t\t\t\t\t<div class=\"elementor-element elementor-element-e2d3562 elementor-widget elementor-widget-text-editor\" data-id=\"e2d3562\" data-element_type=\"widget\" data-widget_type=\"text-editor.default\">\n\t\t\t\t<div class=\"elementor-widget-container\">\n\t\t\t\t\t\t\t<p>A rede de sa\u00fade de Apucarana \u00e9 atendida por dois Centros de Aten\u00e7\u00e3o Psicossocial (CAPS), sendo dois na cidade e outro localizado em Cambira. Nas suas diferentes modalidades, os Centros de Aten\u00e7\u00e3o Psicossocial (CAPS) s\u00e3o pontos de aten\u00e7\u00e3o estrat\u00e9gicos da Rede de Aten\u00e7\u00e3o Psicossocial (RAPS). Ofertam servi\u00e7os de sa\u00fade de car\u00e1ter aberto e comunit\u00e1rio constitu\u00eddo por equipe multiprofissional, que atua sobre a \u00f3tica interdisciplinar e realiza prioritariamente atendimento \u00e0s pessoas com sofrimento ou transtorno mental, incluindo aquelas com necessidades decorrentes do uso de \u00e1lcool e outras drogas.&nbsp;&nbsp;<\/p>\t\t\t\t\t\t<\/div>\n\t\t\t\t<\/div>\n\t\t\t\t<div class=\"elementor-element elementor-element-20dc334 elementor-widget elementor-widget-jet-table\" data-id=\"20dc334\" data-element_type=\"widget\" data-widget_type=\"jet-table.default\">\n\t\t\t\t<div class=\"elementor-widget-container\">\n\t\t\t<div class=\"elementor-jet-table jet-elements\">\n\t\t<div class=\"jet-table-wrapper jet-table-responsive-mobile\">\n\t\t\t<table class=\"jet-table jet-table--fa5-compat\">\n\t\t\t\t<thead class=\"jet-table__head\"><tr class=\"jet-table__head-row\"><th class=\"jet-table__cell elementor-repeater-item-d62df29 jet-table__head-cell\" scope=\"col\"><div class=\"jet-table__cell-inner\"><div class=\"jet-table__cell-content\"><div class=\"jet-table__cell-text\">Unidade<\/div><\/div><\/div><\/th><th class=\"jet-table__cell elementor-repeater-item-fa8380a jet-table__head-cell\" scope=\"col\"><div class=\"jet-table__cell-inner\"><div class=\"jet-table__cell-content\"><div class=\"jet-table__cell-text\">Telefone<\/div><\/div><\/div><\/th><th class=\"jet-table__cell elementor-repeater-item-e406f80 jet-table__head-cell\" scope=\"col\"><div class=\"jet-table__cell-inner\"><div class=\"jet-table__cell-content\"><div class=\"jet-table__cell-text\">Endere\u00e7o<\/div><\/div><\/div><\/th><th class=\"jet-table__cell elementor-repeater-item-be4b56a jet-table__head-cell\" scope=\"col\"><div class=\"jet-table__cell-inner\"><div class=\"jet-table__cell-content\"><div class=\"jet-table__cell-text\">Atendimento<\/div><\/div><\/div><\/th><\/tr><\/thead>\n\t\t\t\t\t\t\t\t<tbody class=\"jet-table__body\"><tr class=\"jet-table__body-row elementor-repeater-item-3c098d7\"><td class=\"jet-table__cell elementor-repeater-item-5a4fb74 jet-table__body-cell\"><div class=\"jet-table__cell-inner\"><div class=\"jet-table__cell-content\"><div class=\"jet-table__cell-text\">CAPS AD<\/div><\/div><\/div><\/td><td class=\"jet-table__cell elementor-repeater-item-58647a4 jet-table__body-cell\"><div class=\"jet-table__cell-inner\"><div class=\"jet-table__cell-content\"><div class=\"jet-table__cell-text\">(43) 3901-1048<\/div><\/div><\/div><\/td><td class=\"jet-table__cell elementor-repeater-item-e8261bd jet-table__body-cell\"><div class=\"jet-table__cell-inner\"><div class=\"jet-table__cell-content\"><div class=\"jet-table__cell-text\">Rua Irm\u00e3 Eleot\u00e9ria, 328 &#8211; Centro<\/div><\/div><\/div><\/td><td class=\"jet-table__cell elementor-repeater-item-7ae5c3b jet-table__body-cell\"><div class=\"jet-table__cell-inner\"><div class=\"jet-table__cell-content\"><div class=\"jet-table__cell-text\">Segunda a sexta-feira, das 8h \u00e0s 17h<\/div><\/div><\/div><\/td><\/tr><tr class=\"jet-table__body-row elementor-repeater-item-55873ac\"><td class=\"jet-table__cell elementor-repeater-item-8ea4eeb jet-table__body-cell\"><div class=\"jet-table__cell-inner\"><div class=\"jet-table__cell-content\"><div class=\"jet-table__cell-text\">CAPS Cambira<\/div><\/div><\/div><\/td><td class=\"jet-table__cell elementor-repeater-item-371d590 jet-table__body-cell\"><div class=\"jet-table__cell-inner\"><div class=\"jet-table__cell-content\"><div class=\"jet-table__cell-text\">(43) 3436-1686<\/div><\/div><\/div><\/td><td class=\"jet-table__cell elementor-repeater-item-b15d065 jet-table__body-cell\"><div class=\"jet-table__cell-inner\"><div class=\"jet-table__cell-content\"><div class=\"jet-table__cell-text\">Rua Natal, 05 &#8211; Centro<\/div><\/div><\/div><\/td><td class=\"jet-table__cell elementor-repeater-item-f4f5346 jet-table__body-cell\"><div class=\"jet-table__cell-inner\"><div class=\"jet-table__cell-content\"><div class=\"jet-table__cell-text\">Segunda a sexta-feira, das 8h \u00e0s 17h<\/div><\/div><\/div><\/td><\/tr><tr class=\"jet-table__body-row elementor-repeater-item-ffa0b9e\"><td class=\"jet-table__cell elementor-repeater-item-6609f7b jet-table__body-cell\"><div class=\"jet-table__cell-inner\"><div class=\"jet-table__cell-content\"><div class=\"jet-table__cell-text\">CAPS IJ<\/div><\/div><\/div><\/td><td class=\"jet-table__cell elementor-repeater-item-e6bda37 jet-table__body-cell\"><div class=\"jet-table__cell-inner\"><div class=\"jet-table__cell-content\"><div class=\"jet-table__cell-text\">(43) 3901-1047<\/div><\/div><\/div><\/td><td class=\"jet-table__cell elementor-repeater-item-720687e jet-table__body-cell\"><div class=\"jet-table__cell-inner\"><div class=\"jet-table__cell-content\"><div class=\"jet-table__cell-text\">Rua Coronel Luiz Jos\u00e9 dos Santos, 263 &#8211; Centro<\/div><\/div><\/div><\/td><td class=\"jet-table__cell elementor-repeater-item-3ffa209 jet-table__body-cell\"><div class=\"jet-table__cell-inner\"><div class=\"jet-table__cell-content\"><div class=\"jet-table__cell-text\">Segunda a sexta-feira, das 8h \u00e0s 17h<\/div><\/div><\/div><\/td><\/tr><tr class=\"jet-table__body-row elementor-repeater-item-da97eae\"><\/tr><\/tbody>\n\t\t\t<\/table>\n\t\t<\/div>\n\n\t\t<\/div>\t\t<\/div>\n\t\t\t\t<\/div>\n\t\t\t\t\t<\/div>\n\t\t<\/div>\n\t\t\t\t\t\t\t<\/div>\n\t\t<\/section>\n\t\t\t\t\t\t\t<\/div>\n\t\t","protected":false},"excerpt":{"rendered":"<p>A rede de sa&uacute;de de Apucarana &eacute; atendida por dois Centros de Aten&ccedil;&atilde;o Psicossocial (CAPS), sendo dois na cidade e outro localizado em Cambira. Nas suas diferentes modalidades, os Centros de Aten&ccedil;&atilde;o Psicossocial (CAPS) s&atilde;o pontos de aten&ccedil;&atilde;o estrat&eacute;gicos da Rede de Aten&ccedil;&atilde;o Psicossocial (RAPS). Ofertam servi&ccedil;os de sa&uacute;de de car&aacute;ter aberto e comunit&aacute;rio constitu&iacute;do [&hellip;]<\/p>\n","protected":false},"author":2,"featured_media":0,"parent":0,"menu_order":0,"comment_status":"closed","ping_status":"closed","template":"","meta":{"footnotes":""},"class_list":["post-59910","page","type-page","status-publish","hentry"],"acf":[],"_links":{"self":[{"href":"http:\/\/www.apucarana.pr.gov.br\/site\/wp-json\/wp\/v2\/pages\/59910","targetHints":{"allow":["GET"]}}],"collection":[{"href":"http:\/\/www.apucarana.pr.gov.br\/site\/wp-json\/wp\/v2\/pages"}],"about":[{"href":"http:\/\/www.apucarana.pr.gov.br\/site\/wp-json\/wp\/v2\/types\/page"}],"author":[{"embeddable":true,"href":"http:\/\/www.apucarana.pr.gov.br\/site\/wp-json\/wp\/v2\/users\/2"}],"replies":[{"embeddable":true,"href":"http:\/\/www.apucarana.pr.gov.br\/site\/wp-json\/wp\/v2\/comments?post=59910"}],"version-history":[{"count":5,"href":"http:\/\/www.apucarana.pr.gov.br\/site\/wp-json\/wp\/v2\/pages\/59910\/revisions"}],"predecessor-version":[{"id":59929,"href":"http:\/\/www.apucarana.pr.gov.br\/site\/wp-json\/wp\/v2\/pages\/59910\/revisions\/59929"}],"wp:attachment":[{"href":"http:\/\/www.apucarana.pr.gov.br\/site\/wp-json\/wp\/v2\/media?parent=59910"}],"curies":[{"name":"wp","href":"https:\/\/api.w.org\/{rel}","templated":true}]}}

Centros de Atenção Psicossocial (CAPS)

<div data-elementor-type="wp-page" data-elementor-id="59910" class="elementor elementor-59910">
									<section class="elementor-section elementor-top-section elementor-element elementor-element-251082f elementor-section-boxed elementor-section-height-default elementor-section-height-default" data-id="251082f" data-element_type="section" data-settings="{&quot;jet_parallax_layout_list&quot;:[{&quot;jet_parallax_layout_image&quot;:{&quot;url&quot;:&quot;&quot;,&quot;id&quot;:&quot;&quot;},&quot;_id&quot;:&quot;beaa81c&quot;,&quot;jet_parallax_layout_image_tablet&quot;:{&quot;url&quot;:&quot;&quot;,&quot;id&quot;:&quot;&quot;},&quot;jet_parallax_layout_image_mobile&quot;:{&quot;url&quot;:&quot;&quot;,&quot;id&quot;:&quot;&quot;},&quot;jet_parallax_layout_speed&quot;:{&quot;unit&quot;:&quot;%&quot;,&quot;size&quot;:50,&quot;sizes&quot;:[]},&quot;jet_parallax_layout_type&quot;:&quot;scroll&quot;,&quot;jet_parallax_layout_direction&quot;:null,&quot;jet_parallax_layout_fx_direction&quot;:null,&quot;jet_parallax_layout_z_index&quot;:&quot;&quot;,&quot;jet_parallax_layout_bg_x&quot;:50,&quot;jet_parallax_layout_bg_x_tablet&quot;:&quot;&quot;,&quot;jet_parallax_layout_bg_x_mobile&quot;:&quot;&quot;,&quot;jet_parallax_layout_bg_y&quot;:50,&quot;jet_parallax_layout_bg_y_tablet&quot;:&quot;&quot;,&quot;jet_parallax_layout_bg_y_mobile&quot;:&quot;&quot;,&quot;jet_parallax_layout_bg_size&quot;:&quot;auto&quot;,&quot;jet_parallax_layout_bg_size_tablet&quot;:&quot;&quot;,&quot;jet_parallax_layout_bg_size_mobile&quot;:&quot;&quot;,&quot;jet_parallax_layout_animation_prop&quot;:&quot;transform&quot;,&quot;jet_parallax_layout_on&quot;:[&quot;desktop&quot;,&quot;tablet&quot;]}]}">
						<div class="elementor-container elementor-column-gap-default">
					<div class="elementor-column elementor-col-100 elementor-top-column elementor-element elementor-element-190d6d0" data-id="190d6d0" data-element_type="column">
			<div class="elementor-widget-wrap elementor-element-populated">
								<div class="elementor-element elementor-element-e2d3562 elementor-widget elementor-widget-text-editor" data-id="e2d3562" data-element_type="widget" data-widget_type="text-editor.default">
				<div class="elementor-widget-container">
							<p>A rede de saúde de Apucarana é atendida por dois Centros de Atenção Psicossocial (CAPS), sendo dois na cidade e outro localizado em Cambira. Nas suas diferentes modalidades, os Centros de Atenção Psicossocial (CAPS) são pontos de atenção estratégicos da Rede de Atenção Psicossocial (RAPS). Ofertam serviços de saúde de caráter aberto e comunitário constituído por equipe multiprofissional, que atua sobre a ótica interdisciplinar e realiza prioritariamente atendimento às pessoas com sofrimento ou transtorno mental, incluindo aquelas com necessidades decorrentes do uso de álcool e outras drogas.&nbsp;&nbsp;</p>						</div>
				</div>
				<div class="elementor-element elementor-element-20dc334 elementor-widget elementor-widget-jet-table" data-id="20dc334" data-element_type="widget" data-widget_type="jet-table.default">
				<div class="elementor-widget-container">
			<div class="elementor-jet-table jet-elements">
		<div class="jet-table-wrapper jet-table-responsive-mobile">
			<table class="jet-table jet-table--fa5-compat">
				<thead class="jet-table__head"><tr class="jet-table__head-row"><th class="jet-table__cell elementor-repeater-item-d62df29 jet-table__head-cell" scope="col"><div class="jet-table__cell-inner"><div class="jet-table__cell-content"><div class="jet-table__cell-text">Unidade</div></div></div></th><th class="jet-table__cell elementor-repeater-item-fa8380a jet-table__head-cell" scope="col"><div class="jet-table__cell-inner"><div class="jet-table__cell-content"><div class="jet-table__cell-text">Telefone</div></div></div></th><th class="jet-table__cell elementor-repeater-item-e406f80 jet-table__head-cell" scope="col"><div class="jet-table__cell-inner"><div class="jet-table__cell-content"><div class="jet-table__cell-text">Endereço</div></div></div></th><th class="jet-table__cell elementor-repeater-item-be4b56a jet-table__head-cell" scope="col"><div class="jet-table__cell-inner"><div class="jet-table__cell-content"><div class="jet-table__cell-text">Atendimento</div></div></div></th></tr></thead>
								<tbody class="jet-table__body"><tr class="jet-table__body-row elementor-repeater-item-3c098d7"><td class="jet-table__cell elementor-repeater-item-5a4fb74 jet-table__body-cell"><div class="jet-table__cell-inner"><div class="jet-table__cell-content"><div class="jet-table__cell-text">CAPS AD</div></div></div></td><td class="jet-table__cell elementor-repeater-item-58647a4 jet-table__body-cell"><div class="jet-table__cell-inner"><div class="jet-table__cell-content"><div class="jet-table__cell-text">(43) 3901-1048</div></div></div></td><td class="jet-table__cell elementor-repeater-item-e8261bd jet-table__body-cell"><div class="jet-table__cell-inner"><div class="jet-table__cell-content"><div class="jet-table__cell-text">Rua Irmã Eleotéria, 328 &#8211; Centro</div></div></div></td><td class="jet-table__cell elementor-repeater-item-7ae5c3b jet-table__body-cell"><div class="jet-table__cell-inner"><div class="jet-table__cell-content"><div class="jet-table__cell-text">Segunda a sexta-feira, das 8h às 17h</div></div></div></td></tr><tr class="jet-table__body-row elementor-repeater-item-55873ac"><td class="jet-table__cell elementor-repeater-item-8ea4eeb jet-table__body-cell"><div class="jet-table__cell-inner"><div class="jet-table__cell-content"><div class="jet-table__cell-text">CAPS Cambira</div></div></div></td><td class="jet-table__cell elementor-repeater-item-371d590 jet-table__body-cell"><div class="jet-table__cell-inner"><div class="jet-table__cell-content"><div class="jet-table__cell-text">(43) 3436-1686</div></div></div></td><td class="jet-table__cell elementor-repeater-item-b15d065 jet-table__body-cell"><div class="jet-table__cell-inner"><div class="jet-table__cell-content"><div class="jet-table__cell-text">Rua Natal, 05 &#8211; Centro</div></div></div></td><td class="jet-table__cell elementor-repeater-item-f4f5346 jet-table__body-cell"><div class="jet-table__cell-inner"><div class="jet-table__cell-content"><div class="jet-table__cell-text">Segunda a sexta-feira, das 8h às 17h</div></div></div></td></tr><tr class="jet-table__body-row elementor-repeater-item-ffa0b9e"><td class="jet-table__cell elementor-repeater-item-6609f7b jet-table__body-cell"><div class="jet-table__cell-inner"><div class="jet-table__cell-content"><div class="jet-table__cell-text">CAPS IJ</div></div></div></td><td class="jet-table__cell elementor-repeater-item-e6bda37 jet-table__body-cell"><div class="jet-table__cell-inner"><div class="jet-table__cell-content"><div class="jet-table__cell-text">(43) 3901-1047</div></div></div></td><td class="jet-table__cell elementor-repeater-item-720687e jet-table__body-cell"><div class="jet-table__cell-inner"><div class="jet-table__cell-content"><div class="jet-table__cell-text">Rua Coronel Luiz José dos Santos, 263 &#8211; Centro</div></div></div></td><td class="jet-table__cell elementor-repeater-item-3ffa209 jet-table__body-cell"><div class="jet-table__cell-inner"><div class="jet-table__cell-content"><div class="jet-table__cell-text">Segunda a sexta-feira, das 8h às 17h</div></div></div></td></tr><tr class="jet-table__body-row elementor-repeater-item-da97eae"></tr></tbody>
			</table>
		</div>

		</div>		</div>
				</div>
					</div>
		</div>
							</div>
		</section>
							</div>
