{"id":59888,"date":"2022-02-02T10:39:46","date_gmt":"2022-02-02T13:39:46","guid":{"rendered":"http:\/\/www.apucarana.pr.gov.br\/site\/?page_id=59888"},"modified":"2025-09-12T08:21:36","modified_gmt":"2025-09-12T11:21:36","slug":"centro-de-referencia-da-assistencia-social-cras","status":"publish","type":"page","link":"http:\/\/www.apucarana.pr.gov.br\/site\/centro-de-referencia-da-assistencia-social-cras\/","title":{"rendered":"Centro de Refer\u00eancia da Assist\u00eancia Social (CRAS)"},"content":{"rendered":"\t\t<div data-elementor-type=\"wp-page\" data-elementor-id=\"59888\" class=\"elementor elementor-59888\">\n\t\t\t\t\t\t\t\t\t<section class=\"elementor-section elementor-top-section elementor-element elementor-element-800b163 elementor-section-boxed elementor-section-height-default elementor-section-height-default\" data-id=\"800b163\" data-element_type=\"section\" data-settings=\"{&quot;jet_parallax_layout_list&quot;:[{&quot;jet_parallax_layout_image&quot;:{&quot;url&quot;:&quot;&quot;,&quot;id&quot;:&quot;&quot;},&quot;_id&quot;:&quot;28959b6&quot;,&quot;jet_parallax_layout_image_tablet&quot;:{&quot;url&quot;:&quot;&quot;,&quot;id&quot;:&quot;&quot;},&quot;jet_parallax_layout_image_mobile&quot;:{&quot;url&quot;:&quot;&quot;,&quot;id&quot;:&quot;&quot;},&quot;jet_parallax_layout_speed&quot;:{&quot;unit&quot;:&quot;%&quot;,&quot;size&quot;:50,&quot;sizes&quot;:[]},&quot;jet_parallax_layout_type&quot;:&quot;scroll&quot;,&quot;jet_parallax_layout_direction&quot;:null,&quot;jet_parallax_layout_fx_direction&quot;:null,&quot;jet_parallax_layout_z_index&quot;:&quot;&quot;,&quot;jet_parallax_layout_bg_x&quot;:50,&quot;jet_parallax_layout_bg_x_tablet&quot;:&quot;&quot;,&quot;jet_parallax_layout_bg_x_mobile&quot;:&quot;&quot;,&quot;jet_parallax_layout_bg_y&quot;:50,&quot;jet_parallax_layout_bg_y_tablet&quot;:&quot;&quot;,&quot;jet_parallax_layout_bg_y_mobile&quot;:&quot;&quot;,&quot;jet_parallax_layout_bg_size&quot;:&quot;auto&quot;,&quot;jet_parallax_layout_bg_size_tablet&quot;:&quot;&quot;,&quot;jet_parallax_layout_bg_size_mobile&quot;:&quot;&quot;,&quot;jet_parallax_layout_animation_prop&quot;:&quot;transform&quot;,&quot;jet_parallax_layout_on&quot;:[&quot;desktop&quot;,&quot;tablet&quot;]}]}\">\n\t\t\t\t\t\t<div class=\"elementor-container elementor-column-gap-default\">\n\t\t\t\t\t<div class=\"elementor-column elementor-col-100 elementor-top-column elementor-element elementor-element-55eef67\" data-id=\"55eef67\" data-element_type=\"column\">\n\t\t\t<div class=\"elementor-widget-wrap elementor-element-populated\">\n\t\t\t\t\t\t\t\t<div class=\"elementor-element elementor-element-5648410 elementor-widget elementor-widget-text-editor\" data-id=\"5648410\" data-element_type=\"widget\" data-widget_type=\"text-editor.default\">\n\t\t\t\t<div class=\"elementor-widget-container\">\n\t\t\t\t\t\t\t<p>Apucarana conta com seis Centros de Refer\u00eancia da Assist\u00eancia Social (CRAS), sendo dois deles unidades de apoio.<\/p><p>O CRAS \u00e9 a porta de entrada da assist\u00eancia social. \u00c9 um local p\u00fablico, localizado prioritariamente em \u00e1reas de maior vulnerabilidade social, onde s\u00e3o oferecidos os servi\u00e7os de assist\u00eancia social, com o objetivo de fortalecer a conviv\u00eancia com a fam\u00edlia e com a comunidade.<\/p><p>O CRAS oferta o Servi\u00e7o de Prote\u00e7\u00e3o e Atendimento Integral \u00e0 Fam\u00edlia (Paif) e o Servi\u00e7o de Conviv\u00eancia e Fortalecimento de V\u00ednculos (SCFV).<\/p><p>No CRAS, os cidad\u00e3os tamb\u00e9m s\u00e3o orientados sobre os benef\u00edcios assistenciais e podem ser inscritos no Cadastro \u00danico para Programas Sociais do Governo Federal. O p\u00fablico atendido s\u00e3o fam\u00edlias e indiv\u00edduos em situa\u00e7\u00e3o grave de desprote\u00e7\u00e3o, pessoas com defici\u00eancia, idosos, crian\u00e7as retiradas do trabalho infantil, pessoas inseridas no Cadastro \u00danico, benefici\u00e1rios do Programa Bolsa Fam\u00edlia e do Benef\u00edcio de Presta\u00e7\u00e3o Continuada (BPC), entre outros.<\/p>\t\t\t\t\t\t<\/div>\n\t\t\t\t<\/div>\n\t\t\t\t<div class=\"elementor-element elementor-element-a0f0ce5 elementor-widget elementor-widget-jet-table\" data-id=\"a0f0ce5\" data-element_type=\"widget\" data-widget_type=\"jet-table.default\">\n\t\t\t\t<div class=\"elementor-widget-container\">\n\t\t\t<div class=\"elementor-jet-table jet-elements\">\n\t\t<div class=\"jet-table-wrapper jet-table-responsive-mobile\">\n\t\t\t<table class=\"jet-table jet-table--fa5-compat\">\n\t\t\t\t<thead class=\"jet-table__head\"><tr class=\"jet-table__head-row\"><th class=\"jet-table__cell elementor-repeater-item-d62df29 jet-table__head-cell\" scope=\"col\"><div class=\"jet-table__cell-inner\"><div class=\"jet-table__cell-content\"><div class=\"jet-table__cell-text\">Unidade<\/div><\/div><\/div><\/th><th class=\"jet-table__cell elementor-repeater-item-fa8380a jet-table__head-cell\" scope=\"col\"><div class=\"jet-table__cell-inner\"><div class=\"jet-table__cell-content\"><div class=\"jet-table__cell-text\">Telefone<\/div><\/div><\/div><\/th><th class=\"jet-table__cell elementor-repeater-item-e406f80 jet-table__head-cell\" scope=\"col\"><div class=\"jet-table__cell-inner\"><div class=\"jet-table__cell-content\"><div class=\"jet-table__cell-text\">Endere\u00e7o<\/div><\/div><\/div><\/th><th class=\"jet-table__cell elementor-repeater-item-be4b56a jet-table__head-cell\" scope=\"col\"><div class=\"jet-table__cell-inner\"><div class=\"jet-table__cell-content\"><div class=\"jet-table__cell-text\">Atendimento<\/div><\/div><\/div><\/th><\/tr><\/thead>\n\t\t\t\t\t\t\t\t<tbody class=\"jet-table__body\"><tr class=\"jet-table__body-row elementor-repeater-item-3c098d7\"><td class=\"jet-table__cell elementor-repeater-item-5a4fb74 jet-table__body-cell\"><div class=\"jet-table__cell-inner\"><div class=\"jet-table__cell-content\"><div class=\"jet-table__cell-text\">CRAS I<\/div><\/div><\/div><\/td><td class=\"jet-table__cell elementor-repeater-item-58647a4 jet-table__body-cell\"><div class=\"jet-table__cell-inner\"><div class=\"jet-table__cell-content\"><div class=\"jet-table__cell-text\">(43) 3308-1451 <br>\n(43) 99967-0335 (WhatsApp)<\/div><\/div><\/div><\/td><td class=\"jet-table__cell elementor-repeater-item-e8261bd jet-table__body-cell\"><div class=\"jet-table__cell-inner\"><div class=\"jet-table__cell-content\"><div class=\"jet-table__cell-text\">Avenida Central do Paran\u00e1, 1420 &#8211; <br>\nJardim Am\u00e9rica<\/div><\/div><\/div><\/td><td class=\"jet-table__cell elementor-repeater-item-7ae5c3b jet-table__body-cell\"><div class=\"jet-table__cell-inner\"><div class=\"jet-table__cell-content\"><div class=\"jet-table__cell-text\">Segunda a sexta-feira, das 8h \u00e0s 17h<\/div><\/div><\/div><\/td><\/tr><tr class=\"jet-table__body-row elementor-repeater-item-55873ac\"><td class=\"jet-table__cell elementor-repeater-item-8ea4eeb jet-table__body-cell\"><div class=\"jet-table__cell-inner\"><div class=\"jet-table__cell-content\"><div class=\"jet-table__cell-text\">CRAS II<\/div><\/div><\/div><\/td><td class=\"jet-table__cell elementor-repeater-item-371d590 jet-table__body-cell\"><div class=\"jet-table__cell-inner\"><div class=\"jet-table__cell-content\"><div class=\"jet-table__cell-text\">(43) 3308-1452 <br>\n(43) 99654-6745 <br>\n(43) 99654-8292 (WhatsApp)<\/div><\/div><\/div><\/td><td class=\"jet-table__cell elementor-repeater-item-b15d065 jet-table__body-cell\"><div class=\"jet-table__cell-inner\"><div class=\"jet-table__cell-content\"><div class=\"jet-table__cell-text\">Rua Ilson Ferreira Guerra, 15 &#8211; <br>\nResidencial Sumatra II<\/div><\/div><\/div><\/td><td class=\"jet-table__cell elementor-repeater-item-f4f5346 jet-table__body-cell\"><div class=\"jet-table__cell-inner\"><div class=\"jet-table__cell-content\"><div class=\"jet-table__cell-text\">Segunda a sexta-feira, das 8h \u00e0s 17h<\/div><\/div><\/div><\/td><\/tr><tr class=\"jet-table__body-row elementor-repeater-item-ffa0b9e\"><td class=\"jet-table__cell elementor-repeater-item-6609f7b jet-table__body-cell\"><div class=\"jet-table__cell-inner\"><div class=\"jet-table__cell-content\"><div class=\"jet-table__cell-text\">CRAS III<\/div><\/div><\/div><\/td><td class=\"jet-table__cell elementor-repeater-item-e6bda37 jet-table__body-cell\"><div class=\"jet-table__cell-inner\"><div class=\"jet-table__cell-content\"><div class=\"jet-table__cell-text\">(43) 3308-1453 <br>\n(43) 99654-6767 <br>\n(43) 99654-8481 (WhatsApp)<\/div><\/div><\/div><\/td><td class=\"jet-table__cell elementor-repeater-item-720687e jet-table__body-cell\"><div class=\"jet-table__cell-inner\"><div class=\"jet-table__cell-content\"><div class=\"jet-table__cell-text\">Rua Jos\u00e9 Garcia Perez, 111 &#8211; <br>\nVila Reis<\/div><\/div><\/div><\/td><td class=\"jet-table__cell elementor-repeater-item-3ffa209 jet-table__body-cell\"><div class=\"jet-table__cell-inner\"><div class=\"jet-table__cell-content\"><div class=\"jet-table__cell-text\">Segunda a sexta-feira, das 8h \u00e0s 17h<\/div><\/div><\/div><\/td><\/tr><tr class=\"jet-table__body-row elementor-repeater-item-90e8ad1\"><td class=\"jet-table__cell elementor-repeater-item-04a1763 jet-table__body-cell\"><div class=\"jet-table__cell-inner\"><div class=\"jet-table__cell-content\"><div class=\"jet-table__cell-text\">CRAS IV<\/div><\/div><\/div><\/td><td class=\"jet-table__cell elementor-repeater-item-eda66af jet-table__body-cell\"><div class=\"jet-table__cell-inner\"><div class=\"jet-table__cell-content\"><div class=\"jet-table__cell-text\">(43) 3308-1454 <br>\n(43) 99654-6784 <br>\n(43) 99654-8467 (WhatsApp)<\/div><\/div><\/div><\/td><td class=\"jet-table__cell elementor-repeater-item-0d21980 jet-table__body-cell\"><div class=\"jet-table__cell-inner\"><div class=\"jet-table__cell-content\"><div class=\"jet-table__cell-text\">Travessa Padre Tito Cerasoli, 63 &#8211; <br>\nVila Regina<\/div><\/div><\/div><\/td><td class=\"jet-table__cell elementor-repeater-item-60a2d58 jet-table__body-cell\"><div class=\"jet-table__cell-inner\"><div class=\"jet-table__cell-content\"><div class=\"jet-table__cell-text\">Segunda a sexta-feira, das 8h \u00e0s 17h<\/div><\/div><\/div><\/td><\/tr><tr class=\"jet-table__body-row elementor-repeater-item-da97eae\"><td class=\"jet-table__cell elementor-repeater-item-7a6639a jet-table__body-cell\"><div class=\"jet-table__cell-inner\"><div class=\"jet-table__cell-content\"><div class=\"jet-table__cell-text\">CRAS de apoio ao CRAS I<\/div><\/div><\/div><\/td><td class=\"jet-table__cell elementor-repeater-item-3ea3346 jet-table__body-cell\"><div class=\"jet-table__cell-inner\"><div class=\"jet-table__cell-content\"><div class=\"jet-table__cell-text\">(43) 3308-1449 <br>\n(43) 99654-6414 (WhatsApp)<\/div><\/div><\/div><\/td><td class=\"jet-table__cell elementor-repeater-item-d595dfd jet-table__body-cell\"><div class=\"jet-table__cell-inner\"><div class=\"jet-table__cell-content\"><div class=\"jet-table__cell-text\">Rua Cec\u00edlio Luz, 145 &#8211; <br>\nLoteamento Sanches dos Santos<\/div><\/div><\/div><\/td><td class=\"jet-table__cell elementor-repeater-item-d8faedf jet-table__body-cell\"><div class=\"jet-table__cell-inner\"><div class=\"jet-table__cell-content\"><div class=\"jet-table__cell-text\">Segunda a sexta-feira, das 8h \u00e0s 17h<\/div><\/div><\/div><\/td><\/tr><tr class=\"jet-table__body-row elementor-repeater-item-8deb121\"><td class=\"jet-table__cell elementor-repeater-item-dcf45c0 jet-table__body-cell\"><div class=\"jet-table__cell-inner\"><div class=\"jet-table__cell-content\"><div class=\"jet-table__cell-text\">CRAS de apoio ao CRAS III<\/div><\/div><\/div><\/td><td class=\"jet-table__cell elementor-repeater-item-5f5ca4c jet-table__body-cell\"><div class=\"jet-table__cell-inner\"><div class=\"jet-table__cell-content\"><div class=\"jet-table__cell-text\">(43) 3308-1420 <br>\n(43) 99654-7203 (WhatsApp)<\/div><\/div><\/div><\/td><td class=\"jet-table__cell elementor-repeater-item-815ff7e jet-table__body-cell\"><div class=\"jet-table__cell-inner\"><div class=\"jet-table__cell-content\"><div class=\"jet-table__cell-text\">Rua Santa Rita, 202 &#8211; <br>\nVila Nossa Senhora da Aparecida<\/div><\/div><\/div><\/td><td class=\"jet-table__cell elementor-repeater-item-c67419a jet-table__body-cell\"><div class=\"jet-table__cell-inner\"><div class=\"jet-table__cell-content\"><div class=\"jet-table__cell-text\">Segunda a sexta-feira, das 8h \u00e0s 17h<\/div><\/div><\/div><\/td><\/tr><\/tbody>\n\t\t\t<\/table>\n\t\t<\/div>\n\n\t\t<\/div>\t\t<\/div>\n\t\t\t\t<\/div>\n\t\t\t\t\t<\/div>\n\t\t<\/div>\n\t\t\t\t\t\t\t<\/div>\n\t\t<\/section>\n\t\t\t\t\t\t\t<\/div>\n\t\t","protected":false},"excerpt":{"rendered":"<p>Apucarana conta com seis Centros de Refer&ecirc;ncia da Assist&ecirc;ncia Social (CRAS), sendo dois deles unidades de apoio. O CRAS &eacute; a porta de entrada da assist&ecirc;ncia social. &Eacute; um local p&uacute;blico, localizado prioritariamente em &aacute;reas de maior vulnerabilidade social, onde s&atilde;o oferecidos os servi&ccedil;os de assist&ecirc;ncia social, com o objetivo de fortalecer a conviv&ecirc;ncia com [&hellip;]<\/p>\n","protected":false},"author":2,"featured_media":0,"parent":0,"menu_order":0,"comment_status":"closed","ping_status":"closed","template":"","meta":{"footnotes":""},"class_list":["post-59888","page","type-page","status-publish","hentry"],"acf":[],"_links":{"self":[{"href":"http:\/\/www.apucarana.pr.gov.br\/site\/wp-json\/wp\/v2\/pages\/59888","targetHints":{"allow":["GET"]}}],"collection":[{"href":"http:\/\/www.apucarana.pr.gov.br\/site\/wp-json\/wp\/v2\/pages"}],"about":[{"href":"http:\/\/www.apucarana.pr.gov.br\/site\/wp-json\/wp\/v2\/types\/page"}],"author":[{"embeddable":true,"href":"http:\/\/www.apucarana.pr.gov.br\/site\/wp-json\/wp\/v2\/users\/2"}],"replies":[{"embeddable":true,"href":"http:\/\/www.apucarana.pr.gov.br\/site\/wp-json\/wp\/v2\/comments?post=59888"}],"version-history":[{"count":5,"href":"http:\/\/www.apucarana.pr.gov.br\/site\/wp-json\/wp\/v2\/pages\/59888\/revisions"}],"predecessor-version":[{"id":117507,"href":"http:\/\/www.apucarana.pr.gov.br\/site\/wp-json\/wp\/v2\/pages\/59888\/revisions\/117507"}],"wp:attachment":[{"href":"http:\/\/www.apucarana.pr.gov.br\/site\/wp-json\/wp\/v2\/media?parent=59888"}],"curies":[{"name":"wp","href":"https:\/\/api.w.org\/{rel}","templated":true}]}}

Centro de Referência da Assistência Social (CRAS)

<div data-elementor-type="wp-page" data-elementor-id="59888" class="elementor elementor-59888">
									<section class="elementor-section elementor-top-section elementor-element elementor-element-800b163 elementor-section-boxed elementor-section-height-default elementor-section-height-default" data-id="800b163" data-element_type="section" data-settings="{&quot;jet_parallax_layout_list&quot;:[{&quot;jet_parallax_layout_image&quot;:{&quot;url&quot;:&quot;&quot;,&quot;id&quot;:&quot;&quot;},&quot;_id&quot;:&quot;28959b6&quot;,&quot;jet_parallax_layout_image_tablet&quot;:{&quot;url&quot;:&quot;&quot;,&quot;id&quot;:&quot;&quot;},&quot;jet_parallax_layout_image_mobile&quot;:{&quot;url&quot;:&quot;&quot;,&quot;id&quot;:&quot;&quot;},&quot;jet_parallax_layout_speed&quot;:{&quot;unit&quot;:&quot;%&quot;,&quot;size&quot;:50,&quot;sizes&quot;:[]},&quot;jet_parallax_layout_type&quot;:&quot;scroll&quot;,&quot;jet_parallax_layout_direction&quot;:null,&quot;jet_parallax_layout_fx_direction&quot;:null,&quot;jet_parallax_layout_z_index&quot;:&quot;&quot;,&quot;jet_parallax_layout_bg_x&quot;:50,&quot;jet_parallax_layout_bg_x_tablet&quot;:&quot;&quot;,&quot;jet_parallax_layout_bg_x_mobile&quot;:&quot;&quot;,&quot;jet_parallax_layout_bg_y&quot;:50,&quot;jet_parallax_layout_bg_y_tablet&quot;:&quot;&quot;,&quot;jet_parallax_layout_bg_y_mobile&quot;:&quot;&quot;,&quot;jet_parallax_layout_bg_size&quot;:&quot;auto&quot;,&quot;jet_parallax_layout_bg_size_tablet&quot;:&quot;&quot;,&quot;jet_parallax_layout_bg_size_mobile&quot;:&quot;&quot;,&quot;jet_parallax_layout_animation_prop&quot;:&quot;transform&quot;,&quot;jet_parallax_layout_on&quot;:[&quot;desktop&quot;,&quot;tablet&quot;]}]}">
						<div class="elementor-container elementor-column-gap-default">
					<div class="elementor-column elementor-col-100 elementor-top-column elementor-element elementor-element-55eef67" data-id="55eef67" data-element_type="column">
			<div class="elementor-widget-wrap elementor-element-populated">
								<div class="elementor-element elementor-element-5648410 elementor-widget elementor-widget-text-editor" data-id="5648410" data-element_type="widget" data-widget_type="text-editor.default">
				<div class="elementor-widget-container">
							<p>Apucarana conta com seis Centros de Referência da Assistência Social (CRAS), sendo dois deles unidades de apoio.</p><p>O CRAS é a porta de entrada da assistência social. É um local público, localizado prioritariamente em áreas de maior vulnerabilidade social, onde são oferecidos os serviços de assistência social, com o objetivo de fortalecer a convivência com a família e com a comunidade.</p><p>O CRAS oferta o Serviço de Proteção e Atendimento Integral à Família (Paif) e o Serviço de Convivência e Fortalecimento de Vínculos (SCFV).</p><p>No CRAS, os cidadãos também são orientados sobre os benefícios assistenciais e podem ser inscritos no Cadastro Único para Programas Sociais do Governo Federal. O público atendido são famílias e indivíduos em situação grave de desproteção, pessoas com deficiência, idosos, crianças retiradas do trabalho infantil, pessoas inseridas no Cadastro Único, beneficiários do Programa Bolsa Família e do Benefício de Prestação Continuada (BPC), entre outros.</p>						</div>
				</div>
				<div class="elementor-element elementor-element-a0f0ce5 elementor-widget elementor-widget-jet-table" data-id="a0f0ce5" data-element_type="widget" data-widget_type="jet-table.default">
				<div class="elementor-widget-container">
			<div class="elementor-jet-table jet-elements">
		<div class="jet-table-wrapper jet-table-responsive-mobile">
			<table class="jet-table jet-table--fa5-compat">
				<thead class="jet-table__head"><tr class="jet-table__head-row"><th class="jet-table__cell elementor-repeater-item-d62df29 jet-table__head-cell" scope="col"><div class="jet-table__cell-inner"><div class="jet-table__cell-content"><div class="jet-table__cell-text">Unidade</div></div></div></th><th class="jet-table__cell elementor-repeater-item-fa8380a jet-table__head-cell" scope="col"><div class="jet-table__cell-inner"><div class="jet-table__cell-content"><div class="jet-table__cell-text">Telefone</div></div></div></th><th class="jet-table__cell elementor-repeater-item-e406f80 jet-table__head-cell" scope="col"><div class="jet-table__cell-inner"><div class="jet-table__cell-content"><div class="jet-table__cell-text">Endereço</div></div></div></th><th class="jet-table__cell elementor-repeater-item-be4b56a jet-table__head-cell" scope="col"><div class="jet-table__cell-inner"><div class="jet-table__cell-content"><div class="jet-table__cell-text">Atendimento</div></div></div></th></tr></thead>
								<tbody class="jet-table__body"><tr class="jet-table__body-row elementor-repeater-item-3c098d7"><td class="jet-table__cell elementor-repeater-item-5a4fb74 jet-table__body-cell"><div class="jet-table__cell-inner"><div class="jet-table__cell-content"><div class="jet-table__cell-text">CRAS I</div></div></div></td><td class="jet-table__cell elementor-repeater-item-58647a4 jet-table__body-cell"><div class="jet-table__cell-inner"><div class="jet-table__cell-content"><div class="jet-table__cell-text">(43) 3308-1451 <br>
(43) 99967-0335 (WhatsApp)</div></div></div></td><td class="jet-table__cell elementor-repeater-item-e8261bd jet-table__body-cell"><div class="jet-table__cell-inner"><div class="jet-table__cell-content"><div class="jet-table__cell-text">Avenida Central do Paraná, 1420 &#8211; <br>
Jardim América</div></div></div></td><td class="jet-table__cell elementor-repeater-item-7ae5c3b jet-table__body-cell"><div class="jet-table__cell-inner"><div class="jet-table__cell-content"><div class="jet-table__cell-text">Segunda a sexta-feira, das 8h às 17h</div></div></div></td></tr><tr class="jet-table__body-row elementor-repeater-item-55873ac"><td class="jet-table__cell elementor-repeater-item-8ea4eeb jet-table__body-cell"><div class="jet-table__cell-inner"><div class="jet-table__cell-content"><div class="jet-table__cell-text">CRAS II</div></div></div></td><td class="jet-table__cell elementor-repeater-item-371d590 jet-table__body-cell"><div class="jet-table__cell-inner"><div class="jet-table__cell-content"><div class="jet-table__cell-text">(43) 3308-1452 <br>
(43) 99654-6745 <br>
(43) 99654-8292 (WhatsApp)</div></div></div></td><td class="jet-table__cell elementor-repeater-item-b15d065 jet-table__body-cell"><div class="jet-table__cell-inner"><div class="jet-table__cell-content"><div class="jet-table__cell-text">Rua Ilson Ferreira Guerra, 15 &#8211; <br>
Residencial Sumatra II</div></div></div></td><td class="jet-table__cell elementor-repeater-item-f4f5346 jet-table__body-cell"><div class="jet-table__cell-inner"><div class="jet-table__cell-content"><div class="jet-table__cell-text">Segunda a sexta-feira, das 8h às 17h</div></div></div></td></tr><tr class="jet-table__body-row elementor-repeater-item-ffa0b9e"><td class="jet-table__cell elementor-repeater-item-6609f7b jet-table__body-cell"><div class="jet-table__cell-inner"><div class="jet-table__cell-content"><div class="jet-table__cell-text">CRAS III</div></div></div></td><td class="jet-table__cell elementor-repeater-item-e6bda37 jet-table__body-cell"><div class="jet-table__cell-inner"><div class="jet-table__cell-content"><div class="jet-table__cell-text">(43) 3308-1453 <br>
(43) 99654-6767 <br>
(43) 99654-8481 (WhatsApp)</div></div></div></td><td class="jet-table__cell elementor-repeater-item-720687e jet-table__body-cell"><div class="jet-table__cell-inner"><div class="jet-table__cell-content"><div class="jet-table__cell-text">Rua José Garcia Perez, 111 &#8211; <br>
Vila Reis</div></div></div></td><td class="jet-table__cell elementor-repeater-item-3ffa209 jet-table__body-cell"><div class="jet-table__cell-inner"><div class="jet-table__cell-content"><div class="jet-table__cell-text">Segunda a sexta-feira, das 8h às 17h</div></div></div></td></tr><tr class="jet-table__body-row elementor-repeater-item-90e8ad1"><td class="jet-table__cell elementor-repeater-item-04a1763 jet-table__body-cell"><div class="jet-table__cell-inner"><div class="jet-table__cell-content"><div class="jet-table__cell-text">CRAS IV</div></div></div></td><td class="jet-table__cell elementor-repeater-item-eda66af jet-table__body-cell"><div class="jet-table__cell-inner"><div class="jet-table__cell-content"><div class="jet-table__cell-text">(43) 3308-1454 <br>
(43) 99654-6784 <br>
(43) 99654-8467 (WhatsApp)</div></div></div></td><td class="jet-table__cell elementor-repeater-item-0d21980 jet-table__body-cell"><div class="jet-table__cell-inner"><div class="jet-table__cell-content"><div class="jet-table__cell-text">Travessa Padre Tito Cerasoli, 63 &#8211; <br>
Vila Regina</div></div></div></td><td class="jet-table__cell elementor-repeater-item-60a2d58 jet-table__body-cell"><div class="jet-table__cell-inner"><div class="jet-table__cell-content"><div class="jet-table__cell-text">Segunda a sexta-feira, das 8h às 17h</div></div></div></td></tr><tr class="jet-table__body-row elementor-repeater-item-da97eae"><td class="jet-table__cell elementor-repeater-item-7a6639a jet-table__body-cell"><div class="jet-table__cell-inner"><div class="jet-table__cell-content"><div class="jet-table__cell-text">CRAS de apoio ao CRAS I</div></div></div></td><td class="jet-table__cell elementor-repeater-item-3ea3346 jet-table__body-cell"><div class="jet-table__cell-inner"><div class="jet-table__cell-content"><div class="jet-table__cell-text">(43) 3308-1449 <br>
(43) 99654-6414 (WhatsApp)</div></div></div></td><td class="jet-table__cell elementor-repeater-item-d595dfd jet-table__body-cell"><div class="jet-table__cell-inner"><div class="jet-table__cell-content"><div class="jet-table__cell-text">Rua Cecílio Luz, 145 &#8211; <br>
Loteamento Sanches dos Santos</div></div></div></td><td class="jet-table__cell elementor-repeater-item-d8faedf jet-table__body-cell"><div class="jet-table__cell-inner"><div class="jet-table__cell-content"><div class="jet-table__cell-text">Segunda a sexta-feira, das 8h às 17h</div></div></div></td></tr><tr class="jet-table__body-row elementor-repeater-item-8deb121"><td class="jet-table__cell elementor-repeater-item-dcf45c0 jet-table__body-cell"><div class="jet-table__cell-inner"><div class="jet-table__cell-content"><div class="jet-table__cell-text">CRAS de apoio ao CRAS III</div></div></div></td><td class="jet-table__cell elementor-repeater-item-5f5ca4c jet-table__body-cell"><div class="jet-table__cell-inner"><div class="jet-table__cell-content"><div class="jet-table__cell-text">(43) 3308-1420 <br>
(43) 99654-7203 (WhatsApp)</div></div></div></td><td class="jet-table__cell elementor-repeater-item-815ff7e jet-table__body-cell"><div class="jet-table__cell-inner"><div class="jet-table__cell-content"><div class="jet-table__cell-text">Rua Santa Rita, 202 &#8211; <br>
Vila Nossa Senhora da Aparecida</div></div></div></td><td class="jet-table__cell elementor-repeater-item-c67419a jet-table__body-cell"><div class="jet-table__cell-inner"><div class="jet-table__cell-content"><div class="jet-table__cell-text">Segunda a sexta-feira, das 8h às 17h</div></div></div></td></tr></tbody>
			</table>
		</div>

		</div>		</div>
				</div>
					</div>
		</div>
							</div>
		</section>
							</div>
