{"id":3473,"date":"2021-07-19T16:48:28","date_gmt":"2021-07-19T19:48:28","guid":{"rendered":"http:\/\/www.apucarana.pr.gov.br\/site\/?page_id=3473"},"modified":"2022-01-17T08:48:11","modified_gmt":"2022-01-17T11:48:11","slug":"sobra-identificada-de-doses-de-vacinas","status":"publish","type":"page","link":"http:\/\/www.apucarana.pr.gov.br\/site\/coronavirus\/sobra-identificada-de-doses-de-vacinas\/","title":{"rendered":"Sobra Identificada de Doses de Vacinas"},"content":{"rendered":"\t\t<div data-elementor-type=\"wp-page\" data-elementor-id=\"3473\" class=\"elementor elementor-3473\">\n\t\t\t\t\t\t\t\t\t<section class=\"elementor-section elementor-top-section elementor-element elementor-element-e18c54c elementor-section-boxed elementor-section-height-default elementor-section-height-default\" data-id=\"e18c54c\" data-element_type=\"section\" data-settings=\"{&quot;jet_parallax_layout_list&quot;:[{&quot;jet_parallax_layout_image&quot;:{&quot;url&quot;:&quot;&quot;,&quot;id&quot;:&quot;&quot;},&quot;_id&quot;:&quot;f83ce11&quot;,&quot;jet_parallax_layout_image_tablet&quot;:{&quot;url&quot;:&quot;&quot;,&quot;id&quot;:&quot;&quot;},&quot;jet_parallax_layout_image_mobile&quot;:{&quot;url&quot;:&quot;&quot;,&quot;id&quot;:&quot;&quot;},&quot;jet_parallax_layout_speed&quot;:{&quot;unit&quot;:&quot;%&quot;,&quot;size&quot;:50,&quot;sizes&quot;:[]},&quot;jet_parallax_layout_type&quot;:&quot;scroll&quot;,&quot;jet_parallax_layout_direction&quot;:null,&quot;jet_parallax_layout_fx_direction&quot;:null,&quot;jet_parallax_layout_z_index&quot;:&quot;&quot;,&quot;jet_parallax_layout_bg_x&quot;:50,&quot;jet_parallax_layout_bg_x_tablet&quot;:&quot;&quot;,&quot;jet_parallax_layout_bg_x_mobile&quot;:&quot;&quot;,&quot;jet_parallax_layout_bg_y&quot;:50,&quot;jet_parallax_layout_bg_y_tablet&quot;:&quot;&quot;,&quot;jet_parallax_layout_bg_y_mobile&quot;:&quot;&quot;,&quot;jet_parallax_layout_bg_size&quot;:&quot;auto&quot;,&quot;jet_parallax_layout_bg_size_tablet&quot;:&quot;&quot;,&quot;jet_parallax_layout_bg_size_mobile&quot;:&quot;&quot;,&quot;jet_parallax_layout_animation_prop&quot;:&quot;transform&quot;,&quot;jet_parallax_layout_on&quot;:[&quot;desktop&quot;,&quot;tablet&quot;]}]}\">\n\t\t\t\t\t\t<div class=\"elementor-container elementor-column-gap-default\">\n\t\t\t\t\t<div class=\"elementor-column elementor-col-100 elementor-top-column elementor-element elementor-element-b84bd60\" data-id=\"b84bd60\" data-element_type=\"column\">\n\t\t\t<div class=\"elementor-widget-wrap elementor-element-populated\">\n\t\t\t\t\t\t\t\t<div class=\"elementor-element elementor-element-25f9ce6 elementor-widget elementor-widget-text-editor\" data-id=\"25f9ce6\" data-element_type=\"widget\" data-widget_type=\"text-editor.default\">\n\t\t\t\t<div class=\"elementor-widget-container\">\n\t\t\t\t\t\t\t<div class=\"pagina\"><p>Os frascos multidoses de vacina da Coronavac est\u00e3o vindo com apresenta\u00e7\u00e3o de 09 doses.<\/p><p>Anexo <a href=\"http:\/\/www.apucarana.pr.gov.br\/site\/wp-content\/uploads\/2021\/05\/Nota-no-108.pdf\" target=\"_blank\" rel=\"noopener\">Nota n\u00ba 108<\/a> da Coordena\u00e7\u00e3o Geral do Programa Nacional de Imuniza\u00e7\u00e3o que traz informa\u00e7\u00f5es em rela\u00e7\u00e3o quando n\u00e3o for poss\u00edvel aspirar o n\u00famero total de doses declaradas pelas farmac\u00eauticas, vacinas Sinovac\/Butantan ou AstraZeneca\/Fiocruz, nas apresenta\u00e7\u00f5es de frasco ampola unidose ou multidose, o profissional dever\u00e1 registrar no formul\u00e1rio Notivisa (Acesso no site: <a href=\"https:\/\/www8.anvisa.gov.br\/notivisa\/frmlogin.asp\" target=\"_blank\" rel=\"noopener\">https:\/\/www8.anvisa.gov.br\/notivisa\/frmlogin.asp<\/a>) a queixa t\u00e9cnica, para que seja aberta a investiga\u00e7\u00e3o da ocorr\u00eancia.<\/p><p><strong>N\u00e3o houve perda de vacinas no per\u00edodo.<\/strong><\/p><\/div>\t\t\t\t\t\t<\/div>\n\t\t\t\t<\/div>\n\t\t\t\t\t<\/div>\n\t\t<\/div>\n\t\t\t\t\t\t\t<\/div>\n\t\t<\/section>\n\t\t\t\t\t\t\t<\/div>\n\t\t","protected":false},"excerpt":{"rendered":"<p>Os frascos multidoses de vacina da Coronavac est&atilde;o vindo com apresenta&ccedil;&atilde;o de 09 doses. Anexo Nota n&ordm; 108 da Coordena&ccedil;&atilde;o Geral do Programa Nacional de Imuniza&ccedil;&atilde;o que traz informa&ccedil;&otilde;es em rela&ccedil;&atilde;o quando n&atilde;o for poss&iacute;vel aspirar o n&uacute;mero total de doses declaradas pelas farmac&ecirc;uticas, vacinas Sinovac\/Butantan ou AstraZeneca\/Fiocruz, nas apresenta&ccedil;&otilde;es de frasco ampola unidose ou [&hellip;]<\/p>\n","protected":false},"author":1,"featured_media":0,"parent":645,"menu_order":0,"comment_status":"closed","ping_status":"closed","template":"","meta":{"footnotes":""},"class_list":["post-3473","page","type-page","status-publish","hentry"],"acf":[],"_links":{"self":[{"href":"http:\/\/www.apucarana.pr.gov.br\/site\/wp-json\/wp\/v2\/pages\/3473","targetHints":{"allow":["GET"]}}],"collection":[{"href":"http:\/\/www.apucarana.pr.gov.br\/site\/wp-json\/wp\/v2\/pages"}],"about":[{"href":"http:\/\/www.apucarana.pr.gov.br\/site\/wp-json\/wp\/v2\/types\/page"}],"author":[{"embeddable":true,"href":"http:\/\/www.apucarana.pr.gov.br\/site\/wp-json\/wp\/v2\/users\/1"}],"replies":[{"embeddable":true,"href":"http:\/\/www.apucarana.pr.gov.br\/site\/wp-json\/wp\/v2\/comments?post=3473"}],"version-history":[{"count":5,"href":"http:\/\/www.apucarana.pr.gov.br\/site\/wp-json\/wp\/v2\/pages\/3473\/revisions"}],"predecessor-version":[{"id":57751,"href":"http:\/\/www.apucarana.pr.gov.br\/site\/wp-json\/wp\/v2\/pages\/3473\/revisions\/57751"}],"up":[{"embeddable":true,"href":"http:\/\/www.apucarana.pr.gov.br\/site\/wp-json\/wp\/v2\/pages\/645"}],"wp:attachment":[{"href":"http:\/\/www.apucarana.pr.gov.br\/site\/wp-json\/wp\/v2\/media?parent=3473"}],"curies":[{"name":"wp","href":"https:\/\/api.w.org\/{rel}","templated":true}]}}