{"id":1482,"date":"2021-07-08T13:16:16","date_gmt":"2021-07-08T16:16:16","guid":{"rendered":"http:\/\/www.apucarana.pr.gov.br\/site\/?page_id=1482"},"modified":"2025-12-12T14:54:46","modified_gmt":"2025-12-12T17:54:46","slug":"assistencia-social","status":"publish","type":"page","link":"http:\/\/www.apucarana.pr.gov.br\/site\/orgaos-da-administracao\/assistencia-social\/","title":{"rendered":"Assist\u00eancia Social"},"content":{"rendered":"\t\t<div data-elementor-type=\"wp-page\" data-elementor-id=\"1482\" class=\"elementor elementor-1482\">\n\t\t\t\t\t\t\t\t\t<section class=\"elementor-section elementor-top-section elementor-element elementor-element-2f9c396 elementor-section-boxed elementor-section-height-default elementor-section-height-default\" data-id=\"2f9c396\" data-element_type=\"section\" data-settings=\"{&quot;jet_parallax_layout_list&quot;:[{&quot;jet_parallax_layout_image&quot;:{&quot;url&quot;:&quot;&quot;,&quot;id&quot;:&quot;&quot;},&quot;_id&quot;:&quot;4dfac68&quot;,&quot;jet_parallax_layout_image_tablet&quot;:{&quot;url&quot;:&quot;&quot;,&quot;id&quot;:&quot;&quot;},&quot;jet_parallax_layout_image_mobile&quot;:{&quot;url&quot;:&quot;&quot;,&quot;id&quot;:&quot;&quot;},&quot;jet_parallax_layout_speed&quot;:{&quot;unit&quot;:&quot;%&quot;,&quot;size&quot;:50,&quot;sizes&quot;:[]},&quot;jet_parallax_layout_type&quot;:&quot;scroll&quot;,&quot;jet_parallax_layout_direction&quot;:null,&quot;jet_parallax_layout_fx_direction&quot;:null,&quot;jet_parallax_layout_z_index&quot;:&quot;&quot;,&quot;jet_parallax_layout_bg_x&quot;:50,&quot;jet_parallax_layout_bg_x_tablet&quot;:&quot;&quot;,&quot;jet_parallax_layout_bg_x_mobile&quot;:&quot;&quot;,&quot;jet_parallax_layout_bg_y&quot;:50,&quot;jet_parallax_layout_bg_y_tablet&quot;:&quot;&quot;,&quot;jet_parallax_layout_bg_y_mobile&quot;:&quot;&quot;,&quot;jet_parallax_layout_bg_size&quot;:&quot;auto&quot;,&quot;jet_parallax_layout_bg_size_tablet&quot;:&quot;&quot;,&quot;jet_parallax_layout_bg_size_mobile&quot;:&quot;&quot;,&quot;jet_parallax_layout_animation_prop&quot;:&quot;transform&quot;,&quot;jet_parallax_layout_on&quot;:[&quot;desktop&quot;,&quot;tablet&quot;]}]}\">\n\t\t\t\t\t\t<div class=\"elementor-container elementor-column-gap-default\">\n\t\t\t\t\t<div class=\"elementor-column elementor-col-50 elementor-top-column elementor-element elementor-element-e92b522\" data-id=\"e92b522\" data-element_type=\"column\">\n\t\t\t<div class=\"elementor-widget-wrap elementor-element-populated\">\n\t\t\t\t\t\t\t\t<div class=\"elementor-element elementor-element-b16fc20 elementor-widget elementor-widget-jet-custom-menu\" data-id=\"b16fc20\" data-element_type=\"widget\" data-widget_type=\"jet-custom-menu.default\">\n\t\t\t\t<div class=\"elementor-widget-container\">\n\t\t\t<div class=\"menu-secretarias-container\"><div class=\"jet-custom-nav jet-custom-nav--dropdown-right-side jet-custom-nav--animation-fade\"><div class=\"menu-item menu-item-type-post_type menu-item-object-page jet-custom-nav__item jet-custom-nav__item-1449\"><a href=\"http:\/\/www.apucarana.pr.gov.br\/site\/orgaos-da-administracao\/agricultura\/\" class=\"jet-custom-nav__item-link\"><span class=\"jet-menu-link-text\"><span class=\"jet-custom-item-label top-level-label\">Agricultura<\/span><\/span><\/a><\/div>\n<div class=\"menu-item menu-item-type-post_type menu-item-object-page jet-custom-nav__item jet-custom-nav__item-1584\"><a href=\"http:\/\/www.apucarana.pr.gov.br\/site\/orgaos-da-administracao\/assistencia-social\/\" class=\"jet-custom-nav__item-link\"><span class=\"jet-menu-link-text\"><span class=\"jet-custom-item-label top-level-label\">Assist\u00eancia Social<\/span><\/span><\/a><\/div>\n<div class=\"menu-item menu-item-type-post_type menu-item-object-page jet-custom-nav__item jet-custom-nav__item-1576\"><a href=\"http:\/\/www.apucarana.pr.gov.br\/site\/orgaos-da-administracao\/autarquia-municipal-de-educacao\/\" class=\"jet-custom-nav__item-link\"><span class=\"jet-menu-link-text\"><span class=\"jet-custom-item-label top-level-label\">Autarquia Municipal de Educa\u00e7\u00e3o<\/span><\/span><\/a><\/div>\n<div class=\"menu-item menu-item-type-post_type menu-item-object-page jet-custom-nav__item jet-custom-nav__item-1575\"><a href=\"http:\/\/www.apucarana.pr.gov.br\/site\/orgaos-da-administracao\/autarquia-municipal-de-saude\/\" class=\"jet-custom-nav__item-link\"><span class=\"jet-menu-link-text\"><span class=\"jet-custom-item-label top-level-label\">Autarquia Municipal de Sa\u00fade<\/span><\/span><\/a><\/div>\n<div class=\"menu-item menu-item-type-post_type menu-item-object-page jet-custom-nav__item jet-custom-nav__item-1574\"><a href=\"http:\/\/www.apucarana.pr.gov.br\/site\/orgaos-da-administracao\/autarquia-de-servicos-funerarios\/\" class=\"jet-custom-nav__item-link\"><span class=\"jet-menu-link-text\"><span class=\"jet-custom-item-label top-level-label\">Autarquia de Servi\u00e7os Funer\u00e1rios<\/span><\/span><\/a><\/div>\n<div class=\"menu-item menu-item-type-post_type menu-item-object-page jet-custom-nav__item jet-custom-nav__item-50437\"><a href=\"http:\/\/www.apucarana.pr.gov.br\/site\/orgaos-da-administracao\/controle-interno\/\" class=\"jet-custom-nav__item-link\"><span class=\"jet-menu-link-text\"><span class=\"jet-custom-item-label top-level-label\">Controle Interno<\/span><\/span><\/a><\/div>\n<div class=\"menu-item menu-item-type-post_type menu-item-object-page jet-custom-nav__item jet-custom-nav__item-1582\"><a href=\"http:\/\/www.apucarana.pr.gov.br\/site\/orgaos-da-administracao\/esportes\/\" class=\"jet-custom-nav__item-link\"><span class=\"jet-menu-link-text\"><span class=\"jet-custom-item-label top-level-label\">Esportes<\/span><\/span><\/a><\/div>\n<div class=\"menu-item menu-item-type-post_type menu-item-object-page jet-custom-nav__item jet-custom-nav__item-1337\"><a href=\"http:\/\/www.apucarana.pr.gov.br\/site\/orgaos-da-administracao\/fazenda\/\" class=\"jet-custom-nav__item-link\"><span class=\"jet-menu-link-text\"><span class=\"jet-custom-item-label top-level-label\">Fazenda<\/span><\/span><\/a><\/div>\n<div class=\"menu-item menu-item-type-post_type menu-item-object-page jet-custom-nav__item jet-custom-nav__item-50510\"><a href=\"http:\/\/www.apucarana.pr.gov.br\/site\/orgaos-da-administracao\/gabinete\/\" class=\"jet-custom-nav__item-link\"><span class=\"jet-menu-link-text\"><span class=\"jet-custom-item-label top-level-label\">Gabinete<\/span><\/span><\/a><\/div>\n<div class=\"menu-item menu-item-type-post_type menu-item-object-page jet-custom-nav__item jet-custom-nav__item-1581\"><a href=\"http:\/\/www.apucarana.pr.gov.br\/site\/orgaos-da-administracao\/gestao-publica\/\" class=\"jet-custom-nav__item-link\"><span class=\"jet-menu-link-text\"><span class=\"jet-custom-item-label top-level-label\">Gest\u00e3o P\u00fablica<\/span><\/span><\/a><\/div>\n<div class=\"menu-item menu-item-type-post_type menu-item-object-page jet-custom-nav__item jet-custom-nav__item-1580\"><a href=\"http:\/\/www.apucarana.pr.gov.br\/site\/orgaos-da-administracao\/industria-comercio-e-emprego\/\" class=\"jet-custom-nav__item-link\"><span class=\"jet-menu-link-text\"><span class=\"jet-custom-item-label top-level-label\">Ind\u00fastria, Com\u00e9rcio e Emprego<\/span><\/span><\/a><\/div>\n<div class=\"menu-item menu-item-type-post_type menu-item-object-page jet-custom-nav__item jet-custom-nav__item-1573\"><a href=\"http:\/\/www.apucarana.pr.gov.br\/site\/orgaos-da-administracao\/instituto-de-pesquisa-e-planejamento\/\" class=\"jet-custom-nav__item-link\"><span class=\"jet-menu-link-text\"><span class=\"jet-custom-item-label top-level-label\">Instituto de Pesquisa e Planejamento<\/span><\/span><\/a><\/div>\n<div class=\"menu-item menu-item-type-post_type menu-item-object-page jet-custom-nav__item jet-custom-nav__item-1579\"><a href=\"http:\/\/www.apucarana.pr.gov.br\/site\/orgaos-da-administracao\/meio-ambiente\/\" class=\"jet-custom-nav__item-link\"><span class=\"jet-menu-link-text\"><span class=\"jet-custom-item-label top-level-label\">Meio Ambiente<\/span><\/span><\/a><\/div>\n<div class=\"menu-item menu-item-type-post_type menu-item-object-page jet-custom-nav__item jet-custom-nav__item-1572\"><a href=\"http:\/\/www.apucarana.pr.gov.br\/site\/orgaos-da-administracao\/mulher-e-assuntos-da-familia\/\" class=\"jet-custom-nav__item-link\"><span class=\"jet-menu-link-text\"><span class=\"jet-custom-item-label top-level-label\">Mulher e Assuntos da Fam\u00edlia<\/span><\/span><\/a><\/div>\n<div class=\"menu-item menu-item-type-post_type menu-item-object-page jet-custom-nav__item jet-custom-nav__item-1578\"><a href=\"http:\/\/www.apucarana.pr.gov.br\/site\/orgaos-da-administracao\/obras\/\" class=\"jet-custom-nav__item-link\"><span class=\"jet-menu-link-text\"><span class=\"jet-custom-item-label top-level-label\">Obras<\/span><\/span><\/a><\/div>\n<div class=\"menu-item menu-item-type-post_type menu-item-object-page jet-custom-nav__item jet-custom-nav__item-1846\"><a href=\"http:\/\/www.apucarana.pr.gov.br\/site\/orgaos-da-administracao\/promocao-artistica-cultural-e-turistica\/\" class=\"jet-custom-nav__item-link\"><span class=\"jet-menu-link-text\"><span class=\"jet-custom-item-label top-level-label\">Promo\u00e7\u00e3o Art\u00edstica, Cultural e Tur\u00edstica<\/span><\/span><\/a><\/div>\n<div class=\"menu-item menu-item-type-post_type menu-item-object-page jet-custom-nav__item jet-custom-nav__item-113445\"><a href=\"http:\/\/www.apucarana.pr.gov.br\/site\/orgaos-da-administracao\/seguranca-transporte-transito-mobilidade-urbana-e-defesa-civil\/\" class=\"jet-custom-nav__item-link\"><span class=\"jet-menu-link-text\"><span class=\"jet-custom-item-label top-level-label\">Seguran\u00e7a, Transporte, Tr\u00e2nsito, Mobilidade Urbana e Defesa Civil<\/span><\/span><\/a><\/div>\n<div class=\"menu-item menu-item-type-post_type menu-item-object-page jet-custom-nav__item jet-custom-nav__item-1577\"><a href=\"http:\/\/www.apucarana.pr.gov.br\/site\/orgaos-da-administracao\/servicos-publicos\/\" class=\"jet-custom-nav__item-link\"><span class=\"jet-menu-link-text\"><span class=\"jet-custom-item-label top-level-label\">Servi\u00e7os P\u00fablicos<\/span><\/span><\/a><\/div>\n<\/div><\/div>\t\t<\/div>\n\t\t\t\t<\/div>\n\t\t\t\t\t<\/div>\n\t\t<\/div>\n\t\t\t\t<div class=\"elementor-column elementor-col-50 elementor-top-column elementor-element elementor-element-cf2189d\" data-id=\"cf2189d\" data-element_type=\"column\">\n\t\t\t<div class=\"elementor-widget-wrap elementor-element-populated\">\n\t\t\t\t\t\t\t\t<div class=\"elementor-element elementor-element-fde2e98 elementor-align-left elementor-widget elementor-widget-raven-heading\" data-id=\"fde2e98\" data-element_type=\"widget\" data-widget_type=\"raven-heading.default\">\n\t\t\t\t<div class=\"elementor-widget-container\">\n\t\t\t\t\t<div class=\"raven-widget-wrapper\"><h2 class=\"raven-heading raven-heading-h2\"><span class=\"raven-heading-title\">Secretaria de Assist\u00eancia Social<\/span><\/h2><\/div>\n\t\t\t\t<\/div>\n\t\t\t\t<\/div>\n\t\t\t\t<div class=\"elementor-element elementor-element-944d342 elementor-widget elementor-widget-text-editor\" data-id=\"944d342\" data-element_type=\"widget\" data-widget_type=\"text-editor.default\">\n\t\t\t\t<div class=\"elementor-widget-container\">\n\t\t\t\t\t\t\t<p>A Secretaria Municipal de Assist\u00eancia Social pertence \u00e0 administra\u00e7\u00e3o direta do Munic\u00edpio de Apucarana. \u00c9 respons\u00e1vel pela garantia de prote\u00e7\u00e3o social e promo\u00e7\u00e3o da cidadania.&nbsp;<\/p>\n<p>Entre suas atribui\u00e7\u00f5es est\u00e1 o gerenciamento em \u00e2mbito local do Sistema \u00danico de Assist\u00eancia Social (SUAS). Atua diretamente na garantia da vida, na redu\u00e7\u00e3o de danos e na preven\u00e7\u00e3o da incid\u00eancia de riscos. Al\u00e9m disso, trabalha diretamente com a prote\u00e7\u00e3o \u00e0 fam\u00edlia, \u00e0 maternidade, \u00e0 inf\u00e2ncia, \u00e0 adolesc\u00eancia e \u00e0 velhice.&nbsp;<\/p>\n<p>Conforme preconizado pelo Sistema \u00danico de Assist\u00eancia Social, sua miss\u00e3o \u00e9 garantir o amparo \u00e0s crian\u00e7as e aos adolescentes carentes; a promo\u00e7\u00e3o da integra\u00e7\u00e3o ao mercado de trabalho; a habilita\u00e7\u00e3o e reabilita\u00e7\u00e3o das pessoas com defici\u00eancia, al\u00e9m da promo\u00e7\u00e3o de sua integra\u00e7\u00e3o \u00e0 vida comunit\u00e1ria.&nbsp;<\/p><p>Promove ainda a vigil\u00e2ncia socioassistencial, que analisa territorialmente a capacidade protetiva das fam\u00edlias e nela a ocorr\u00eancia de vulnerabilidades, de amea\u00e7as, de vitimiza\u00e7\u00f5es e danos; e tamb\u00e9m a defesa de direitos, que visa a garantir o pleno acesso aos direitos no conjunto das provis\u00f5es socioassistenciais.<\/p>\n<div>&nbsp;<\/div>\t\t\t\t\t\t<\/div>\n\t\t\t\t<\/div>\n\t\t\t\t<div class=\"elementor-element elementor-element-fdb77ba elementor-widget elementor-widget-text-editor\" data-id=\"fdb77ba\" data-element_type=\"widget\" data-widget_type=\"text-editor.default\">\n\t\t\t\t<div class=\"elementor-widget-container\">\n\t\t\t\t\t\t\t<p><strong>Secret\u00e1ria<\/strong>: Fab\u00edola Cristina Carrero<\/p><p><strong>Endere\u00e7o<\/strong>: <span class=\"span-padrao\">Rua Jo\u00e3o Matiuzzi, 279 \u2013 Parque Bela Vista<\/span><\/p><p><strong>Telefone<\/strong>: <span class=\"span-padrao\">(43) 3308-1450<\/span><\/p><p><strong>E-mail<\/strong>: sas@apucarana.pr.gov.br<\/p><p><strong>Hor\u00e1rio de Funcionamento<\/strong>: Segunda a sexta-feira, das 8h \u00e0s 17h<\/p>\t\t\t\t\t\t<\/div>\n\t\t\t\t<\/div>\n\t\t\t\t<div class=\"elementor-element elementor-element-4e18dc6 carta-de-servicos-accordion elementor-widget elementor-widget-jet-accordion\" data-id=\"4e18dc6\" data-element_type=\"widget\" data-widget_type=\"jet-accordion.default\">\n\t\t\t\t<div class=\"elementor-widget-container\">\n\t\t\t\t\t<div class=\"jet-accordion\" data-settings=\"{&quot;collapsible&quot;:false,&quot;ajaxTemplate&quot;:false,&quot;switchScrolling&quot;:false,&quot;switchScrollingOffset&quot;:0}\" role=\"tablist\">\n\t\t\t<div class=\"jet-accordion__inner\">\n\t\t\t\t<div class=\"jet-accordion__item jet-toggle jet-toggle-fade-effect \">\n\t\t\t\t\t\t\t<div id=\"jet-toggle-control-8181\" class=\"jet-toggle__control elementor-menu-anchor\" data-toggle=\"1\" role=\"tab\" tabindex=\"0\" aria-controls=\"jet-toggle-content-8181\" aria-expanded=\"false\" data-template-id=\"false\">\n\t\t\t\t\t\t\t\t<div class=\"jet-toggle__label-icon jet-toggle-icon-position-left\"><span class=\"jet-toggle__icon icon-normal jet-tabs-icon\"><i class=\"fas fa-arrow-alt-circle-right\"><\/i><\/span><span class=\"jet-toggle__icon icon-active jet-tabs-icon\"><i class=\"fas fa-arrow-alt-circle-right\"><\/i><\/span><\/div><div class=\"jet-toggle__label-text\">Guia R\u00e1pido<\/div>\t\t\t\t\t\t\t<\/div>\n\t\t\t\t\t\t\t<div id=\"jet-toggle-content-8181\" class=\"jet-toggle__content\" data-toggle=\"1\" role=\"tabpanel\" data-template-id=\"false\">\n\t\t\t\t\t\t\t\t<div class=\"jet-toggle__content-inner\"><ul><li><a href=\"\/site\/coronavirus\/chamamentos-publicos-covid\/chamamento-publico-as-03-2022\/\">Chamamento P\u00fablico AS 03\/2022<\/a><\/li><li><a href=\"\/site\/chamamentos-publicos-covid\/chamamento-publico-as-01-2021\/\">Chamamento P\u00fablico AS 01\/2021<\/a><\/li><li><a href=\"\/site\/conferencia-municipal-de-assistencia-social\/\">Confer\u00eancia Municipal de Assist\u00eancia Social<\/a><\/li><li><a href=\"\/site\/orgaos-da-administracao\/assistencia-social\/conselho-tutelar\/\">Conselho Tutelar<\/a><\/li><li><a href=\"\/site\/wp-content\/uploads\/2022\/12\/1.-Caderno-1.pdf\" target=\"_blank\" rel=\"noopener\">Desenvolvimento do Plano Local de Habita\u00e7\u00e3o de Interesse Social (Proposta Metodol\u00f3gica)<\/a><\/li><li><a href=\"\/site\/wp-content\/uploads\/2022\/12\/2.-Caderno-2.pdf\" target=\"_blank\" rel=\"noopener\">Desenvolvimento do Plano Local de Habita\u00e7\u00e3o de Interesse Social (Diagn\u00f3stico e Pesquisa)<\/a><\/li><li><a href=\"\/site\/wp-content\/uploads\/2022\/12\/3.-Caderno-3.pdf\" target=\"_blank\" rel=\"noopener\">Desenvolvimento do Plano Local de Habita\u00e7\u00e3o de Interesse Social (Estrat\u00e9gias de A\u00e7\u00e3o)<\/a><\/li><li><a href=\"\/site\/eleicoes-cmas-apucarana\/\">Elei\u00e7\u00f5es CMAS Apucarana<\/a><\/li><li><a href=\"\/site\/carta-de-servicos\/acolhimento-familiar\/\">Programa Fam\u00edlia Acolhedora<\/a><\/li><\/ul><\/div>\n\t\t\t\t\t\t\t<\/div>\n\t\t\t\t\t\t<\/div><div class=\"jet-accordion__item jet-toggle jet-toggle-fade-effect \">\n\t\t\t\t\t\t\t<div id=\"jet-toggle-control-8182\" class=\"jet-toggle__control elementor-menu-anchor\" data-toggle=\"2\" role=\"tab\" tabindex=\"0\" aria-controls=\"jet-toggle-content-8182\" aria-expanded=\"false\" data-template-id=\"false\">\n\t\t\t\t\t\t\t\t<div class=\"jet-toggle__label-icon jet-toggle-icon-position-left\"><span class=\"jet-toggle__icon icon-normal jet-tabs-icon\"><i class=\"fas fa-book\"><\/i><\/span><span class=\"jet-toggle__icon icon-active jet-tabs-icon\"><i class=\"fas fa-book\"><\/i><\/span><\/div><div class=\"jet-toggle__label-text\">Planos Municipais<\/div>\t\t\t\t\t\t\t<\/div>\n\t\t\t\t\t\t\t<div id=\"jet-toggle-content-8182\" class=\"jet-toggle__content\" data-toggle=\"2\" role=\"tabpanel\" data-template-id=\"false\">\n\t\t\t\t\t\t\t\t<div class=\"jet-toggle__content-inner\"><ul><li><a href=\"\/site\/wp-content\/uploads\/2025\/12\/Plano-Municipal-de-Assistencia-Social-2026-2029.pdf\" target=\"_blank\" rel=\"noopener\">Plano Municipal de Assist\u00eancia Social de Apucarana (2026 &#8211; 2029)<\/a><\/li><li><a href=\"\/site\/wp-content\/uploads\/2025\/12\/Plano-Municipal-dos-Direitos-da-Pessoa-Idosa-de-Apucarana-2026-a-2029.pdf\" target=\"_blank\" rel=\"noopener\">Plano Municipal dos Direitos da Pessoa Idosa de Apucarana (2026 &#8211; 2029)<\/a><\/li><li><a href=\"\/site\/wp-content\/uploads\/2025\/12\/Plano-Municipal-da-Pessoa-com-Deficiencia-de-Apucarana-2026-2029.pdf\" target=\"_blank\" rel=\"noopener\">Plano Municipal dos Direitos da Pessoa com Defici\u00eancia (2026 &#8211; 2029)<\/a><\/li><li><a href=\"\/site\/wp-content\/uploads\/2025\/11\/Plano-Municipal-de-Assistencia-Social-2022-2025.pdf\" target=\"_blank\" rel=\"noopener\">Plano Municipal de Assist\u00eancia Social (2022 &#8211; 2025)<\/a><\/li><li><a href=\"\/site\/wp-content\/uploads\/2025\/11\/Plano-Municipal-dos-Direitos-da-Crianca-e-Adolescente-2022-2025.pdf\" target=\"_blank\" rel=\"noopener\">Plano Municipal dos Direitos da Crian\u00e7a e Adolescente (2022 &#8211; 2025)<\/a><\/li><li><a href=\"\/site\/wp-content\/uploads\/2025\/11\/PLANO-DECENAL-MUNICIPAL-DOS-DIREITOS-DA-CRIANCA-E-DO-ADOLESCENTE-2016-2026.pdf\" target=\"_blank\" rel=\"noopener\">Plano Decenal Municipal dos Direitos da Crian\u00e7a e do Adolescente (2016 &#8211; 2026)<\/a><\/li><li><a href=\"\/site\/wp-content\/uploads\/2025\/11\/PLANO-MUNICIPAL-DOS-DIREITOS-DA-PESSOA-IDOSA-APUCARANA-2022-2025.pdf\" target=\"_blank\" rel=\"noopener\">Plano Municipal dos Direitos da Pessoa Idosa (2022 &#8211; 2025)<\/a><\/li><li><a href=\"\/site\/wp-content\/uploads\/2025\/11\/Plano-Municipal-de-Seguranca-Alimentar-2022-2025.pdf\" target=\"_blank\" rel=\"noopener\">Plano Municipal de Seguran\u00e7a Alimentar (2022 &#8211; 2025)<\/a><\/li><\/ul><\/div>\n\t\t\t\t\t\t\t<\/div>\n\t\t\t\t\t\t<\/div><div class=\"jet-accordion__item jet-toggle jet-toggle-fade-effect \">\n\t\t\t\t\t\t\t<div id=\"jet-toggle-control-8183\" class=\"jet-toggle__control elementor-menu-anchor\" data-toggle=\"3\" role=\"tab\" tabindex=\"0\" aria-controls=\"jet-toggle-content-8183\" aria-expanded=\"false\" data-template-id=\"false\">\n\t\t\t\t\t\t\t\t<div class=\"jet-toggle__label-icon jet-toggle-icon-position-left\"><span class=\"jet-toggle__icon icon-normal jet-tabs-icon\"><i class=\"fas fa-list-alt\"><\/i><\/span><span class=\"jet-toggle__icon icon-active jet-tabs-icon\"><i class=\"fas fa-list-alt\"><\/i><\/span><\/div><div class=\"jet-toggle__label-text\">Servi\u00e7os e Programas<\/div>\t\t\t\t\t\t\t<\/div>\n\t\t\t\t\t\t\t<div id=\"jet-toggle-content-8183\" class=\"jet-toggle__content\" data-toggle=\"3\" role=\"tabpanel\" data-template-id=\"false\">\n\t\t\t\t\t\t\t\t<div class=\"jet-toggle__content-inner\"><ul><li><a href=\"\/site\/carta-de-servicos\/acolhimento-familiar\/\">Acolhimento Familiar<\/a><\/li><li><a href=\"\/site\/carta-de-servicos\/acolhimento-institucional\/\">Acolhimento Institucional<\/a><\/li><li><a href=\"\/site\/carta-de-servicos\/auxilio-funeral\/\">Auxilio Funeral<\/a><\/li><li><a href=\"\/site\/carta-de-servicos\/beneficio-de-prestacao-continuada-bpc\/\">Beneficio de Presta\u00e7\u00e3o Continuada (BPC)<\/a><\/li><li><a href=\"\/site\/carta-de-servicos\/beneficios-eventuais-auxilio-alimentacao-e-auxilio-documentacao\/\">Benef\u00edcios Eventuais: Aux\u00edlio Alimenta\u00e7\u00e3o e Aux\u00edlio Documenta\u00e7\u00e3o<\/a><\/li><li><a href=\"\/site\/carta-de-servicos\/carteira-de-identificacao-da-pessoa-com-transtorno-do-espectro-autista\/\">Carteira de Identifica\u00e7\u00e3o da Pessoa com Transtorno do Espectro Autista<\/a><\/li><li><a href=\"\/site\/carta-de-servicos\/casa-do-mel\/\">Casa do Mel<\/a><\/li><li><a href=\"\/site\/carta-de-servicos\/centro-da-juventude\/\">Centro da Juventude<\/a><\/li><li><a href=\"\/site\/carta-de-servicos\/centro-de-convivencia-do-idoso\/\">Centro de Conviv\u00eancia do Idoso<\/a><\/li><li><a href=\"\/site\/carta-de-servicos\/centro-dia\/\">Centro Dia<\/a><\/li><li><a href=\"\/site\/carta-de-servicos\/centro-pop-centro-de-referencia-especializado-para-pessoas-em-situacao-de-rua\/\">Centro POP &#8211; Centro de Refer\u00eancia Especializado para Pessoas em Situa\u00e7\u00e3o de Rua<\/a><\/li><li><a href=\"\/site\/carta-de-servicos\/grupos-conviver-servico-de-convivencia-e-fortalecimento-de-vinculos-para-mulheres-idosas\/\">Grupos Conviver \u2013 Servi\u00e7o de Conviv\u00eancia e Fortalecimento de V\u00ednculos para Mulheres Idosas<\/a><\/li><li><a href=\"\/site\/carta-de-servicos\/inscricao-e-atualizacao-do-cadastro-unico\/\">Inscri\u00e7\u00e3o e Atualiza\u00e7\u00e3o do Cadastro \u00danico<\/a><\/li><li><a href=\"\/site\/carta-de-servicos\/passe-livre-interestadual-para-pessoa-com-deficiencia\/\">Passe Livre Interestadual para Pessoa com Defici\u00eancia<\/a><\/li><li><a href=\"\/site\/carta-de-servicos\/passe-livre-interestadual-para-pessoa-idosa\/\">Passe Livre Interestadual para Pessoa Idosa<\/a><\/li><li><a href=\"\/site\/carta-de-servicos\/passe-livre-intermunicipal-para-pessoa-com-deficiencia\/\">Passe Livre Intermunicipal para Pessoa com Defici\u00eancia<\/a><\/li><li><a href=\"\/site\/carta-de-servicos\/patronato-municipal-de-apucarana\/\">Patronato Municipal de Apucarana<\/a><\/li><li><a href=\"\/site\/carta-de-servicos\/programa-bolsa-agente-de-cidadania\/\">Programa Bolsa Agente de Cidadania<\/a><\/li><li><a href=\"\/site\/carta-de-servicos\/programa-familia-guardia\/\">Programa Fam\u00edlia Guardi\u00e3<\/a><\/li><li><a href=\"\/site\/carta-de-servicos\/rede-de-gastronomia-da-economia-solidaria\/\">Rede de Gastronomia da Economia Solid\u00e1ria<\/a><\/li><li><a href=\"\/site\/carta-de-servicos\/secretaria-executiva-dos-conselhos-municipais-da-secretaria-de-assistencia-social\/\">Secretaria Executiva dos Conselhos Municipais da Secretaria de Assist\u00eancia Social<\/a><\/li><li><a href=\"\/site\/carta-de-servicos\/servico-de-convivencia-e-fortalecimento-de-vinculos\/\">Servi\u00e7o de Conviv\u00eancia e Fortalecimento de V\u00ednculos<\/a><\/li><li><a href=\"\/site\/carta-de-servicos\/servico-de-protecao-e-atendimento-especializado-a-familias-e-individuos\/\">Servi\u00e7o de Prote\u00e7\u00e3o e Atendimento Especializado a Fam\u00edlias e Indiv\u00edduos<\/a><\/li><li><a href=\"\/site\/carta-de-servicos\/servico-de-protecao-e-atendimento-integral-a-familia-paif\/\">Servi\u00e7o de Prote\u00e7\u00e3o e Atendimento Integral \u00e0 Fam\u00edlia &#8211; PAIF<\/a><\/li><li><a href=\"\/site\/carta-de-servicos\/servico-de-protecao-social-a-adolescentes-em-cumprimento-de-medida-socioeducativa\/\">Servi\u00e7o de Prote\u00e7\u00e3o Social a Adolescentes em Cumprimento de Medida Socioeducativa<\/a><\/li><li><a href=\"\/site\/carta-de-servicos\/servico-de-protecao-social-especial-para-pessoas-com-deficiencia-e-idosas\/\">Servi\u00e7o de Prote\u00e7\u00e3o Social Especial para Pessoas com Defici\u00eancia e Idosas<\/a><\/li><li><a href=\"\/site\/carta-de-servicos\/servico-especializado-em-abordagem-social\/\">Servi\u00e7o Especializado em Abordagem Social<\/a><\/li><\/ul><\/div>\n\t\t\t\t\t\t\t<\/div>\n\t\t\t\t\t\t<\/div>\t\t\t\t\t\t\t\t<\/div>\n\t\t<\/div>\n\t\t\t\t<\/div>\n\t\t\t\t<\/div>\n\t\t\t\t\t<\/div>\n\t\t<\/div>\n\t\t\t\t\t\t\t<\/div>\n\t\t<\/section>\n\t\t\t\t\t\t\t<\/div>\n\t\t","protected":false},"excerpt":{"rendered":"<p>Agricultura Assist&ecirc;ncia Social Autarquia Municipal de Educa&ccedil;&atilde;o Autarquia Municipal de Sa&uacute;de Autarquia de Servi&ccedil;os Funer&aacute;rios Controle Interno Esportes Fazenda Gabinete Gest&atilde;o P&uacute;blica Ind&uacute;stria, Com&eacute;rcio e Emprego Instituto de Pesquisa e Planejamento Meio Ambiente Mulher e Assuntos da Fam&iacute;lia Obras Promo&ccedil;&atilde;o Art&iacute;stica, Cultural e Tur&iacute;stica Seguran&ccedil;a, Transporte, Tr&acirc;nsito, Mobilidade Urbana e Defesa Civil Servi&ccedil;os P&uacute;blicos Secretaria [&hellip;]<\/p>\n","protected":false},"author":2,"featured_media":0,"parent":646,"menu_order":0,"comment_status":"closed","ping_status":"closed","template":"","meta":{"footnotes":""},"class_list":["post-1482","page","type-page","status-publish","hentry"],"acf":[],"_links":{"self":[{"href":"http:\/\/www.apucarana.pr.gov.br\/site\/wp-json\/wp\/v2\/pages\/1482","targetHints":{"allow":["GET"]}}],"collection":[{"href":"http:\/\/www.apucarana.pr.gov.br\/site\/wp-json\/wp\/v2\/pages"}],"about":[{"href":"http:\/\/www.apucarana.pr.gov.br\/site\/wp-json\/wp\/v2\/types\/page"}],"author":[{"embeddable":true,"href":"http:\/\/www.apucarana.pr.gov.br\/site\/wp-json\/wp\/v2\/users\/2"}],"replies":[{"embeddable":true,"href":"http:\/\/www.apucarana.pr.gov.br\/site\/wp-json\/wp\/v2\/comments?post=1482"}],"version-history":[{"count":5,"href":"http:\/\/www.apucarana.pr.gov.br\/site\/wp-json\/wp\/v2\/pages\/1482\/revisions"}],"predecessor-version":[{"id":121341,"href":"http:\/\/www.apucarana.pr.gov.br\/site\/wp-json\/wp\/v2\/pages\/1482\/revisions\/121341"}],"up":[{"embeddable":true,"href":"http:\/\/www.apucarana.pr.gov.br\/site\/wp-json\/wp\/v2\/pages\/646"}],"wp:attachment":[{"href":"http:\/\/www.apucarana.pr.gov.br\/site\/wp-json\/wp\/v2\/media?parent=1482"}],"curies":[{"name":"wp","href":"https:\/\/api.w.org\/{rel}","templated":true}]}}