{"id":114834,"date":"2025-06-26T08:28:34","date_gmt":"2025-06-26T11:28:34","guid":{"rendered":"https:\/\/www.apucarana.pr.gov.br\/site\/?page_id=114834"},"modified":"2025-11-27T08:42:51","modified_gmt":"2025-11-27T11:42:51","slug":"xv-conferencia-municipal-de-assistencia-social","status":"publish","type":"page","link":"http:\/\/www.apucarana.pr.gov.br\/site\/conferencia-municipal-de-assistencia-social\/xv-conferencia-municipal-de-assistencia-social\/","title":{"rendered":"XV Confer\u00eancia Municipal de Assist\u00eancia Social"},"content":{"rendered":"\t\t<div data-elementor-type=\"wp-page\" data-elementor-id=\"114834\" class=\"elementor elementor-114834\">\n\t\t\t\t\t\t\t\t\t<section class=\"elementor-section elementor-top-section elementor-element elementor-element-81ffff1 elementor-section-boxed elementor-section-height-default elementor-section-height-default\" data-id=\"81ffff1\" data-element_type=\"section\" data-settings=\"{&quot;jet_parallax_layout_list&quot;:[{&quot;jet_parallax_layout_image&quot;:{&quot;url&quot;:&quot;&quot;,&quot;id&quot;:&quot;&quot;},&quot;_id&quot;:&quot;475b590&quot;,&quot;jet_parallax_layout_image_tablet&quot;:{&quot;url&quot;:&quot;&quot;,&quot;id&quot;:&quot;&quot;},&quot;jet_parallax_layout_image_mobile&quot;:{&quot;url&quot;:&quot;&quot;,&quot;id&quot;:&quot;&quot;},&quot;jet_parallax_layout_speed&quot;:{&quot;unit&quot;:&quot;%&quot;,&quot;size&quot;:50,&quot;sizes&quot;:[]},&quot;jet_parallax_layout_type&quot;:&quot;scroll&quot;,&quot;jet_parallax_layout_direction&quot;:null,&quot;jet_parallax_layout_fx_direction&quot;:null,&quot;jet_parallax_layout_z_index&quot;:&quot;&quot;,&quot;jet_parallax_layout_bg_x&quot;:50,&quot;jet_parallax_layout_bg_x_tablet&quot;:&quot;&quot;,&quot;jet_parallax_layout_bg_x_mobile&quot;:&quot;&quot;,&quot;jet_parallax_layout_bg_y&quot;:50,&quot;jet_parallax_layout_bg_y_tablet&quot;:&quot;&quot;,&quot;jet_parallax_layout_bg_y_mobile&quot;:&quot;&quot;,&quot;jet_parallax_layout_bg_size&quot;:&quot;auto&quot;,&quot;jet_parallax_layout_bg_size_tablet&quot;:&quot;&quot;,&quot;jet_parallax_layout_bg_size_mobile&quot;:&quot;&quot;,&quot;jet_parallax_layout_animation_prop&quot;:&quot;transform&quot;,&quot;jet_parallax_layout_on&quot;:[&quot;desktop&quot;,&quot;tablet&quot;]}]}\">\n\t\t\t\t\t\t<div class=\"elementor-container elementor-column-gap-default\">\n\t\t\t\t\t<div class=\"elementor-column elementor-col-100 elementor-top-column elementor-element elementor-element-f58b795\" data-id=\"f58b795\" data-element_type=\"column\">\n\t\t\t<div class=\"elementor-widget-wrap elementor-element-populated\">\n\t\t\t\t\t\t\t\t<div class=\"elementor-element elementor-element-db4a847 elementor-widget elementor-widget-raven-image\" data-id=\"db4a847\" data-element_type=\"widget\" data-widget_type=\"raven-image.default\">\n\t\t\t\t<div class=\"elementor-widget-container\">\n\t\t\t\t\t<div class=\"raven-image\">\n\t\t\n\t\t\n\t\t<img loading=\"lazy\" decoding=\"async\" width=\"1600\" height=\"1000\" src=\"http:\/\/www.apucarana.pr.gov.br\/site\/wp-content\/uploads\/2025\/06\/imagem-oficial.jpeg\" class=\"attachment-full size-full wp-image-114840\" alt=\"\" srcset=\"http:\/\/www.apucarana.pr.gov.br\/site\/wp-content\/uploads\/2025\/06\/imagem-oficial.jpeg 1600w, http:\/\/www.apucarana.pr.gov.br\/site\/wp-content\/uploads\/2025\/06\/imagem-oficial-300x188.jpeg 300w, http:\/\/www.apucarana.pr.gov.br\/site\/wp-content\/uploads\/2025\/06\/imagem-oficial-1024x640.jpeg 1024w, http:\/\/www.apucarana.pr.gov.br\/site\/wp-content\/uploads\/2025\/06\/imagem-oficial-768x480.jpeg 768w, http:\/\/www.apucarana.pr.gov.br\/site\/wp-content\/uploads\/2025\/06\/imagem-oficial-1536x960.jpeg 1536w\" sizes=\"auto, (max-width: 1600px) 100vw, 1600px\" \/>\t\t<\/div>\n\t\t\t\t<\/div>\n\t\t\t\t<\/div>\n\t\t\t\t<div class=\"elementor-element elementor-element-6f17ef8 elementor-align-left elementor-widget elementor-widget-raven-heading\" data-id=\"6f17ef8\" data-element_type=\"widget\" data-widget_type=\"raven-heading.default\">\n\t\t\t\t<div class=\"elementor-widget-container\">\n\t\t\t\t\t<div class=\"raven-widget-wrapper\"><h2 class=\"raven-heading raven-heading-h2\"><span class=\"raven-heading-title\">Formul\u00e1rio de Inscri\u00e7\u00e3o<\/span><\/h2><\/div>\n\t\t\t\t<\/div>\n\t\t\t\t<\/div>\n\t\t\t\t<div class=\"elementor-element elementor-element-5235f97 elementor-align-center elementor-widget elementor-widget-button\" data-id=\"5235f97\" data-element_type=\"widget\" data-widget_type=\"button.default\">\n\t\t\t\t<div class=\"elementor-widget-container\">\n\t\t\t\t\t<div class=\"elementor-button-wrapper\">\n\t\t\t<a href=\"https:\/\/docs.google.com\/forms\/d\/1Jo50Xdeio1tqB7wDHUFp7Z5QI2vxCJvgiSY8s2hSIUg\/edit\" target=\"_blank\" rel=\"nofollow\" class=\"elementor-button-link elementor-button elementor-size-md\" role=\"button\">\n\t\t\t\t\t\t<span class=\"elementor-button-content-wrapper\">\n\t\t\t\t\t\t<span class=\"elementor-button-text\">Fa\u00e7a sua inscri\u00e7\u00e3o (Clique aqui)<\/span>\n\t\t<\/span>\n\t\t\t\t\t<\/a>\n\t\t<\/div>\n\t\t\t\t<\/div>\n\t\t\t\t<\/div>\n\t\t\t\t<div class=\"elementor-element elementor-element-a945f6b elementor-align-left elementor-widget elementor-widget-raven-heading\" data-id=\"a945f6b\" data-element_type=\"widget\" data-widget_type=\"raven-heading.default\">\n\t\t\t\t<div class=\"elementor-widget-container\">\n\t\t\t\t\t<div class=\"raven-widget-wrapper\"><h2 class=\"raven-heading raven-heading-h2\"><span class=\"raven-heading-title\">Documentos<\/span><\/h2><\/div>\n\t\t\t\t<\/div>\n\t\t\t\t<\/div>\n\t\t\t\t<div class=\"elementor-element elementor-element-e8a728e elementor-align-left elementor-icon-list--layout-traditional elementor-list-item-link-full_width elementor-widget elementor-widget-icon-list\" data-id=\"e8a728e\" data-element_type=\"widget\" data-widget_type=\"icon-list.default\">\n\t\t\t\t<div class=\"elementor-widget-container\">\n\t\t\t\t\t<ul class=\"elementor-icon-list-items\">\n\t\t\t\t\t\t\t<li class=\"elementor-icon-list-item\">\n\t\t\t\t\t\t\t\t\t\t\t<a href=\"\/site\/wp-content\/uploads\/2025\/11\/Relatorio_Final-Conferencia-2025-Apucarana.pdf\" target=\"_blank\">\n\n\t\t\t\t\t\t\t\t\t\t\t\t<span class=\"elementor-icon-list-icon\">\n\t\t\t\t\t\t\t<i aria-hidden=\"true\" class=\"far fa-file-pdf\"><\/i>\t\t\t\t\t\t<\/span>\n\t\t\t\t\t\t\t\t\t\t<span class=\"elementor-icon-list-text\">Relat\u00f3rio Final<\/span>\n\t\t\t\t\t\t\t\t\t\t\t<\/a>\n\t\t\t\t\t\t\t\t\t<\/li>\n\t\t\t\t\t\t\t\t<li class=\"elementor-icon-list-item\">\n\t\t\t\t\t\t\t\t\t\t\t<a href=\"\/site\/wp-content\/uploads\/2025\/11\/Propostas-deliberacao-final-Conferencia-Apucarana.pdf\" target=\"_blank\">\n\n\t\t\t\t\t\t\t\t\t\t\t\t<span class=\"elementor-icon-list-icon\">\n\t\t\t\t\t\t\t<i aria-hidden=\"true\" class=\"far fa-file-pdf\"><\/i>\t\t\t\t\t\t<\/span>\n\t\t\t\t\t\t\t\t\t\t<span class=\"elementor-icon-list-text\">Propostas Delibera\u00e7\u00e3o Final<\/span>\n\t\t\t\t\t\t\t\t\t\t\t<\/a>\n\t\t\t\t\t\t\t\t\t<\/li>\n\t\t\t\t\t\t\t\t<li class=\"elementor-icon-list-item\">\n\t\t\t\t\t\t\t\t\t\t\t<a href=\"\/site\/wp-content\/uploads\/2025\/11\/ATA-XV-Conferencia-Municipal-de-Assistencia-Social.pdf\" target=\"_blank\">\n\n\t\t\t\t\t\t\t\t\t\t\t\t<span class=\"elementor-icon-list-icon\">\n\t\t\t\t\t\t\t<i aria-hidden=\"true\" class=\"far fa-file-pdf\"><\/i>\t\t\t\t\t\t<\/span>\n\t\t\t\t\t\t\t\t\t\t<span class=\"elementor-icon-list-text\">ATA - XV Confer\u00eanca Municipal de Assist\u00eancia Social<\/span>\n\t\t\t\t\t\t\t\t\t\t\t<\/a>\n\t\t\t\t\t\t\t\t\t<\/li>\n\t\t\t\t\t\t\t\t<li class=\"elementor-icon-list-item\">\n\t\t\t\t\t\t\t\t\t\t\t<a href=\"\/site\/wp-content\/uploads\/2025\/06\/Regimento-da-Conferencia-final.pdf\" target=\"_blank\">\n\n\t\t\t\t\t\t\t\t\t\t\t\t<span class=\"elementor-icon-list-icon\">\n\t\t\t\t\t\t\t<i aria-hidden=\"true\" class=\"far fa-file-pdf\"><\/i>\t\t\t\t\t\t<\/span>\n\t\t\t\t\t\t\t\t\t\t<span class=\"elementor-icon-list-text\">Regimento Interno da 15\u00aa Confer\u00eancia Municipal de Assist\u00eancia Social<\/span>\n\t\t\t\t\t\t\t\t\t\t\t<\/a>\n\t\t\t\t\t\t\t\t\t<\/li>\n\t\t\t\t\t\t\t\t<li class=\"elementor-icon-list-item\">\n\t\t\t\t\t\t\t\t\t\t\t<a href=\"\/site\/wp-content\/uploads\/2025\/06\/Informe-n-1-CNAS-Conferencia-Tema-e-Eixos.pdf\" target=\"_blank\">\n\n\t\t\t\t\t\t\t\t\t\t\t\t<span class=\"elementor-icon-list-icon\">\n\t\t\t\t\t\t\t<i aria-hidden=\"true\" class=\"far fa-file-pdf\"><\/i>\t\t\t\t\t\t<\/span>\n\t\t\t\t\t\t\t\t\t\t<span class=\"elementor-icon-list-text\">Informe CNAS N\u00ba 001\/2025 - Temas e Eixos<\/span>\n\t\t\t\t\t\t\t\t\t\t\t<\/a>\n\t\t\t\t\t\t\t\t\t<\/li>\n\t\t\t\t\t\t\t\t<li class=\"elementor-icon-list-item\">\n\t\t\t\t\t\t\t\t\t\t\t<a href=\"\/site\/wp-content\/uploads\/2025\/06\/Resolucao-008.2025-Dispoe-sobre-a-convocacao-da-15a-Conferencia-Municipal-de-Assistencia-Social-de-Apucarana.pdf\" target=\"_blank\">\n\n\t\t\t\t\t\t\t\t\t\t\t\t<span class=\"elementor-icon-list-icon\">\n\t\t\t\t\t\t\t<i aria-hidden=\"true\" class=\"far fa-file-pdf\"><\/i>\t\t\t\t\t\t<\/span>\n\t\t\t\t\t\t\t\t\t\t<span class=\"elementor-icon-list-text\">Resolu\u00e7\u00e3o N\u00ba 008\/2025<\/span>\n\t\t\t\t\t\t\t\t\t\t\t<\/a>\n\t\t\t\t\t\t\t\t\t<\/li>\n\t\t\t\t\t\t<\/ul>\n\t\t\t\t<\/div>\n\t\t\t\t<\/div>\n\t\t\t\t\t<\/div>\n\t\t<\/div>\n\t\t\t\t\t\t\t<\/div>\n\t\t<\/section>\n\t\t\t\t\t\t\t<\/div>\n\t\t","protected":false},"excerpt":{"rendered":"<p>Formul&aacute;rio de Inscri&ccedil;&atilde;o Fa&ccedil;a sua inscri&ccedil;&atilde;o (Clique aqui) Documentos Relat&oacute;rio Final Propostas Delibera&ccedil;&atilde;o Final ATA &ndash; XV Confer&ecirc;nca Municipal de Assist&ecirc;ncia Social Regimento Interno da 15&ordf; Confer&ecirc;ncia Municipal de Assist&ecirc;ncia Social Informe CNAS N&ordm; 001\/2025 &ndash; Temas e Eixos Resolu&ccedil;&atilde;o N&ordm; 008\/2025<\/p>\n","protected":false},"author":2,"featured_media":0,"parent":50819,"menu_order":0,"comment_status":"closed","ping_status":"closed","template":"","meta":{"footnotes":""},"class_list":["post-114834","page","type-page","status-publish","hentry"],"acf":[],"_links":{"self":[{"href":"http:\/\/www.apucarana.pr.gov.br\/site\/wp-json\/wp\/v2\/pages\/114834","targetHints":{"allow":["GET"]}}],"collection":[{"href":"http:\/\/www.apucarana.pr.gov.br\/site\/wp-json\/wp\/v2\/pages"}],"about":[{"href":"http:\/\/www.apucarana.pr.gov.br\/site\/wp-json\/wp\/v2\/types\/page"}],"author":[{"embeddable":true,"href":"http:\/\/www.apucarana.pr.gov.br\/site\/wp-json\/wp\/v2\/users\/2"}],"replies":[{"embeddable":true,"href":"http:\/\/www.apucarana.pr.gov.br\/site\/wp-json\/wp\/v2\/comments?post=114834"}],"version-history":[{"count":5,"href":"http:\/\/www.apucarana.pr.gov.br\/site\/wp-json\/wp\/v2\/pages\/114834\/revisions"}],"predecessor-version":[{"id":120618,"href":"http:\/\/www.apucarana.pr.gov.br\/site\/wp-json\/wp\/v2\/pages\/114834\/revisions\/120618"}],"up":[{"embeddable":true,"href":"http:\/\/www.apucarana.pr.gov.br\/site\/wp-json\/wp\/v2\/pages\/50819"}],"wp:attachment":[{"href":"http:\/\/www.apucarana.pr.gov.br\/site\/wp-json\/wp\/v2\/media?parent=114834"}],"curies":[{"name":"wp","href":"https:\/\/api.w.org\/{rel}","templated":true}]}}

XV Conferência Municipal de Assistência Social

<div data-elementor-type="wp-page" data-elementor-id="114834" class="elementor elementor-114834">
									<section class="elementor-section elementor-top-section elementor-element elementor-element-81ffff1 elementor-section-boxed elementor-section-height-default elementor-section-height-default" data-id="81ffff1" data-element_type="section" data-settings="{&quot;jet_parallax_layout_list&quot;:[{&quot;jet_parallax_layout_image&quot;:{&quot;url&quot;:&quot;&quot;,&quot;id&quot;:&quot;&quot;},&quot;_id&quot;:&quot;475b590&quot;,&quot;jet_parallax_layout_image_tablet&quot;:{&quot;url&quot;:&quot;&quot;,&quot;id&quot;:&quot;&quot;},&quot;jet_parallax_layout_image_mobile&quot;:{&quot;url&quot;:&quot;&quot;,&quot;id&quot;:&quot;&quot;},&quot;jet_parallax_layout_speed&quot;:{&quot;unit&quot;:&quot;%&quot;,&quot;size&quot;:50,&quot;sizes&quot;:[]},&quot;jet_parallax_layout_type&quot;:&quot;scroll&quot;,&quot;jet_parallax_layout_direction&quot;:null,&quot;jet_parallax_layout_fx_direction&quot;:null,&quot;jet_parallax_layout_z_index&quot;:&quot;&quot;,&quot;jet_parallax_layout_bg_x&quot;:50,&quot;jet_parallax_layout_bg_x_tablet&quot;:&quot;&quot;,&quot;jet_parallax_layout_bg_x_mobile&quot;:&quot;&quot;,&quot;jet_parallax_layout_bg_y&quot;:50,&quot;jet_parallax_layout_bg_y_tablet&quot;:&quot;&quot;,&quot;jet_parallax_layout_bg_y_mobile&quot;:&quot;&quot;,&quot;jet_parallax_layout_bg_size&quot;:&quot;auto&quot;,&quot;jet_parallax_layout_bg_size_tablet&quot;:&quot;&quot;,&quot;jet_parallax_layout_bg_size_mobile&quot;:&quot;&quot;,&quot;jet_parallax_layout_animation_prop&quot;:&quot;transform&quot;,&quot;jet_parallax_layout_on&quot;:[&quot;desktop&quot;,&quot;tablet&quot;]}]}">
						<div class="elementor-container elementor-column-gap-default">
					<div class="elementor-column elementor-col-100 elementor-top-column elementor-element elementor-element-f58b795" data-id="f58b795" data-element_type="column">
			<div class="elementor-widget-wrap elementor-element-populated">
								<div class="elementor-element elementor-element-db4a847 elementor-widget elementor-widget-raven-image" data-id="db4a847" data-element_type="widget" data-widget_type="raven-image.default">
				<div class="elementor-widget-container">
					<div class="raven-image">
		
		
		<img loading="lazy" decoding="async" width="1600" height="1000" src="http://www.apucarana.pr.gov.br/site/wp-content/uploads/2025/06/imagem-oficial.jpeg" class="attachment-full size-full wp-image-114840" alt="" srcset="http://www.apucarana.pr.gov.br/site/wp-content/uploads/2025/06/imagem-oficial.jpeg 1600w, http://www.apucarana.pr.gov.br/site/wp-content/uploads/2025/06/imagem-oficial-300x188.jpeg 300w, http://www.apucarana.pr.gov.br/site/wp-content/uploads/2025/06/imagem-oficial-1024x640.jpeg 1024w, http://www.apucarana.pr.gov.br/site/wp-content/uploads/2025/06/imagem-oficial-768x480.jpeg 768w, http://www.apucarana.pr.gov.br/site/wp-content/uploads/2025/06/imagem-oficial-1536x960.jpeg 1536w" sizes="auto, (max-width: 1600px) 100vw, 1600px" />		</div>
				</div>
				</div>
				<div class="elementor-element elementor-element-6f17ef8 elementor-align-left elementor-widget elementor-widget-raven-heading" data-id="6f17ef8" data-element_type="widget" data-widget_type="raven-heading.default">
				<div class="elementor-widget-container">
					<div class="raven-widget-wrapper"><h2 class="raven-heading raven-heading-h2"><span class="raven-heading-title">Formulário de Inscrição</span></h2></div>
				</div>
				</div>
				<div class="elementor-element elementor-element-5235f97 elementor-align-center elementor-widget elementor-widget-button" data-id="5235f97" data-element_type="widget" data-widget_type="button.default">
				<div class="elementor-widget-container">
					<div class="elementor-button-wrapper">
			<a href="https://docs.google.com/forms/d/1Jo50Xdeio1tqB7wDHUFp7Z5QI2vxCJvgiSY8s2hSIUg/edit" target="_blank" rel="nofollow" class="elementor-button-link elementor-button elementor-size-md" role="button">
						<span class="elementor-button-content-wrapper">
						<span class="elementor-button-text">Faça sua inscrição (Clique aqui)</span>
		</span>
					</a>
		</div>
				</div>
				</div>
				<div class="elementor-element elementor-element-a945f6b elementor-align-left elementor-widget elementor-widget-raven-heading" data-id="a945f6b" data-element_type="widget" data-widget_type="raven-heading.default">
				<div class="elementor-widget-container">
					<div class="raven-widget-wrapper"><h2 class="raven-heading raven-heading-h2"><span class="raven-heading-title">Documentos</span></h2></div>
				</div>
				</div>
				<div class="elementor-element elementor-element-e8a728e elementor-align-left elementor-icon-list--layout-traditional elementor-list-item-link-full_width elementor-widget elementor-widget-icon-list" data-id="e8a728e" data-element_type="widget" data-widget_type="icon-list.default">
				<div class="elementor-widget-container">
					<ul class="elementor-icon-list-items">
							<li class="elementor-icon-list-item">
											<a href="/site/wp-content/uploads/2025/11/Relatorio_Final-Conferencia-2025-Apucarana.pdf" target="_blank">

												<span class="elementor-icon-list-icon">
							<i aria-hidden="true" class="far fa-file-pdf"></i>						</span>
										<span class="elementor-icon-list-text">Relatório Final</span>
											</a>
									</li>
								<li class="elementor-icon-list-item">
											<a href="/site/wp-content/uploads/2025/11/Propostas-deliberacao-final-Conferencia-Apucarana.pdf" target="_blank">

												<span class="elementor-icon-list-icon">
							<i aria-hidden="true" class="far fa-file-pdf"></i>						</span>
										<span class="elementor-icon-list-text">Propostas Deliberação Final</span>
											</a>
									</li>
								<li class="elementor-icon-list-item">
											<a href="/site/wp-content/uploads/2025/11/ATA-XV-Conferencia-Municipal-de-Assistencia-Social.pdf" target="_blank">

												<span class="elementor-icon-list-icon">
							<i aria-hidden="true" class="far fa-file-pdf"></i>						</span>
										<span class="elementor-icon-list-text">ATA - XV Conferênca Municipal de Assistência Social</span>
											</a>
									</li>
								<li class="elementor-icon-list-item">
											<a href="/site/wp-content/uploads/2025/06/Regimento-da-Conferencia-final.pdf" target="_blank">

												<span class="elementor-icon-list-icon">
							<i aria-hidden="true" class="far fa-file-pdf"></i>						</span>
										<span class="elementor-icon-list-text">Regimento Interno da 15ª Conferência Municipal de Assistência Social</span>
											</a>
									</li>
								<li class="elementor-icon-list-item">
											<a href="/site/wp-content/uploads/2025/06/Informe-n-1-CNAS-Conferencia-Tema-e-Eixos.pdf" target="_blank">

												<span class="elementor-icon-list-icon">
							<i aria-hidden="true" class="far fa-file-pdf"></i>						</span>
										<span class="elementor-icon-list-text">Informe CNAS Nº 001/2025 - Temas e Eixos</span>
											</a>
									</li>
								<li class="elementor-icon-list-item">
											<a href="/site/wp-content/uploads/2025/06/Resolucao-008.2025-Dispoe-sobre-a-convocacao-da-15a-Conferencia-Municipal-de-Assistencia-Social-de-Apucarana.pdf" target="_blank">

												<span class="elementor-icon-list-icon">
							<i aria-hidden="true" class="far fa-file-pdf"></i>						</span>
										<span class="elementor-icon-list-text">Resolução Nº 008/2025</span>
											</a>
									</li>
						</ul>
				</div>
				</div>
					</div>
		</div>
							</div>
		</section>
							</div>
