{"id":58019,"date":"2022-01-18T09:51:32","date_gmt":"2022-01-18T12:51:32","guid":{"rendered":"http:\/\/www.apucarana.pr.gov.br\/site\/?post_type=carta-de-servicos&#038;p=58019"},"modified":"2022-01-21T20:22:45","modified_gmt":"2022-01-21T23:22:45","slug":"vacinacao-contra-covid-19","status":"publish","type":"carta-de-servicos","link":"http:\/\/www.apucarana.pr.gov.br\/site\/carta-de-servicos\/vacinacao-contra-covid-19\/","title":{"rendered":"Vacina\u00e7\u00e3o Contra COVID-19"},"content":{"rendered":"<p>O Brasil iniciou em janeiro de 2021 a Campanha Nacional de Imuniza\u00e7\u00e3o contra a Covid-19. O plano nacional de enfrentamento \u00e0 doen\u00e7a, conforme a \u00faltima atualiza\u00e7\u00e3o, prev\u00ea a imuniza\u00e7\u00e3o de toda popula\u00e7\u00e3o acima de 5 anos de idade contra o v\u00edrus. A Covid-19 \u00e9 a maior pandemia da hist\u00f3ria recente da humanidade causada pelo novo coronav\u00edrus (SARS-CoV-2). Trata-se de uma infec\u00e7\u00e3o respirat\u00f3ria aguda, potencialmente grave e de distribui\u00e7\u00e3o global, que possui elevada transmissibilidade entre as pessoas, por meio de got\u00edculas respirat\u00f3rias ou contato com objetos e superf\u00edcies contaminadas<\/p>\n<p>A vacina\u00e7\u00e3o \u00e9 realizada atualmente no Pa\u00eds com doses de laborat\u00f3rios e imunizantes distintos: Coronavac, Pfizer, AstraZeneca e Janssen. O objetivo da vacina\u00e7\u00e3o \u00e9 evitar os quadros mais graves da doen\u00e7a, reduzindo \u00f3bitos e interna\u00e7\u00f5es. Assim como os demais munic\u00edpios brasileiros, Apucarana integra o Plano Nacional de Imuniza\u00e7\u00e3o contra Covid-19, seguindo as orienta\u00e7\u00f5es e normativas t\u00e9cnicas do Minist\u00e9rio da Sa\u00fade<\/p>\n","protected":false},"template":"","meta":[],"class_list":["post-58019","carta-de-servicos","type-carta-de-servicos","status-publish","hentry"],"acf":[],"_links":{"self":[{"href":"http:\/\/www.apucarana.pr.gov.br\/site\/wp-json\/wp\/v2\/carta-de-servicos\/58019","targetHints":{"allow":["GET"]}}],"collection":[{"href":"http:\/\/www.apucarana.pr.gov.br\/site\/wp-json\/wp\/v2\/carta-de-servicos"}],"about":[{"href":"http:\/\/www.apucarana.pr.gov.br\/site\/wp-json\/wp\/v2\/types\/carta-de-servicos"}],"wp:attachment":[{"href":"http:\/\/www.apucarana.pr.gov.br\/site\/wp-json\/wp\/v2\/media?parent=58019"}],"curies":[{"name":"wp","href":"https:\/\/api.w.org\/{rel}","templated":true}]}}

Vacinação Contra COVID-19

<p>O Brasil iniciou em janeiro de 2021 a Campanha Nacional de Imunização contra a Covid-19. O plano nacional de enfrentamento à doença, conforme a última atualização, prevê a imunização de toda população acima de 5 anos de idade contra o vírus. A Covid-19 é a maior pandemia da história recente da humanidade causada pelo novo coronavírus (SARS-CoV-2). Trata-se de uma infecção respiratória aguda, potencialmente grave e de distribuição global, que possui elevada transmissibilidade entre as pessoas, por meio de gotículas respiratórias ou contato com objetos e superfícies contaminadas</p>
<p>A vacinação é realizada atualmente no País com doses de laboratórios e imunizantes distintos: Coronavac, Pfizer, AstraZeneca e Janssen. O objetivo da vacinação é evitar os quadros mais graves da doença, reduzindo óbitos e internações. Assim como os demais municípios brasileiros, Apucarana integra o Plano Nacional de Imunização contra Covid-19, seguindo as orientações e normativas técnicas do Ministério da Saúde</p>
