{"id":57926,"date":"2022-01-17T17:32:22","date_gmt":"2022-01-17T20:32:22","guid":{"rendered":"http:\/\/www.apucarana.pr.gov.br\/site\/?post_type=carta-de-servicos&#038;p=57926"},"modified":"2022-01-19T09:09:33","modified_gmt":"2022-01-19T12:09:33","slug":"entrega-de-fraldas-geriatricas","status":"publish","type":"carta-de-servicos","link":"http:\/\/www.apucarana.pr.gov.br\/site\/carta-de-servicos\/entrega-de-fraldas-geriatricas\/","title":{"rendered":"Entrega de Fraldas Geri\u00e1tricas"},"content":{"rendered":"<p>Entrega de fraldas geri\u00e1tricas para os pacientes qualificados pelo departamento de servi\u00e7o social da Autarquia Municipal de Sa\u00fade de Apucarana<\/p>\n","protected":false},"template":"","meta":[],"class_list":["post-57926","carta-de-servicos","type-carta-de-servicos","status-publish","hentry"],"acf":[],"_links":{"self":[{"href":"http:\/\/www.apucarana.pr.gov.br\/site\/wp-json\/wp\/v2\/carta-de-servicos\/57926","targetHints":{"allow":["GET"]}}],"collection":[{"href":"http:\/\/www.apucarana.pr.gov.br\/site\/wp-json\/wp\/v2\/carta-de-servicos"}],"about":[{"href":"http:\/\/www.apucarana.pr.gov.br\/site\/wp-json\/wp\/v2\/types\/carta-de-servicos"}],"wp:attachment":[{"href":"http:\/\/www.apucarana.pr.gov.br\/site\/wp-json\/wp\/v2\/media?parent=57926"}],"curies":[{"name":"wp","href":"https:\/\/api.w.org\/{rel}","templated":true}]}}

Entrega de Fraldas Geriátricas

<p>Entrega de fraldas geriátricas para os pacientes qualificados pelo departamento de serviço social da Autarquia Municipal de Saúde de Apucarana</p>
