{"id":57114,"date":"2022-01-13T09:16:14","date_gmt":"2022-01-13T12:16:14","guid":{"rendered":"http:\/\/www.apucarana.pr.gov.br\/site\/?post_type=carta-de-servicos&#038;p=57114"},"modified":"2022-01-13T10:47:44","modified_gmt":"2022-01-13T13:47:44","slug":"atendimento-para-acesso-a-orteses-e-proteses","status":"publish","type":"carta-de-servicos","link":"http:\/\/www.apucarana.pr.gov.br\/site\/carta-de-servicos\/atendimento-para-acesso-a-orteses-e-proteses\/","title":{"rendered":"Atendimento para Acesso a \u00d3rteses e Pr\u00f3teses"},"content":{"rendered":"<p>As \u00f3rteses e pr\u00f3teses s\u00e3o fornecidas aos usu\u00e1rios do SUS por meio do convenio do munic\u00edpio com a associa\u00e7\u00e3o dos deficientes f\u00edsicos de Apucarana (ADEFIAP)<\/p>\n","protected":false},"template":"","meta":[],"class_list":["post-57114","carta-de-servicos","type-carta-de-servicos","status-publish","hentry"],"acf":[],"_links":{"self":[{"href":"http:\/\/www.apucarana.pr.gov.br\/site\/wp-json\/wp\/v2\/carta-de-servicos\/57114","targetHints":{"allow":["GET"]}}],"collection":[{"href":"http:\/\/www.apucarana.pr.gov.br\/site\/wp-json\/wp\/v2\/carta-de-servicos"}],"about":[{"href":"http:\/\/www.apucarana.pr.gov.br\/site\/wp-json\/wp\/v2\/types\/carta-de-servicos"}],"wp:attachment":[{"href":"http:\/\/www.apucarana.pr.gov.br\/site\/wp-json\/wp\/v2\/media?parent=57114"}],"curies":[{"name":"wp","href":"https:\/\/api.w.org\/{rel}","templated":true}]}}

Atendimento para Acesso a Órteses e Próteses

<p>As órteses e próteses são fornecidas aos usuários do SUS por meio do convenio do município com a associação dos deficientes físicos de Apucarana (ADEFIAP)</p>
