{"id":56498,"date":"2022-01-06T15:28:13","date_gmt":"2022-01-06T18:28:13","guid":{"rendered":"http:\/\/www.apucarana.pr.gov.br\/site\/?post_type=carta-de-servicos&#038;p=56498"},"modified":"2022-01-19T09:50:08","modified_gmt":"2022-01-19T12:50:08","slug":"atencao-primaria-em-saude","status":"publish","type":"carta-de-servicos","link":"http:\/\/www.apucarana.pr.gov.br\/site\/carta-de-servicos\/atencao-primaria-em-saude\/","title":{"rendered":"Aten\u00e7\u00e3o Prim\u00e1ria em Sa\u00fade"},"content":{"rendered":"<p>A Aten\u00e7\u00e3o Prim\u00e1ria em Sa\u00fade consiste nos seguintes servi\u00e7os:<\/p>\n<ul>\n<li>Cadastro do Cart\u00e3o Nacional SUS<\/li>\n<li>Consulta m\u00e9dica<\/li>\n<li>Consulta de enfermagem<\/li>\n<li>Exame ginecol\u00f3gico<\/li>\n<li>Puericultura<\/li>\n<li>Pr\u00e9-natal e puerp\u00e9rio<\/li>\n<li>Teste r\u00e1pido de HIV, s\u00edfilis, hepatite B e hepatite C<\/li>\n<li>Entrega de medicamentos;<\/li>\n<li>Atendimento odontol\u00f3gico<\/li>\n<li>Atendimento multiprofissional (fisioterapia, nutri\u00e7\u00e3o, atividade f\u00edsica e psicologia)<\/li>\n<\/ul>\n","protected":false},"template":"","meta":[],"class_list":["post-56498","carta-de-servicos","type-carta-de-servicos","status-publish","hentry"],"acf":[],"_links":{"self":[{"href":"http:\/\/www.apucarana.pr.gov.br\/site\/wp-json\/wp\/v2\/carta-de-servicos\/56498","targetHints":{"allow":["GET"]}}],"collection":[{"href":"http:\/\/www.apucarana.pr.gov.br\/site\/wp-json\/wp\/v2\/carta-de-servicos"}],"about":[{"href":"http:\/\/www.apucarana.pr.gov.br\/site\/wp-json\/wp\/v2\/types\/carta-de-servicos"}],"wp:attachment":[{"href":"http:\/\/www.apucarana.pr.gov.br\/site\/wp-json\/wp\/v2\/media?parent=56498"}],"curies":[{"name":"wp","href":"https:\/\/api.w.org\/{rel}","templated":true}]}}

Atenção Primária em Saúde

<p>A Atenção Primária em Saúde consiste nos seguintes serviços:</p>
<ul>
<li>Cadastro do Cartão Nacional SUS</li>
<li>Consulta médica</li>
<li>Consulta de enfermagem</li>
<li>Exame ginecológico</li>
<li>Puericultura</li>
<li>Pré-natal e puerpério</li>
<li>Teste rápido de HIV, sífilis, hepatite B e hepatite C</li>
<li>Entrega de medicamentos;</li>
<li>Atendimento odontológico</li>
<li>Atendimento multiprofissional (fisioterapia, nutrição, atividade física e psicologia)</li>
</ul>
