{"id":56320,"date":"2022-01-05T15:26:21","date_gmt":"2022-01-05T18:26:21","guid":{"rendered":"http:\/\/www.apucarana.pr.gov.br\/site\/?post_type=carta-de-servicos&#038;p=56320"},"modified":"2022-06-15T11:44:14","modified_gmt":"2022-06-15T14:44:14","slug":"programa-portas-abertas-jovem-cidadao","status":"publish","type":"carta-de-servicos","link":"http:\/\/www.apucarana.pr.gov.br\/site\/carta-de-servicos\/programa-portas-abertas-jovem-cidadao\/","title":{"rendered":"Programa Portas Abertas &#8211; Jovem Cidad\u00e3o"},"content":{"rendered":"<p>O Programa Portas Abertas &#8211; Jovem Cidad\u00e3o oferece aulas de portugu\u00eas, matem\u00e1tica, inform\u00e1tica b\u00e1sica e forma\u00e7\u00e3o social, com dura\u00e7\u00e3o de 9 meses, com aulas durante dois dias da semana no per\u00edodo matutino e vespertino<\/p>\n","protected":false},"template":"","meta":[],"class_list":["post-56320","carta-de-servicos","type-carta-de-servicos","status-publish","hentry"],"acf":[],"_links":{"self":[{"href":"http:\/\/www.apucarana.pr.gov.br\/site\/wp-json\/wp\/v2\/carta-de-servicos\/56320","targetHints":{"allow":["GET"]}}],"collection":[{"href":"http:\/\/www.apucarana.pr.gov.br\/site\/wp-json\/wp\/v2\/carta-de-servicos"}],"about":[{"href":"http:\/\/www.apucarana.pr.gov.br\/site\/wp-json\/wp\/v2\/types\/carta-de-servicos"}],"wp:attachment":[{"href":"http:\/\/www.apucarana.pr.gov.br\/site\/wp-json\/wp\/v2\/media?parent=56320"}],"curies":[{"name":"wp","href":"https:\/\/api.w.org\/{rel}","templated":true}]}}

Programa Portas Abertas &#8211; Jovem Cidadão

<p>O Programa Portas Abertas &#8211; Jovem Cidadão oferece aulas de português, matemática, informática básica e formação social, com duração de 9 meses, com aulas durante dois dias da semana no período matutino e vespertino</p>
