{"id":56276,"date":"2022-01-05T11:03:13","date_gmt":"2022-01-05T14:03:13","guid":{"rendered":"http:\/\/www.apucarana.pr.gov.br\/site\/?post_type=carta-de-servicos&#038;p=56276"},"modified":"2023-10-04T14:09:15","modified_gmt":"2023-10-04T17:09:15","slug":"escola-municipal-de-artes-ensino-de-teatro","status":"publish","type":"carta-de-servicos","link":"http:\/\/www.apucarana.pr.gov.br\/site\/carta-de-servicos\/escola-municipal-de-artes-ensino-de-teatro\/","title":{"rendered":"Escola Municipal de Artes &#8211; Ensino de Teatro"},"content":{"rendered":"<p>As aulas s\u00e3o realizadas na Casa da Cultura, na Avenida Curitiba, 1215, e no Centro da Juventude, na Rua Piratininga, 464, Jardim Diamantina. As aulas s\u00e3o ofertadas de segunda a sexta feira, no per\u00edodo das 8h \u00e0s 22h e, aos s\u00e1bados, das 8h \u00e0s 12h. Em breve ser\u00e1 divulgada a atualiza\u00e7\u00e3o sobre a distribui\u00e7\u00e3o das aulas em 2023<\/p>\n<div class=\"table-responsive\" style=\"display: none;\">\n<table class=\"table mb-0\">\n<thead>\n<tr>\n<th scope=\"col\">Idade<\/th>\n<th scope=\"col\">Segunda<\/th>\n<th scope=\"col\">Ter\u00e7a<\/th>\n<th scope=\"col\">Quarta<\/th>\n<th scope=\"col\">Quinta<\/th>\n<th scope=\"col\">Sexta<\/th>\n<th scope=\"col\">S\u00e1bado<\/th>\n<\/tr>\n<\/thead>\n<tbody>\n<tr>\n<th scope=\"row\">9 a 16 anos<\/th>\n<td>8h e 15h30<\/td>\n<td>14h<\/td>\n<td>8h e 15h30<\/td>\n<td>14h<\/td>\n<td>&#8212;<\/td>\n<td>&#8212;<\/td>\n<\/tr>\n<tr>\n<th scope=\"row\">15 anos ou mais<\/th>\n<td>&#8212;<\/td>\n<td>&#8212;<\/td>\n<td>&#8212;<\/td>\n<td>&#8212;<\/td>\n<td>&#8212;<\/td>\n<td>13h30<\/td>\n<\/tr>\n<tr>\n<th scope=\"row\">16 anos ou mais<\/th>\n<td>18h30 e 20h<\/td>\n<td>19h<\/td>\n<td>18h30 e 20h<\/td>\n<td>19h<\/td>\n<td>&#8212;<\/td>\n<td>&#8212;<\/td>\n<\/tr>\n<\/tbody>\n<\/table>\n<\/div>\n","protected":false},"template":"","meta":[],"class_list":["post-56276","carta-de-servicos","type-carta-de-servicos","status-publish","hentry"],"acf":[],"_links":{"self":[{"href":"http:\/\/www.apucarana.pr.gov.br\/site\/wp-json\/wp\/v2\/carta-de-servicos\/56276","targetHints":{"allow":["GET"]}}],"collection":[{"href":"http:\/\/www.apucarana.pr.gov.br\/site\/wp-json\/wp\/v2\/carta-de-servicos"}],"about":[{"href":"http:\/\/www.apucarana.pr.gov.br\/site\/wp-json\/wp\/v2\/types\/carta-de-servicos"}],"wp:attachment":[{"href":"http:\/\/www.apucarana.pr.gov.br\/site\/wp-json\/wp\/v2\/media?parent=56276"}],"curies":[{"name":"wp","href":"https:\/\/api.w.org\/{rel}","templated":true}]}}

<p>As aulas são realizadas na Casa da Cultura, na Avenida Curitiba, 1215, e no Centro da Juventude, na Rua Piratininga, 464, Jardim Diamantina. As aulas são ofertadas de segunda a sexta feira, no período das 8h às 22h e, aos sábados, das 8h às 12h. Em breve será divulgada a atualização sobre a distribuição das aulas em 2023</p>
<div class="table-responsive" style="display: none;">
<table class="table mb-0">
<thead>
<tr>
<th scope="col">Idade</th>
<th scope="col">Segunda</th>
<th scope="col">Terça</th>
<th scope="col">Quarta</th>
<th scope="col">Quinta</th>
<th scope="col">Sexta</th>
<th scope="col">Sábado</th>
</tr>
</thead>
<tbody>
<tr>
<th scope="row">9 a 16 anos</th>
<td>8h e 15h30</td>
<td>14h</td>
<td>8h e 15h30</td>
<td>14h</td>
<td>&#8212;</td>
<td>&#8212;</td>
</tr>
<tr>
<th scope="row">15 anos ou mais</th>
<td>&#8212;</td>
<td>&#8212;</td>
<td>&#8212;</td>
<td>&#8212;</td>
<td>&#8212;</td>
<td>13h30</td>
</tr>
<tr>
<th scope="row">16 anos ou mais</th>
<td>18h30 e 20h</td>
<td>19h</td>
<td>18h30 e 20h</td>
<td>19h</td>
<td>&#8212;</td>
<td>&#8212;</td>
</tr>
</tbody>
</table>
</div>
