{"id":56175,"date":"2022-01-04T15:37:52","date_gmt":"2022-01-04T18:37:52","guid":{"rendered":"http:\/\/www.apucarana.pr.gov.br\/site\/?post_type=carta-de-servicos&#038;p=56175"},"modified":"2022-03-03T15:01:50","modified_gmt":"2022-03-03T18:01:50","slug":"uso-do-espaco-publico","status":"publish","type":"carta-de-servicos","link":"http:\/\/www.apucarana.pr.gov.br\/site\/carta-de-servicos\/uso-do-espaco-publico\/","title":{"rendered":"Uso do Espa\u00e7o P\u00fablico"},"content":{"rendered":"<p>Solicita\u00e7\u00e3o de autoriza\u00e7\u00e3o para fins de uso do espa\u00e7o p\u00fablico<\/p>\n","protected":false},"template":"","meta":[],"class_list":["post-56175","carta-de-servicos","type-carta-de-servicos","status-publish","hentry"],"acf":[],"_links":{"self":[{"href":"http:\/\/www.apucarana.pr.gov.br\/site\/wp-json\/wp\/v2\/carta-de-servicos\/56175","targetHints":{"allow":["GET"]}}],"collection":[{"href":"http:\/\/www.apucarana.pr.gov.br\/site\/wp-json\/wp\/v2\/carta-de-servicos"}],"about":[{"href":"http:\/\/www.apucarana.pr.gov.br\/site\/wp-json\/wp\/v2\/types\/carta-de-servicos"}],"wp:attachment":[{"href":"http:\/\/www.apucarana.pr.gov.br\/site\/wp-json\/wp\/v2\/media?parent=56175"}],"curies":[{"name":"wp","href":"https:\/\/api.w.org\/{rel}","templated":true}]}}

Uso do Espaço Público

<p>Solicitação de autorização para fins de uso do espaço público</p>
