{"id":56173,"date":"2022-01-04T15:34:02","date_gmt":"2022-01-04T18:34:02","guid":{"rendered":"http:\/\/www.apucarana.pr.gov.br\/site\/?post_type=carta-de-servicos&#038;p=56173"},"modified":"2022-03-03T15:01:37","modified_gmt":"2022-03-03T18:01:37","slug":"uso-de-via-publica-interdicao","status":"publish","type":"carta-de-servicos","link":"http:\/\/www.apucarana.pr.gov.br\/site\/carta-de-servicos\/uso-de-via-publica-interdicao\/","title":{"rendered":"Uso de Via P\u00fablica &#8211; Interdi\u00e7\u00e3o"},"content":{"rendered":"<p>Solicita\u00e7\u00e3o de autoriza\u00e7\u00e3o para fins de uso de via p\u00fablica<\/p>\n","protected":false},"template":"","meta":[],"class_list":["post-56173","carta-de-servicos","type-carta-de-servicos","status-publish","hentry"],"acf":[],"_links":{"self":[{"href":"http:\/\/www.apucarana.pr.gov.br\/site\/wp-json\/wp\/v2\/carta-de-servicos\/56173","targetHints":{"allow":["GET"]}}],"collection":[{"href":"http:\/\/www.apucarana.pr.gov.br\/site\/wp-json\/wp\/v2\/carta-de-servicos"}],"about":[{"href":"http:\/\/www.apucarana.pr.gov.br\/site\/wp-json\/wp\/v2\/types\/carta-de-servicos"}],"wp:attachment":[{"href":"http:\/\/www.apucarana.pr.gov.br\/site\/wp-json\/wp\/v2\/media?parent=56173"}],"curies":[{"name":"wp","href":"https:\/\/api.w.org\/{rel}","templated":true}]}}

Uso de Via Pública &#8211; Interdição

<p>Solicitação de autorização para fins de uso de via pública</p>
