{"id":56142,"date":"2022-01-04T11:56:32","date_gmt":"2022-01-04T14:56:32","guid":{"rendered":"http:\/\/www.apucarana.pr.gov.br\/site\/?post_type=carta-de-servicos&#038;p=56142"},"modified":"2022-05-02T15:28:30","modified_gmt":"2022-05-02T18:28:30","slug":"carteira-de-identificacao-da-pessoa-com-transtorno-do-espectro-autista","status":"publish","type":"carta-de-servicos","link":"http:\/\/www.apucarana.pr.gov.br\/site\/carta-de-servicos\/carteira-de-identificacao-da-pessoa-com-transtorno-do-espectro-autista\/","title":{"rendered":"Carteira de Identifica\u00e7\u00e3o da Pessoa com Transtorno do Espectro Autista"},"content":{"rendered":"<p>A emiss\u00e3o da Carteira do Autista pelo Governo do Paran\u00e1 atende \u00e0 lei federal n\u00ba 13.977\/2019, publicada em 9 de janeiro no Di\u00e1rio Oficial da Uni\u00e3o. Garante inclus\u00e3o e facilidade de impress\u00e3o, dando condi\u00e7\u00f5es para que autistas, suas fam\u00edlias, m\u00e3es de autistas, acessam a prioridade nos servi\u00e7os com maior agilidade<\/p>\n","protected":false},"template":"","meta":[],"class_list":["post-56142","carta-de-servicos","type-carta-de-servicos","status-publish","hentry"],"acf":[],"_links":{"self":[{"href":"http:\/\/www.apucarana.pr.gov.br\/site\/wp-json\/wp\/v2\/carta-de-servicos\/56142","targetHints":{"allow":["GET"]}}],"collection":[{"href":"http:\/\/www.apucarana.pr.gov.br\/site\/wp-json\/wp\/v2\/carta-de-servicos"}],"about":[{"href":"http:\/\/www.apucarana.pr.gov.br\/site\/wp-json\/wp\/v2\/types\/carta-de-servicos"}],"wp:attachment":[{"href":"http:\/\/www.apucarana.pr.gov.br\/site\/wp-json\/wp\/v2\/media?parent=56142"}],"curies":[{"name":"wp","href":"https:\/\/api.w.org\/{rel}","templated":true}]}}

Carteira de Identificação da Pessoa com Transtorno do Espectro Autista

<p>A emissão da Carteira do Autista pelo Governo do Paraná atende à lei federal nº 13.977/2019, publicada em 9 de janeiro no Diário Oficial da União. Garante inclusão e facilidade de impressão, dando condições para que autistas, suas famílias, mães de autistas, acessam a prioridade nos serviços com maior agilidade</p>
