{"id":56030,"date":"2022-01-03T15:40:04","date_gmt":"2022-01-03T18:40:04","guid":{"rendered":"http:\/\/www.apucarana.pr.gov.br\/site\/?post_type=carta-de-servicos&#038;p=56030"},"modified":"2022-05-02T15:25:43","modified_gmt":"2022-05-02T18:25:43","slug":"acolhimento-institucional","status":"publish","type":"carta-de-servicos","link":"http:\/\/www.apucarana.pr.gov.br\/site\/carta-de-servicos\/acolhimento-institucional\/","title":{"rendered":"Acolhimento Institucional"},"content":{"rendered":"<p>O acolhimento institucional \u00e9 um dos servi\u00e7os de Prote\u00e7\u00e3o Social Especial de Alta Complexidade do Sistema \u00danico de Assist\u00eancia Social. Seu principal objetivo \u00e9 promover o acolhimento de fam\u00edlias ou indiv\u00edduos com v\u00ednculos familiares rompidos ou fragilizados, de forma a garantir sua prote\u00e7\u00e3o integral. A prote\u00e7\u00e3o integral a indiv\u00edduos ou fam\u00edlias em situa\u00e7\u00e3o de risco pessoal e social, com v\u00ednculos familiares rompidos ou extremamente fragilizados, por meio de servi\u00e7os que garantam moradia, alimenta\u00e7\u00e3o, higieniza\u00e7\u00e3o e trabalho protegido para fam\u00edlias e indiv\u00edduos que se encontram sem refer\u00eancia e, ou, em situa\u00e7\u00e3o de amea\u00e7a, e necessitam ser retirados de seu n\u00facleo familiar e\/ou, comunit\u00e1rio. Em Apucarana, o acolhimento institucional \u00e9 ofertado nas modalidades:<\/p>\n<ul>\n<li>Acolhimento institucional para crian\u00e7as e adolescentes<\/li>\n<li>Acolhimento institucional para pessoas com defici\u00eancia<\/li>\n<li>Acolhimento institucional de longa perman\u00eancia para idoso<\/li>\n<li>Acolhimento institucional para adolescentes<\/li>\n<\/ul>\n","protected":false},"template":"","meta":[],"class_list":["post-56030","carta-de-servicos","type-carta-de-servicos","status-publish","hentry"],"acf":[],"_links":{"self":[{"href":"http:\/\/www.apucarana.pr.gov.br\/site\/wp-json\/wp\/v2\/carta-de-servicos\/56030","targetHints":{"allow":["GET"]}}],"collection":[{"href":"http:\/\/www.apucarana.pr.gov.br\/site\/wp-json\/wp\/v2\/carta-de-servicos"}],"about":[{"href":"http:\/\/www.apucarana.pr.gov.br\/site\/wp-json\/wp\/v2\/types\/carta-de-servicos"}],"wp:attachment":[{"href":"http:\/\/www.apucarana.pr.gov.br\/site\/wp-json\/wp\/v2\/media?parent=56030"}],"curies":[{"name":"wp","href":"https:\/\/api.w.org\/{rel}","templated":true}]}}

<p>O acolhimento institucional é um dos serviços de Proteção Social Especial de Alta Complexidade do Sistema Único de Assistência Social. Seu principal objetivo é promover o acolhimento de famílias ou indivíduos com vínculos familiares rompidos ou fragilizados, de forma a garantir sua proteção integral. A proteção integral a indivíduos ou famílias em situação de risco pessoal e social, com vínculos familiares rompidos ou extremamente fragilizados, por meio de serviços que garantam moradia, alimentação, higienização e trabalho protegido para famílias e indivíduos que se encontram sem referência e, ou, em situação de ameaça, e necessitam ser retirados de seu núcleo familiar e/ou, comunitário. Em Apucarana, o acolhimento institucional é ofertado nas modalidades:</p>
<ul>
<li>Acolhimento institucional para crianças e adolescentes</li>
<li>Acolhimento institucional para pessoas com deficiência</li>
<li>Acolhimento institucional de longa permanência para idoso</li>
<li>Acolhimento institucional para adolescentes</li>
</ul>
