{"id":56028,"date":"2022-01-03T15:36:34","date_gmt":"2022-01-03T18:36:34","guid":{"rendered":"http:\/\/www.apucarana.pr.gov.br\/site\/?post_type=carta-de-servicos&#038;p=56028"},"modified":"2022-01-11T08:35:07","modified_gmt":"2022-01-11T11:35:07","slug":"centro-dia","status":"publish","type":"carta-de-servicos","link":"http:\/\/www.apucarana.pr.gov.br\/site\/carta-de-servicos\/centro-dia\/","title":{"rendered":"Centro Dia"},"content":{"rendered":"<p><span dir=\"ltr\" role=\"presentation\">O Centro Dia \u00e9 destinado ao atendimento especializado a pessoas idosas e a pessoas <\/span><span dir=\"ltr\" role=\"presentation\">com defici\u00eancia que tenham algum grau de depend\u00eancia de cuidados. O servi\u00e7o oferece atividades de <\/span><span dir=\"ltr\" role=\"presentation\">artesanato, cultura, lazer, conviv\u00eancia, sa\u00fade e educa\u00e7\u00e3o f\u00edsica. O transporte para a unidade \u00e9 realizado pela <\/span><span dir=\"ltr\" role=\"presentation\">equipe do centro dia e as atividades s\u00e3o realizadas em hor\u00e1rio comercial, para promover \u00e0s fam\u00edlias apoio na <\/span><span dir=\"ltr\" role=\"presentation\">presta\u00e7\u00e3o dos cuidados. O servi\u00e7o tamb\u00e9m promove a oferta de caf\u00e9 da manh\u00e3, almo\u00e7o e caf\u00e9 da tarde para os <\/span><span dir=\"ltr\" role=\"presentation\">participantes. Por meio das atividades di\u00e1rias, busca-se evitar o isolamento social, o abandono e a necessidade <\/span><span dir=\"ltr\" role=\"presentation\">de acolhimento. As equipes profissionais do Centro Dia compartilham, com os <\/span><span dir=\"ltr\" role=\"presentation\">cuidadores das fam\u00edlias, os cuidados necess\u00e1rios ao atendimento de idosos e de pessoas com defici\u00eancia. <\/span><span dir=\"ltr\" role=\"presentation\">Com o apoio encontrado no Centro Dia, torna-se mais f\u00e1cil a inclus\u00e3o e a participa\u00e7\u00e3o social.<\/span><\/p>\n","protected":false},"template":"","meta":[],"class_list":["post-56028","carta-de-servicos","type-carta-de-servicos","status-publish","hentry"],"acf":[],"_links":{"self":[{"href":"http:\/\/www.apucarana.pr.gov.br\/site\/wp-json\/wp\/v2\/carta-de-servicos\/56028","targetHints":{"allow":["GET"]}}],"collection":[{"href":"http:\/\/www.apucarana.pr.gov.br\/site\/wp-json\/wp\/v2\/carta-de-servicos"}],"about":[{"href":"http:\/\/www.apucarana.pr.gov.br\/site\/wp-json\/wp\/v2\/types\/carta-de-servicos"}],"wp:attachment":[{"href":"http:\/\/www.apucarana.pr.gov.br\/site\/wp-json\/wp\/v2\/media?parent=56028"}],"curies":[{"name":"wp","href":"https:\/\/api.w.org\/{rel}","templated":true}]}}

<p><span dir="ltr" role="presentation">O Centro Dia é destinado ao atendimento especializado a pessoas idosas e a pessoas </span><span dir="ltr" role="presentation">com deficiência que tenham algum grau de dependência de cuidados. O serviço oferece atividades de </span><span dir="ltr" role="presentation">artesanato, cultura, lazer, convivência, saúde e educação física. O transporte para a unidade é realizado pela </span><span dir="ltr" role="presentation">equipe do centro dia e as atividades são realizadas em horário comercial, para promover às famílias apoio na </span><span dir="ltr" role="presentation">prestação dos cuidados. O serviço também promove a oferta de café da manhã, almoço e café da tarde para os </span><span dir="ltr" role="presentation">participantes. Por meio das atividades diárias, busca-se evitar o isolamento social, o abandono e a necessidade </span><span dir="ltr" role="presentation">de acolhimento. As equipes profissionais do Centro Dia compartilham, com os </span><span dir="ltr" role="presentation">cuidadores das famílias, os cuidados necessários ao atendimento de idosos e de pessoas com deficiência. </span><span dir="ltr" role="presentation">Com o apoio encontrado no Centro Dia, torna-se mais fácil a inclusão e a participação social.</span></p>
