{"id":56027,"date":"2022-01-03T15:33:50","date_gmt":"2022-01-03T18:33:50","guid":{"rendered":"http:\/\/www.apucarana.pr.gov.br\/site\/?post_type=carta-de-servicos&#038;p=56027"},"modified":"2022-05-02T15:32:21","modified_gmt":"2022-05-02T18:32:21","slug":"centro-pop-centro-de-referencia-especializado-para-pessoas-em-situacao-de-rua","status":"publish","type":"carta-de-servicos","link":"http:\/\/www.apucarana.pr.gov.br\/site\/carta-de-servicos\/centro-pop-centro-de-referencia-especializado-para-pessoas-em-situacao-de-rua\/","title":{"rendered":"Centro POP &#8211; Centro de Refer\u00eancia Especializado para Pessoas em Situa\u00e7\u00e3o de Rua"},"content":{"rendered":"<p>O Servi\u00e7o Especializado para Pessoas em Situa\u00e7\u00e3o de Rua (Centro POP) tem como objetivo assegurar atendimento e realizar atividades direcionadas para o desenvolvimento de sociabilidades com pessoas que moram na rua, na perspectiva de fortalecimento de v\u00ednculos interpessoais e\/ou familiares que oportunizem a constru\u00e7\u00e3o de novos projetos de vida. \u00c9 ofertado para pessoas que utilizam as ruas como espa\u00e7o de moradia e\/ou sobreviv\u00eancia. Oferece trabalho t\u00e9cnico para a an\u00e1lise das demandas dos usu\u00e1rios, orienta\u00e7\u00e3o individual e grupal e encaminhamentos a outros servi\u00e7os s\u00f3cio assistenciais e das demais pol\u00edticas p\u00fablicas que possam contribuir na constru\u00e7\u00e3o da autonomia, da inser\u00e7\u00e3o social e da prote\u00e7\u00e3o \u00e0s situa\u00e7\u00f5es de viol\u00eancia.<\/p>\n","protected":false},"template":"","meta":[],"class_list":["post-56027","carta-de-servicos","type-carta-de-servicos","status-publish","hentry"],"acf":[],"_links":{"self":[{"href":"http:\/\/www.apucarana.pr.gov.br\/site\/wp-json\/wp\/v2\/carta-de-servicos\/56027","targetHints":{"allow":["GET"]}}],"collection":[{"href":"http:\/\/www.apucarana.pr.gov.br\/site\/wp-json\/wp\/v2\/carta-de-servicos"}],"about":[{"href":"http:\/\/www.apucarana.pr.gov.br\/site\/wp-json\/wp\/v2\/types\/carta-de-servicos"}],"wp:attachment":[{"href":"http:\/\/www.apucarana.pr.gov.br\/site\/wp-json\/wp\/v2\/media?parent=56027"}],"curies":[{"name":"wp","href":"https:\/\/api.w.org\/{rel}","templated":true}]}}

Centro POP &#8211; Centro de Referência Especializado para Pessoas em Situação de Rua

<p>O Serviço Especializado para Pessoas em Situação de Rua (Centro POP) tem como objetivo assegurar atendimento e realizar atividades direcionadas para o desenvolvimento de sociabilidades com pessoas que moram na rua, na perspectiva de fortalecimento de vínculos interpessoais e/ou familiares que oportunizem a construção de novos projetos de vida. É ofertado para pessoas que utilizam as ruas como espaço de moradia e/ou sobrevivência. Oferece trabalho técnico para a análise das demandas dos usuários, orientação individual e grupal e encaminhamentos a outros serviços sócio assistenciais e das demais políticas públicas que possam contribuir na construção da autonomia, da inserção social e da proteção às situações de violência.</p>
