{"id":201,"date":"2016-10-21T15:49:55","date_gmt":"2016-10-21T17:49:55","guid":{"rendered":"http:\/\/www.apucarana.pr.gov.br\/ame\/?page_id=201"},"modified":"2022-07-07T09:13:34","modified_gmt":"2022-07-07T12:13:34","slug":"fale-com-a-ame","status":"publish","type":"page","link":"http:\/\/www.apucarana.pr.gov.br\/ame\/fale-com-a-ame\/","title":{"rendered":"Fale com a AME"},"content":{"rendered":"<blockquote><p>Envie sua pergunta, solita\u00e7\u00e3o, reclama\u00e7\u00e3o ou sugest\u00e3o \u00e0 Autarquia Municipal de Educa\u00e7\u00e3o preenchendo o formul\u00e1rio abaixo.<\/p>\n<p>\u00c9 indispens\u00e1vel informar corretamente o nome (com sobrenome) e as formas de contato para eventuais esclarecimentos de d\u00favidas e registro de sua solicita\u00e7\u00e3o no sistema de chamados.<\/p>\n<p><b>TODOS OS CAMPOS (EXCETO TELEFONE) S\u00c3O DE PREENCHIMENTO OBRIGAT\u00d3RIO.<\/b><\/p><\/blockquote>\n<div class=\"caldera-grid\" id=\"caldera_form_1\" data-cf-ver=\"1.4.3.1\" data-cf-form-id=\"CF580a5b1ebd2a7\"><div id=\"caldera_notices_1\" data-spinner=\"http:\/\/www.apucarana.pr.gov.br\/ame\/wp-admin\/images\/spinner.gif\"><\/div><form data-instance=\"1\" class=\"CF580a5b1ebd2a7 caldera_forms_form cfajax-trigger\" method=\"POST\" enctype=\"multipart\/form-data\" role=\"form\" id=\"CF580a5b1ebd2a7_1\" data-target=\"#caldera_notices_1\" data-template=\"#cfajax_CF580a5b1ebd2a7-tmpl\" data-cfajax=\"CF580a5b1ebd2a7\" data-load-element=\"_parent\" data-load-class=\"cf_processing\" data-post-disable=\"0\" data-action=\"cf_process_ajax_submit\" data-request=\"http:\/\/www.apucarana.pr.gov.br\/ame\/cf-api\/CF580a5b1ebd2a7\">\r\n<input type=\"hidden\" id=\"_cf_verify\" name=\"_cf_verify\" value=\"026850f43d\" \/><input type=\"hidden\" name=\"_wp_http_referer\" value=\"\/ame\/wp-json\/wp\/v2\/pages\/201\" \/><input type=\"hidden\" name=\"_cf_frm_id\" value=\"CF580a5b1ebd2a7\">\r\n<input type=\"hidden\" name=\"_cf_frm_ct\" value=\"1\">\r\n<input type=\"hidden\" name=\"cfajax\" value=\"CF580a5b1ebd2a7\">\r\n<input type=\"hidden\" name=\"_cf_cr_pst\" value=\"201\">\r\n<div class=\"hide\" style=\"display:none; overflow:hidden;height:0;width:0;\">\r\n<label>Email<\/label><input type=\"text\" name=\"email\" value=\"\" autocomplete=\"off\">\r\n<\/div><div  class=\"row  first_row\"><div  class=\"col-xs-12  single\"><div role=\"field\" data-field-wrapper=\"fld_8768091\" class=\"form-group\">\r\n\t<label id=\"fld_8768091Label\" for=\"fld_8768091_1\" class=\"control-label\">Nome <span aria-hidden=\"true\" role=\"presentation\" class=\"field_required\" style=\"color:#ff2222;\">*<\/span><\/label>\r\n\t<div class=\"\">\r\n\t\t<input placeholder=\"Nome Completo\" type=\"text\" data-field=\"fld_8768091\" class=\"form-control\" id=\"fld_8768091_1\" name=\"fld_8768091\" value=\"\" required=\"required\"  aria-labelledby=\"fld_8768091Label\">\n\t\t\t<\/div>\r\n<\/div>\r\n<div role=\"field\" data-field-wrapper=\"fld_6009157\" class=\"form-group\">\r\n\t<label id=\"fld_6009157Label\" for=\"fld_6009157_1\" class=\"control-label\">E-mail <span aria-hidden=\"true\" role=\"presentation\" class=\"field_required\" style=\"color:#ff2222;\">*<\/span><\/label>\r\n\t<div class=\"\">\r\n\t\t<input  type=\"email\" data-field=\"fld_6009157\" class=\"form-control\" id=\"fld_6009157_1\" name=\"fld_6009157\" value=\"\" required=\"required\"  aria-labelledby=\"fld_6009157Label\">\n\t\t\t<\/div>\r\n<\/div>\r\n<\/div><\/div><div  class=\"row \"><div  class=\"col-xs-12  single\"><div role=\"field\" data-field-wrapper=\"fld_3850067\" class=\"form-group\">\r\n\t<label id=\"fld_3850067Label\" for=\"fld_3850067_1\" class=\"control-label\">Endere\u00e7o <span aria-hidden=\"true\" role=\"presentation\" class=\"field_required\" style=\"color:#ff2222;\">*<\/span><\/label>\r\n\t<div class=\"\">\r\n\t\t<input  type=\"text\" data-field=\"fld_3850067\" class=\"form-control\" id=\"fld_3850067_1\" name=\"fld_3850067\" value=\"\" required=\"required\"  aria-labelledby=\"fld_3850067Label\">\n\t\t\t<\/div>\r\n<\/div>\r\n<div role=\"field\" data-field-wrapper=\"fld_8756250\" class=\"form-group\">\r\n\t<label id=\"fld_8756250Label\" for=\"fld_8756250_1\" class=\"control-label\">Telefone<\/label>\r\n\t<div class=\"\">\r\n\t\t<input  type=\"text\" data-inputmask=\"'mask': '[9{*}]'\" data-field=\"fld_8756250\" class=\"form-control\" id=\"fld_8756250_1\" name=\"fld_8756250\" value=\"\"   aria-labelledby=\"fld_8756250Label\">\n\t\t\t<\/div>\r\n<\/div>\r\n<div role=\"field\" data-field-wrapper=\"fld_756090\" class=\"form-group\">\r\n\t<label id=\"fld_756090Label\" for=\"fld_756090_1\" class=\"control-label\">Cidade <span aria-hidden=\"true\" role=\"presentation\" class=\"field_required\" style=\"color:#ff2222;\">*<\/span><\/label>\r\n\t<div class=\"\">\r\n\t\t<input  type=\"text\" data-field=\"fld_756090\" class=\"form-control\" id=\"fld_756090_1\" name=\"fld_756090\" value=\"\" required=\"required\"  aria-labelledby=\"fld_756090Label\">\n\t\t\t<\/div>\r\n<\/div>\r\n<\/div><\/div><div  class=\"row \"><div  class=\"col-xs-12  single\"><div role=\"field\" data-field-wrapper=\"fld_7683514\" class=\"form-group\">\r\n\t<label id=\"fld_7683514Label\" for=\"fld_7683514_1\" class=\"control-label\">Mensagem <span aria-hidden=\"true\" role=\"presentation\" class=\"field_required\" style=\"color:#ff2222;\">*<\/span><\/label>\r\n\t<div class=\"\">\r\n\t\t<textarea  data-field=\"fld_7683514\"  class=\"form-control\" rows=\"7\" id=\"fld_7683514_1\" name=\"fld_7683514\" required=\"required\"  aria-labelledby=\"fld_7683514Label\"><\/textarea>\n\t\t\t<\/div>\r\n<\/div>\r\n<\/div><\/div><div  class=\"row  last_row\"><div  class=\"col-xs-12  single\"><script>\t\n\twindow.addEventListener(\"load\", function(){\n\n\t\tjQuery(document).on('click dblclick', '#fld_7908577_1', function( e ){\n\t\t\tjQuery('#fld_7908577_1_btn').val( e.type ).trigger('change');\n\t\t});\n\n\t});\n<\/script>\n<div role=\"field\" data-field-wrapper=\"fld_7908577\" class=\"form-group\">\r\n<div class=\"\">\r\n<input data-field=\"fld_7908577\"  class=\"btn btn-success\" type=\"submit\" name=\"fld_7908577_btn\" value=\"Enviar\" id=\"fld_7908577_1\"  aria-labelledby=\"fld_7908577Label\">\n<\/div>\r\n<\/div>\r\n<input class=\"button_trigger_1\" type=\"hidden\" data-field=\"fld_7908577\" id=\"fld_7908577_1_btn\" name=\"fld_7908577\" value=\"\">\n<\/div><\/div><\/form>\r\n<\/div>\r\n\n<p>&nbsp;<\/p>\n<div class = 'socialMediaOnEveryPost'>Compartilhe<div id=\"sgmbShare1-1\" class=\"sgmbShare jssocials-theme-classic sgmbWidget1-1\"><\/div><div class=\"dropdownWrapper dropdownWrapper1 dropdownWrapper-for-widget \" id=\"dropdownWrapper-for-widget\">\r\n\t\t\t\t\t\t<div class=\"dropdownLabel\" id=\"dropdownLabel-share-list\"><span class=\"sgmbButtonListLabel1\">Share List<\/span><\/div>\r\n\t\t\t\t\t\t<div class=\"dropdownPanel dropdownPanel1-1\">\r\n\t\t\t\t\t\t<\/div>\r\n\t\t\t\t\t<\/div><script>  SGMB_URL = \"http:\/\/www.apucarana.pr.gov.br\/ame\/wp-content\/plugins\/social-media-builder\/\"; jQuery(\".dropdownWrapper\").hide(); SGMB_GOOGLE_ACOUNT = \"\"; <\/script><script type=\"text\/javascript\">\r\n\t\tjQuery(document).ready(function($){var widget = new SGMBWidget();widget.show({\"id\":\"1\",\"title\":\"Face\\\/Twitter\",\"options\":{\"currentUrl\":\"1\",\"url\":\"\",\"shareText\":\"\",\"fontSize\":\"14\",\"betweenButtons\":\"1px\",\"theme\":\"classic\",\"sgmbButtonsPosition\":\"bottomLeft\",\"socialTheme\":\"\",\"icon\":\"default\",\"buttonsPanelEffect\":\"No Effect\",\"buttonsEffect\":\"No Effect\",\"iconsEffect\":\"No Effect\",\"buttons\":\"{\\\"facebook\\\":{\\\"label\\\":\\\"Share\\\",\\\"icon\\\":\\\"default-facebook\\\"},\\\"twitter\\\":{\\\"label\\\":\\\"Tweet\\\",\\\"icon\\\":\\\"default-twitter\\\",\\\"via\\\":\\\"\\\",\\\"hashtags\\\":\\\"\\\"}}\",\"roundButton\":\"\",\"showLabels\":\"\",\"showCounts\":\"\",\"showCenter\":\"\",\"showButtonsAsList\":\"\",\"sgmbDropdownColor\":\"\",\"sgmbDropdownLabelFontSize\":\"14\",\"sgmbDropdownLabelColor\":\"\",\"showButtonsOnEveryPost\":\"on\",\"selectedOrExcluded\":\"\",\"showButtonsOnEveryPage\":\"\",\"textOnEveryPost\":\"Compartilhe\",\"showButtonsOnCustomPost\":\"\",\"textOnCustomPost\":\"\",\"showButtonsOnMobileDirect\":\"on\",\"showButtonsOnDesktopDirect\":\"on\",\"sgmbSelectedPages\":[\"\"],\"sgmbExcludedPosts\":[\"\"],\"sgmbSelectedCustomPosts\":[],\"showButtonsInPopup\":\"\",\"titleOfPopup\":\"\",\"descriptionOfPopup\":\"\",\"showPopupOnLoad\":\"\",\"showPopupOnScroll\":\"\",\"showPopupOnExit\":\"\",\"openSecondsOfPopup\":\"\",\"googleAnaliticsAccount\":\"\"},\"buttonOptions\":{\"facebook\":{\"label\":\"Share\",\"icon\":\"default-facebook\"},\"twitter\":{\"label\":\"Tweet\",\"icon\":\"default-twitter\",\"via\":\"\",\"hashtags\":\"\"}},\"button\":[\"facebook\",\"twitter\"]}, 1, '', 'http:\/\/www.apucarana.pr.gov.br\/ame\/wp-content\/plugins\/social-media-builder\/\/img\/no-image.png', '', 'http:\/\/www.apucarana.pr.gov.br\/ame\/fale-com-a-ame\/'); });<\/script><\/div><script> jQuery(\".socialMediaOnEveryPost\").addClass(\"sgmb-left\") <\/script>","protected":false},"excerpt":{"rendered":"<p>Envie sua pergunta, solita\u00e7\u00e3o, reclama\u00e7\u00e3o ou sugest\u00e3o \u00e0 Autarquia Municipal de Educa\u00e7\u00e3o preenchendo o formul\u00e1rio abaixo. \u00c9 indispens\u00e1vel informar corretamente o nome (com sobrenome) e as formas de contato para eventuais esclarecimentos de d\u00favidas e registro de sua solicita\u00e7\u00e3o no sistema de chamados. TODOS OS CAMPOS (EXCETO TELEFONE) S\u00c3O DE&hellip; <\/p>\n","protected":false},"author":1,"featured_media":0,"parent":0,"menu_order":0,"comment_status":"closed","ping_status":"closed","template":"","meta":[],"_links":{"self":[{"href":"http:\/\/www.apucarana.pr.gov.br\/ame\/wp-json\/wp\/v2\/pages\/201"}],"collection":[{"href":"http:\/\/www.apucarana.pr.gov.br\/ame\/wp-json\/wp\/v2\/pages"}],"about":[{"href":"http:\/\/www.apucarana.pr.gov.br\/ame\/wp-json\/wp\/v2\/types\/page"}],"author":[{"embeddable":true,"href":"http:\/\/www.apucarana.pr.gov.br\/ame\/wp-json\/wp\/v2\/users\/1"}],"replies":[{"embeddable":true,"href":"http:\/\/www.apucarana.pr.gov.br\/ame\/wp-json\/wp\/v2\/comments?post=201"}],"version-history":[{"count":2,"href":"http:\/\/www.apucarana.pr.gov.br\/ame\/wp-json\/wp\/v2\/pages\/201\/revisions"}],"predecessor-version":[{"id":5934,"href":"http:\/\/www.apucarana.pr.gov.br\/ame\/wp-json\/wp\/v2\/pages\/201\/revisions\/5934"}],"wp:attachment":[{"href":"http:\/\/www.apucarana.pr.gov.br\/ame\/wp-json\/wp\/v2\/media?parent=201"}],"curies":[{"name":"wp","href":"https:\/\/api.w.org\/{rel}","templated":true}]}}